{"id":35790,"date":"2021-10-16T18:19:38","date_gmt":"2021-10-16T16:19:38","guid":{"rendered":"https:\/\/andersa6.sg-host.com\/goteborg\/?page_id=35790"},"modified":"2026-02-11T15:14:06","modified_gmt":"2026-02-11T14:14:06","slug":"historia","status":"publish","type":"page","link":"https:\/\/marinkamraterna.se\/goteborg\/om-foreningen\/historia\/","title":{"rendered":"Historia"},"content":{"rendered":"<p>[et_pb_section fb_built=&#8221;1&#8243; admin_label=&#8221;section&#8221; _builder_version=&#8221;4.16&#8243; global_colors_info=&#8221;{}&#8221;][et_pb_row column_structure=&#8221;1_2,1_2&#8243; admin_label=&#8221;row&#8221; _builder_version=&#8221;4.16&#8243; background_size=&#8221;initial&#8221; background_position=&#8221;top_left&#8221; background_repeat=&#8221;repeat&#8221; global_colors_info=&#8221;{}&#8221;][et_pb_column type=&#8221;1_2&#8243; _builder_version=&#8221;4.16&#8243; custom_padding=&#8221;|||&#8221; global_colors_info=&#8221;{}&#8221; custom_padding__hover=&#8221;|||&#8221;][et_pb_text admin_label=&#8221;Text&#8221; _builder_version=&#8221;4.27.5&#8243; background_size=&#8221;initial&#8221; background_position=&#8221;top_left&#8221; background_repeat=&#8221;repeat&#8221; hover_enabled=&#8221;0&#8243; global_colors_info=&#8221;{}&#8221; sticky_enabled=&#8221;0&#8243;]<\/p>\n<h4 style=\"text-align: left\">\u00a0<\/h4>\n<h4 style=\"text-align: left\">Flottans M\u00e4n G\u00f6teborgs Marinstuga<br \/>byggdes om och till av ett antal FM<br \/>entusiaster 1987.<br \/>Klicka p\u00e5 l\u00e4nken nedan f\u00f6r att l\u00e4sa<br \/>om och f\u00f6lja bygget<\/h4>\n<h4 style=\"text-align: left\"><strong><a href=\"http:\/\/marinkamraterna.se\/goteborg\/wp-content\/uploads\/sites\/15\/2021\/10\/Marinstugan-1.pdf\" target=\"_blank\" rel=\"noopener\">Till bygget<\/a><\/strong><\/h4>\n<p>[\/et_pb_text][\/et_pb_column][et_pb_column type=&#8221;1_2&#8243; _builder_version=&#8221;4.16&#8243; custom_padding=&#8221;|||&#8221; global_colors_info=&#8221;{}&#8221; custom_padding__hover=&#8221;|||&#8221;][et_pb_image src=&#8221;https:\/\/marinkamraterna.se\/goteborg\/wp-content\/uploads\/sites\/15\/2026\/02\/Bild1.png&#8221; title_text=&#8221;Bild1&#8243; _builder_version=&#8221;4.27.5&#8243; _module_preset=&#8221;default&#8221; global_colors_info=&#8221;{}&#8221;][\/et_pb_image][\/et_pb_column][\/et_pb_row][\/et_pb_section]<\/p>\n","protected":false},"excerpt":{"rendered":"<p>\u00a0 Flottans M\u00e4n G\u00f6teborgs Marinstugabyggdes om och till av ett antal FMentusiaster 1987.Klicka p\u00e5 l\u00e4nken nedan f\u00f6r att l\u00e4saom och f\u00f6lja bygget Till bygget<\/p>\n","protected":false},"author":12,"featured_media":0,"parent":33152,"menu_order":0,"comment_status":"closed","ping_status":"closed","template":"","meta":{"_et_pb_use_builder":"on","_et_pb_old_content":"<h1 style=\"text-align: center\">Flottans M\u00e4n G\u00f6teborgs\u00a0Marinstuga byggdes om och till av ett antal FM entusiaster 1987.\r\nKlicka p\u00e5 l\u00e4nken nedan f\u00f6r att l\u00e4sa om och f\u00f6lja bygget<\/h1>\r\n<h1 style=\"text-align: center\"><a href=\"http:\/\/marinkamraterna.se\/goteborg\/wp-content\/uploads\/sites\/15\/2021\/10\/Marinstugan-1.pdf\" target=\"_blank\" rel=\"noopener\">Till bygget<\/a><\/h1>","_et_gb_content_width":"","iawp_total_views":287,"footnotes":""},"class_list":["post-35790","page","type-page","status-publish","hentry"],"_links":{"self":[{"href":"https:\/\/marinkamraterna.se\/goteborg\/wp-json\/wp\/v2\/pages\/35790","targetHints":{"allow":["GET"]}}],"collection":[{"href":"https:\/\/marinkamraterna.se\/goteborg\/wp-json\/wp\/v2\/pages"}],"about":[{"href":"https:\/\/marinkamraterna.se\/goteborg\/wp-json\/wp\/v2\/types\/page"}],"author":[{"embeddable":true,"href":"https:\/\/marinkamraterna.se\/goteborg\/wp-json\/wp\/v2\/users\/12"}],"replies":[{"embeddable":true,"href":"https:\/\/marinkamraterna.se\/goteborg\/wp-json\/wp\/v2\/comments?post=35790"}],"version-history":[{"count":12,"href":"https:\/\/marinkamraterna.se\/goteborg\/wp-json\/wp\/v2\/pages\/35790\/revisions"}],"predecessor-version":[{"id":42244,"href":"https:\/\/marinkamraterna.se\/goteborg\/wp-json\/wp\/v2\/pages\/35790\/revisions\/42244"}],"up":[{"embeddable":true,"href":"https:\/\/marinkamraterna.se\/goteborg\/wp-json\/wp\/v2\/pages\/33152"}],"wp:attachment":[{"href":"https:\/\/marinkamraterna.se\/goteborg\/wp-json\/wp\/v2\/media?parent=35790"}],"curies":[{"name":"wp","href":"https:\/\/api.w.org\/{rel}","templated":true}]}}