{"id":35800,"date":"2021-10-17T17:57:59","date_gmt":"2021-10-17T15:57:59","guid":{"rendered":"https:\/\/andersa6.sg-host.com\/goteborg\/?page_id=35800"},"modified":"2026-02-11T14:49:17","modified_gmt":"2026-02-11T13:49:17","slug":"de-rundade-kap-horn","status":"publish","type":"page","link":"https:\/\/marinkamraterna.se\/goteborg\/om-foreningen\/historia\/de-rundade-kap-horn\/","title":{"rendered":"De Rundade Kap Horn"},"content":{"rendered":"<p>[et_pb_section fb_built=&#8221;1&#8243; _builder_version=&#8221;4.16&#8243; global_colors_info=&#8221;{}&#8221;][et_pb_row column_structure=&#8221;1_3,1_3,1_3&#8243; _builder_version=&#8221;4.16&#8243; background_size=&#8221;initial&#8221; background_position=&#8221;top_left&#8221; background_repeat=&#8221;repeat&#8221; global_colors_info=&#8221;{}&#8221;][et_pb_column type=&#8221;1_3&#8243; _builder_version=&#8221;4.16&#8243; custom_padding=&#8221;|||&#8221; global_colors_info=&#8221;{}&#8221; custom_padding__hover=&#8221;|||&#8221;][et_pb_text _builder_version=&#8221;4.27.5&#8243; background_size=&#8221;initial&#8221; background_position=&#8221;top_left&#8221; background_repeat=&#8221;repeat&#8221; hover_enabled=&#8221;0&#8243; global_colors_info=&#8221;{}&#8221; sticky_enabled=&#8221;0&#8243; admin_label=&#8221;De rundade Kap Horn&#8221;]<\/p>\n<h3 style=\"text-align: left\" align=\"center\"><span style=\"color: #000000\"><strong>Lennart M\u00f6ller, en &#8221;Veteran&#8221;<\/strong><br \/>av rang har rensat i sina <\/span><br \/><span style=\"color: #000000\">g\u00f6mmor och hittat dessa gulnande tidningsurklipp fr\u00e5n <\/span><br \/><span style=\"color: #000000\">G\u00f6teborgsPosten som handlar<br \/>om de b\u00e5tar och m\u00e4n <\/span><br \/><span style=\"color: #000000\">som f\u00f6r l\u00e4nge sen\u00a0 rundande<\/span><br \/><span style=\"color: #000000\"> &#8221;Hornet&#8221; skrivet av en f\u00f6re detta Flottans m\u00e4n medlem<\/span><br \/><span style=\"color: #000000\"> Jan Davidsson, bortg\u00e5ngen sen<br \/>ett tiotal \u00e5r tillbaka.<\/span><br \/><span style=\"color: #000000\"> L\u00e4s mer p\u00e5 &#8221;Om f\u00f6reningen.<\/span><\/h3>\n<h4 style=\"text-align: left\" align=\"center\">GP 1 november 1992<\/h4>\n<hr \/>\n<p>&nbsp;<\/p>\n<p>[\/et_pb_text][\/et_pb_column][et_pb_column type=&#8221;1_3&#8243; _builder_version=&#8221;4.16&#8243; custom_padding=&#8221;|||&#8221; global_colors_info=&#8221;{}&#8221; custom_padding__hover=&#8221;|||&#8221;][et_pb_image src=&#8221;https:\/\/marinkamraterna.se\/goteborg\/wp-content\/uploads\/sites\/15\/2026\/02\/Bild1.jpg&#8221; title_text=&#8221;Bild1&#8243; admin_label=&#8221;GP 1 november 1992&#8243; _builder_version=&#8221;4.27.5&#8243; _module_preset=&#8221;default&#8221; global_colors_info=&#8221;{}&#8221;][\/et_pb_image][\/et_pb_column][et_pb_column type=&#8221;1_3&#8243; _builder_version=&#8221;4.16&#8243; custom_padding=&#8221;|||&#8221; global_colors_info=&#8221;{}&#8221; custom_padding__hover=&#8221;|||&#8221;][et_pb_image src=&#8221;https:\/\/marinkamraterna.se\/goteborg\/wp-content\/uploads\/sites\/15\/2026\/02\/Bild2.jpg&#8221; title_text=&#8221;Bild2&#8243; _builder_version=&#8221;4.27.5&#8243; _module_preset=&#8221;default&#8221; global_colors_info=&#8221;{}&#8221;][\/et_pb_image][\/et_pb_column][\/et_pb_row][\/et_pb_section]<\/p>\n","protected":false},"excerpt":{"rendered":"<p>Lennart M\u00f6ller, en &#8221;Veteran&#8221;av rang har rensat i sina g\u00f6mmor och hittat dessa gulnande tidningsurklipp fr\u00e5n G\u00f6teborgsPosten som handlarom de b\u00e5tar och m\u00e4n som f\u00f6r l\u00e4nge sen\u00a0 rundande &#8221;Hornet&#8221; skrivet av en f\u00f6re detta Flottans m\u00e4n medlem Jan Davidsson, bortg\u00e5ngen senett tiotal \u00e5r tillbaka. L\u00e4s mer p\u00e5 &#8221;Om f\u00f6reningen. GP 1 november 1992 &nbsp;<\/p>\n","protected":false},"author":12,"featured_media":0,"parent":35790,"menu_order":0,"comment_status":"closed","ping_status":"closed","template":"","meta":{"_et_pb_use_builder":"on","_et_pb_old_content":"<h2 align=\"center\">Lennart M\u00f6ller, en \"Veteran\" av rang har rensat i sina g\u00f6mmor och hittat dessa gulnande tidningsurklipp fr\u00e5n G\u00f6teborgsPosten som handlar om de b\u00e5tar och m\u00e4n som f\u00f6r l\u00e4nge sen\u00a0 rundande<br \/>\"Hornet\" skrivet av en f\u00f6redetta Flottans m\u00e4n medlem<br \/>Jan Davidsson, bortg\u00e5ngen sen ett tiotal \u00e5r tillbaka.<br \/>L\u00e4s mer p\u00e5 \"Om f\u00f6reningen.<\/h2><h4 style=\"text-align: center;\" align=\"left\">GP 1 november 1992<br \/><img class=\"alignnone size-medium wp-image-35821\" src=\"http:\/\/marinkamraterna.se\/goteborg\/wp-content\/uploads\/sites\/15\/2021\/10\/rev-Kap-Horn-1-1-436x600.jpg\" alt=\"\" width=\"436\" height=\"600\" \/><\/h4><hr \/><p>GP 2 november 1992<br \/><img class=\"alignnone size-medium wp-image-35820 aligncenter\" src=\"http:\/\/marinkamraterna.se\/goteborg\/wp-content\/uploads\/sites\/15\/2021\/10\/Rev-Kap-Horn-2-1-436x600.jpg\" alt=\"\" width=\"436\" height=\"600\" \/><\/p>","_et_gb_content_width":"","iawp_total_views":142,"footnotes":""},"class_list":["post-35800","page","type-page","status-publish","hentry"],"_links":{"self":[{"href":"https:\/\/marinkamraterna.se\/goteborg\/wp-json\/wp\/v2\/pages\/35800","targetHints":{"allow":["GET"]}}],"collection":[{"href":"https:\/\/marinkamraterna.se\/goteborg\/wp-json\/wp\/v2\/pages"}],"about":[{"href":"https:\/\/marinkamraterna.se\/goteborg\/wp-json\/wp\/v2\/types\/page"}],"author":[{"embeddable":true,"href":"https:\/\/marinkamraterna.se\/goteborg\/wp-json\/wp\/v2\/users\/12"}],"replies":[{"embeddable":true,"href":"https:\/\/marinkamraterna.se\/goteborg\/wp-json\/wp\/v2\/comments?post=35800"}],"version-history":[{"count":10,"href":"https:\/\/marinkamraterna.se\/goteborg\/wp-json\/wp\/v2\/pages\/35800\/revisions"}],"predecessor-version":[{"id":42231,"href":"https:\/\/marinkamraterna.se\/goteborg\/wp-json\/wp\/v2\/pages\/35800\/revisions\/42231"}],"up":[{"embeddable":true,"href":"https:\/\/marinkamraterna.se\/goteborg\/wp-json\/wp\/v2\/pages\/35790"}],"wp:attachment":[{"href":"https:\/\/marinkamraterna.se\/goteborg\/wp-json\/wp\/v2\/media?parent=35800"}],"curies":[{"name":"wp","href":"https:\/\/api.w.org\/{rel}","templated":true}]}}