{"id":37700,"date":"2022-03-29T22:19:19","date_gmt":"2022-03-29T20:19:19","guid":{"rendered":"https:\/\/marinkamraterna.se\/halmstad\/?page_id=37700"},"modified":"2022-11-03T11:22:33","modified_gmt":"2022-11-03T10:22:33","slug":"2022-st-och-kv-mote","status":"publish","type":"page","link":"https:\/\/marinkamraterna.se\/halmstad\/startsidan\/marinstugan\/2022-st-och-kv-mote\/","title":{"rendered":"2022 st  och kv m\u00f6te"},"content":{"rendered":"<h4><strong>Styrelse och kvartalsm\u00f6te<\/strong><\/h4>\n<h4><img loading=\"lazy\" decoding=\"async\" class=\"size-medium wp-image-37694 alignnone\" src=\"https:\/\/marinkamraterna.se\/halmstad\/wp-content\/uploads\/sites\/16\/2022\/03\/DSC07950-600x450.jpg\" alt=\"\" width=\"600\" height=\"450\" \/><\/h4>\n<h4>Flottans M\u00e4n avhandlade ett Styrelse och kvartalsm\u00f6te 9 jan 2022 i Marinstugan.<\/h4>\n<h4>Man kan lugnt s\u00e4ga att det fanns plats f\u00f6r fler, men pandemin har ju satt gr\u00e4nser.<\/h4>\n<h4>Vi som var d\u00e4r, 9 st. hade stort sv\u00e4ngrum och gott om tid till alla fr\u00e5gest\u00e4llningar.<\/h4>\n<h4>Efter m\u00f6tet bj\u00f6d Mats upp till en stor frukost med landg\u00e5ngar fr\u00e5n Regnb\u00e5gen.<\/h4>\n<h4>\u00a0\u00a0\u00a0\u00a0\u00a0\u00a0\u00a0\u00a0\u00a0\u00a0\u00a0\u00a0\u00a0\u00a0\u00a0\u00a0\u00a0\u00a0\u00a0\u00a0\u00a0\u00a0\u00a0\u00a0\u00a0\u00a0\u00a0\u00a0\u00a0\u00a0\u00a0\u00a0\u00a0\u00a0\u00a0\u00a0\u00a0\u00a0\u00a0\u00a0\u00a0\u00a0\u00a0\u00a0\u00a0\u00a0\u00a0\u00a0\u00a0\u00a0\u00a0\u00a0\u00a0\u00a0\u00a0\u00a0\u00a0\u00a0\u00a0\u00a0\u00a0\u00a0\u00a0\u00a0\u00a0\u00a0\u00a0\u00a0\u00a0\u00a0\u00a0\u00a0\u00a0\u00a0\u00a0\u00a0\u00a0\u00a0\u00a0\u00a0\u00a0\u00a0\u00a0\u00a0\u00a0\u00a0\u00a0\u00a0\u00a0\u00a0\u00a0\u00a0\u00a0\u00a0\u00a0\u00a0\u00a0\u00a0\u00a0\u00a0\u00a0\u00a0\u00a0\u00a0\u00a0\u00a0\u00a0\u00a0\u00a0\u00a0\u00a0\u00a0\u00a0\u00a0\u00a0\u00a0\u00a0\u00a0\u00a0\u00a0\u00a0\u00a0\u00a0\u00a0\u00a0\u00a0\u00a0\u00a0\u00a0\u00a0 Leif L<\/h4>\n<p>&nbsp;<\/p>\n","protected":false},"excerpt":{"rendered":"<p>Styrelse och kvartalsm\u00f6te Flottans M\u00e4n avhandlade ett Styrelse och kvartalsm\u00f6te 9 jan 2022 i Marinstugan. Man kan lugnt s\u00e4ga att det fanns plats f\u00f6r fler, men pandemin har ju satt gr\u00e4nser. Vi som var d\u00e4r, 9 st. hade stort sv\u00e4ngrum och gott om tid till alla fr\u00e5gest\u00e4llningar. Efter m\u00f6tet bj\u00f6d Mats upp till en stor [&hellip;]<\/p>\n","protected":false},"author":13,"featured_media":0,"parent":37049,"menu_order":0,"comment_status":"closed","ping_status":"closed","template":"","meta":{"_et_pb_use_builder":"","_et_pb_old_content":"","_et_gb_content_width":"","iawp_total_views":50,"footnotes":""},"class_list":["post-37700","page","type-page","status-publish","hentry"],"_links":{"self":[{"href":"https:\/\/marinkamraterna.se\/halmstad\/wp-json\/wp\/v2\/pages\/37700","targetHints":{"allow":["GET"]}}],"collection":[{"href":"https:\/\/marinkamraterna.se\/halmstad\/wp-json\/wp\/v2\/pages"}],"about":[{"href":"https:\/\/marinkamraterna.se\/halmstad\/wp-json\/wp\/v2\/types\/page"}],"author":[{"embeddable":true,"href":"https:\/\/marinkamraterna.se\/halmstad\/wp-json\/wp\/v2\/users\/13"}],"replies":[{"embeddable":true,"href":"https:\/\/marinkamraterna.se\/halmstad\/wp-json\/wp\/v2\/comments?post=37700"}],"version-history":[{"count":1,"href":"https:\/\/marinkamraterna.se\/halmstad\/wp-json\/wp\/v2\/pages\/37700\/revisions"}],"predecessor-version":[{"id":37703,"href":"https:\/\/marinkamraterna.se\/halmstad\/wp-json\/wp\/v2\/pages\/37700\/revisions\/37703"}],"up":[{"embeddable":true,"href":"https:\/\/marinkamraterna.se\/halmstad\/wp-json\/wp\/v2\/pages\/37049"}],"wp:attachment":[{"href":"https:\/\/marinkamraterna.se\/halmstad\/wp-json\/wp\/v2\/media?parent=37700"}],"curies":[{"name":"wp","href":"https:\/\/api.w.org\/{rel}","templated":true}]}}