{"id":38725,"date":"2025-04-19T12:26:23","date_gmt":"2025-04-19T10:26:23","guid":{"rendered":"https:\/\/marinkamraterna.se\/halmstad\/?page_id=38725"},"modified":"2026-02-01T10:32:11","modified_gmt":"2026-02-01T09:32:11","slug":"protokoll-2","status":"publish","type":"page","link":"https:\/\/marinkamraterna.se\/halmstad\/protokoll-2\/","title":{"rendered":"Protokoll \u00c5rsm\u00f6ten"},"content":{"rendered":"<h2><strong>Klicka f\u00f6r att l\u00e4sa protokollet.<\/strong><\/h2>\n<h5><span style=\"color: #0000ff\"><a style=\"color: #0000ff\" href=\"https:\/\/marinkamraterna.se\/halmstad\/wp-content\/uploads\/sites\/16\/2025\/04\/Protokoll-fort-vid-arsmote-2-februari-2025.pdf\">\u00c5rsm\u00f6tesprotokoll 2 februari 2025<\/a><\/span><\/h5>\n<h5><span style=\"color: #0000ff\"><a style=\"color: #0000ff\" href=\"https:\/\/marinkamraterna.se\/halmstad\/wp-content\/uploads\/sites\/16\/2026\/02\/Protokoll-Arsmote-2026.pdf\">\u00c5rsm\u00f6tesprotokoll 18 januari 2026<\/a><\/span><\/h5>\n<p>&nbsp;<\/p>\n<p>&nbsp;<\/p>\n<p>&nbsp;<\/p>\n","protected":false},"excerpt":{"rendered":"<p>Klicka f\u00f6r att l\u00e4sa protokollet. \u00c5rsm\u00f6tesprotokoll 2 februari 2025 \u00c5rsm\u00f6tesprotokoll 18 januari 2026 &nbsp; &nbsp; &nbsp;<\/p>\n","protected":false},"author":13,"featured_media":0,"parent":0,"menu_order":0,"comment_status":"closed","ping_status":"closed","template":"","meta":{"_et_pb_use_builder":"","_et_pb_old_content":"","_et_gb_content_width":"","iawp_total_views":29,"footnotes":""},"class_list":["post-38725","page","type-page","status-publish","hentry"],"_links":{"self":[{"href":"https:\/\/marinkamraterna.se\/halmstad\/wp-json\/wp\/v2\/pages\/38725","targetHints":{"allow":["GET"]}}],"collection":[{"href":"https:\/\/marinkamraterna.se\/halmstad\/wp-json\/wp\/v2\/pages"}],"about":[{"href":"https:\/\/marinkamraterna.se\/halmstad\/wp-json\/wp\/v2\/types\/page"}],"author":[{"embeddable":true,"href":"https:\/\/marinkamraterna.se\/halmstad\/wp-json\/wp\/v2\/users\/13"}],"replies":[{"embeddable":true,"href":"https:\/\/marinkamraterna.se\/halmstad\/wp-json\/wp\/v2\/comments?post=38725"}],"version-history":[{"count":13,"href":"https:\/\/marinkamraterna.se\/halmstad\/wp-json\/wp\/v2\/pages\/38725\/revisions"}],"predecessor-version":[{"id":39346,"href":"https:\/\/marinkamraterna.se\/halmstad\/wp-json\/wp\/v2\/pages\/38725\/revisions\/39346"}],"wp:attachment":[{"href":"https:\/\/marinkamraterna.se\/halmstad\/wp-json\/wp\/v2\/media?parent=38725"}],"curies":[{"name":"wp","href":"https:\/\/api.w.org\/{rel}","templated":true}]}}