{"id":39075,"date":"2025-10-14T20:58:42","date_gmt":"2025-10-14T18:58:42","guid":{"rendered":"https:\/\/marinkamraterna.se\/halmstad\/?page_id=39075"},"modified":"2025-10-14T20:58:45","modified_gmt":"2025-10-14T18:58:45","slug":"forbundsordforande-besoker-flottans-man-i-halmstad","status":"publish","type":"page","link":"https:\/\/marinkamraterna.se\/halmstad\/forbundsordforande-besoker-flottans-man-i-halmstad\/","title":{"rendered":"F\u00f6rbundsordf\u00f6rande bes\u00f6ker Flottans M\u00e4n i Halmstad"},"content":{"rendered":"<p>[et_pb_section fb_built=&#8221;1&#8243; _builder_version=&#8221;4.16&#8243; global_colors_info=&#8221;{}&#8221;][et_pb_row _builder_version=&#8221;4.16&#8243; background_size=&#8221;initial&#8221; background_position=&#8221;top_left&#8221; background_repeat=&#8221;repeat&#8221; global_colors_info=&#8221;{}&#8221;][et_pb_column type=&#8221;4_4&#8243; _builder_version=&#8221;4.16&#8243; custom_padding=&#8221;|||&#8221; global_colors_info=&#8221;{}&#8221; custom_padding__hover=&#8221;|||&#8221;][et_pb_text _builder_version=&#8221;4.16&#8243; background_size=&#8221;initial&#8221; background_position=&#8221;top_left&#8221; background_repeat=&#8221;repeat&#8221; global_colors_info=&#8221;{}&#8221;]Den 7 oktober bes\u00f6kte F\u00f6rbundsordf\u00f6rande, konteramiral Thomas Engevall v\u00e5r f\u00f6rening. Thomas fick en genomg\u00e5ng och presentation av f\u00f6reningen, lokaler och organisation. Han blev v\u00e4ldigt imponerad av Marinstugan med all utsmyckning och tavlor.<\/p>\n<p>Thomas h\u00f6ll ett f\u00f6redrag om Flottans utveckling, under rubriken <strong>&#8221;Ny Marin&#8221;.<\/strong> med M\u00e5lbilden\u00a0 &#8221;Marinen ska ledas mer effektivt. Vi ska vara logiskt organiserade f\u00f6r b\u00e5de krig och fred och personalen ska f\u00e5 utbildning och utrustning som \u00e4r anpassade f\u00f6r den omv\u00e4rld vi lever i idag, med f\u00f6r\u00e4nderliga hot och allierade vid v\u00e5r sida&#8221;<\/p>\n<p>N\u00e4r det g\u00e4ller Flottans M\u00e4n idag s\u00e5 informerade Thomas om f\u00f6ljande:<\/p>\n<ul>\n<li>s\u00e5 finns det idag 24 verksamma lokalf\u00f6reningar<\/li>\n<li>antal medlemmar 2830 (i mars var siffran 2934) allts\u00e5 ett l\u00e5ngsamt minskande antal medlemmar<\/li>\n<li>h\u00f6g medel\u00e5lder<\/li>\n<li>viktigt med rekrytering av yngre (relativt sett)<\/li>\n<li>fr\u00e4sch hemsida viktig f\u00f6r att sprida information till medlemmarna<\/li>\n<li><strong>ARUBA=<\/strong>\n<ul>\n<li>Attrahera<\/li>\n<li>Rekrytera<\/li>\n<li>Utveckla<\/li>\n<li>Beh\u00e5lla<\/li>\n<li>(Avveckla)<\/li>\n<\/ul>\n<\/li>\n<\/ul>\n<p>Thomastackades med en varma appl\u00e5d och fick en lokalproducerad musikskiva.<\/p>\n<p>Torbj\u00f6rn Malmkvist<\/p>\n<p>Foto; Leif Leihed<br \/>\n[\/et_pb_text][et_pb_gallery _builder_version=&#8221;4.27.4&#8243; _module_preset=&#8221;default&#8221; hover_enabled=&#8221;0&#8243; global_colors_info=&#8221;{}&#8221; gallery_ids=&#8221;39085,39084,39083&#8243; sticky_enabled=&#8221;0&#8243; show_title_and_caption=&#8221;off&#8221;][\/et_pb_gallery][\/et_pb_column][\/et_pb_row][\/et_pb_section]<\/p>\n","protected":false},"excerpt":{"rendered":"<p>Den 7 oktober bes\u00f6kte F\u00f6rbundsordf\u00f6rande, konteramiral Thomas Engevall v\u00e5r f\u00f6rening. Thomas fick en genomg\u00e5ng och presentation av f\u00f6reningen, lokaler och organisation. Han blev v\u00e4ldigt imponerad av Marinstugan med all utsmyckning och tavlor. Thomas h\u00f6ll ett f\u00f6redrag om Flottans utveckling, under rubriken &#8221;Ny Marin&#8221;. med M\u00e5lbilden\u00a0 &#8221;Marinen ska ledas mer effektivt. Vi ska vara logiskt organiserade [&hellip;]<\/p>\n","protected":false},"author":13,"featured_media":0,"parent":0,"menu_order":0,"comment_status":"closed","ping_status":"closed","template":"","meta":{"_et_pb_use_builder":"on","_et_pb_old_content":"<p>Den 7 oktober bes\u00f6kte F\u00f6rbundsordf\u00f6rande, konteramiral Thomas Engevall v\u00e5r f\u00f6rening. Thomas fick en genomg\u00e5ng och presentation av f\u00f6reningen, lokaler och organisation. Han blev v\u00e4ldigt imponerad av Marinstugan med all utsmyckning och tavlor.<\/p><p>Thomas h\u00f6ll ett f\u00f6redrag om Flottans utveckling, under rubriken <strong>\"Ny Marin\".<\/strong> med M\u00e5lbilden\u00a0 \"Marinen ska ledas mer effektivt. Vi ska vara logiskt organiserade f\u00f6r b\u00e5de krig och fred och personalen ska f\u00e5 utbildning och utrustning som \u00e4r anpassade f\u00f6r den omv\u00e4rld vi lever i idag, med f\u00f6r\u00e4nderliga hot och allierade vid v\u00e5r sida\"<\/p><p>N\u00e4r det g\u00e4ller Flottans M\u00e4n idag s\u00e5 informerade Thomas om f\u00f6ljande:<\/p><ul><li>s\u00e5 finns det idag 24 verksamma lokalf\u00f6reningar<\/li><li>antal medlemmar 2830 (i mars var siffran 2934) allts\u00e5 ett l\u00e5ngsamt minskande antal medlemmar<\/li><li>h\u00f6g medel\u00e5lder<\/li><li>viktigt med rekrytering av yngre (relativt sett)<\/li><li>fr\u00e4sch hemsida viktig f\u00f6r att sprida information till medlemmarna<\/li><li><strong>ARUBA=<\/strong><ul><li>Attrahera<\/li><li>Rekrytera<\/li><li>Utveckla<\/li><li>Beh\u00e5lla<\/li><li>(Avveckla)<\/li><\/ul><\/li><\/ul><p>Thomastackades med en varma appl\u00e5d och fick en lokalproducerad musikskiva.<\/p><p>Torbj\u00f6rn Malmkvist<\/p><p>Foto; Leif Leihed<\/p>","_et_gb_content_width":"","iawp_total_views":17,"footnotes":""},"class_list":["post-39075","page","type-page","status-publish","hentry"],"_links":{"self":[{"href":"https:\/\/marinkamraterna.se\/halmstad\/wp-json\/wp\/v2\/pages\/39075","targetHints":{"allow":["GET"]}}],"collection":[{"href":"https:\/\/marinkamraterna.se\/halmstad\/wp-json\/wp\/v2\/pages"}],"about":[{"href":"https:\/\/marinkamraterna.se\/halmstad\/wp-json\/wp\/v2\/types\/page"}],"author":[{"embeddable":true,"href":"https:\/\/marinkamraterna.se\/halmstad\/wp-json\/wp\/v2\/users\/13"}],"replies":[{"embeddable":true,"href":"https:\/\/marinkamraterna.se\/halmstad\/wp-json\/wp\/v2\/comments?post=39075"}],"version-history":[{"count":10,"href":"https:\/\/marinkamraterna.se\/halmstad\/wp-json\/wp\/v2\/pages\/39075\/revisions"}],"predecessor-version":[{"id":39089,"href":"https:\/\/marinkamraterna.se\/halmstad\/wp-json\/wp\/v2\/pages\/39075\/revisions\/39089"}],"wp:attachment":[{"href":"https:\/\/marinkamraterna.se\/halmstad\/wp-json\/wp\/v2\/media?parent=39075"}],"curies":[{"name":"wp","href":"https:\/\/api.w.org\/{rel}","templated":true}]}}