{"id":39166,"date":"2025-11-30T16:45:12","date_gmt":"2025-11-30T15:45:12","guid":{"rendered":"https:\/\/marinkamraterna.se\/halmstad\/?page_id=39166"},"modified":"2025-11-30T16:45:14","modified_gmt":"2025-11-30T15:45:14","slug":"kamratafton-2025-11-27","status":"publish","type":"page","link":"https:\/\/marinkamraterna.se\/halmstad\/kamratafton-2025-11-27\/","title":{"rendered":"Kamratafton 2025-11-27"},"content":{"rendered":"<p>[et_pb_section fb_built=&#8221;1&#8243; theme_builder_area=&#8221;post_content&#8221; _builder_version=&#8221;4.27.4&#8243; _module_preset=&#8221;default&#8221;][et_pb_row _builder_version=&#8221;4.27.4&#8243; _module_preset=&#8221;default&#8221; column_structure=&#8221;2_5,3_5&#8243; theme_builder_area=&#8221;post_content&#8221;][et_pb_column _builder_version=&#8221;4.27.4&#8243; _module_preset=&#8221;default&#8221; type=&#8221;2_5&#8243; theme_builder_area=&#8221;post_content&#8221;][et_pb_image _builder_version=&#8221;4.27.4&#8243; _module_preset=&#8221;default&#8221; theme_builder_area=&#8221;post_content&#8221; title_text=&#8221;Thumbnail 5154&#8243; src=&#8221;https:\/\/marinkamraterna.se\/halmstad\/wp-content\/uploads\/sites\/16\/2025\/11\/thumbnail_5154.jpg&#8221; hover_enabled=&#8221;0&#8243; sticky_enabled=&#8221;0&#8243;][\/et_pb_image][\/et_pb_column][et_pb_column _builder_version=&#8221;4.27.4&#8243; _module_preset=&#8221;default&#8221; type=&#8221;3_5&#8243; theme_builder_area=&#8221;post_content&#8221;][et_pb_text _builder_version=&#8221;4.27.4&#8243; _module_preset=&#8221;default&#8221; theme_builder_area=&#8221;post_content&#8221; hover_enabled=&#8221;0&#8243; sticky_enabled=&#8221;0&#8243;]<\/p>\n<p>Flottans M\u00e4n Halmstad<\/p>\n<p>Traditionell kamratafton avh\u00f6lls den 27 november. \u00a0\u00c4rtsoppa med marina f\u00f6rtecken (Punsch) intogs, \u00a0Evert Taubes snapsvisa sj\u00f6ngs unisont, d\u00e4refter pannkaka med sylt och gr\u00e4dde som avslutning.<\/p>\n<p>Efter m\u00e5ltiden visades filmen \u201dDen sista resan, en 80-\u00e5rig jagarepok\u201d som inleddes av d\u00e5varande marinchefen amiral Per Rudberg. D\u00e4refter fick vi f\u00f6lja jagarvapnets \u00a0utveckling under 80 \u00e5r, fr\u00e5n engelskbyggda \u201dMode\u201d 1902 p\u00e5 400 ton, till jagaren \u201dH\u00e4lsingland\u201d 1959 p\u00e5 2600 ton. Totalt ca 40 fartyg under 80 \u00e5r. Filmen kom till stor del att handla om jagaren \u201dHalland\u201d, under sin sista tj\u00e4nstg\u00f6ring 1982\u00a0 vilket gjorde denna kv\u00e4ll extra intressant. Det visade sig n\u00e4mligen att av de n\u00e4rvarande kamraterna hade 8 stycken tj\u00e4nstgjort p\u00e5 olika jagare varav 3 p\u00e5 just Halland.<\/p>\n<p>Anders Welin filmvisare<\/p>\n<p>[\/et_pb_text][\/et_pb_column][\/et_pb_row][\/et_pb_section]<\/p>\n","protected":false},"excerpt":{"rendered":"<p>Flottans M\u00e4n Halmstad Traditionell kamratafton avh\u00f6lls den 27 november. \u00a0\u00c4rtsoppa med marina f\u00f6rtecken (Punsch) intogs, \u00a0Evert Taubes snapsvisa sj\u00f6ngs unisont, d\u00e4refter pannkaka med sylt och gr\u00e4dde som avslutning. Efter m\u00e5ltiden visades filmen \u201dDen sista resan, en 80-\u00e5rig jagarepok\u201d som inleddes av d\u00e5varande marinchefen amiral Per Rudberg. D\u00e4refter fick vi f\u00f6lja jagarvapnets \u00a0utveckling under 80 \u00e5r, [&hellip;]<\/p>\n","protected":false},"author":13,"featured_media":0,"parent":0,"menu_order":0,"comment_status":"closed","ping_status":"closed","template":"","meta":{"_et_pb_use_builder":"on","_et_pb_old_content":"","_et_gb_content_width":"","iawp_total_views":17,"footnotes":""},"class_list":["post-39166","page","type-page","status-publish","hentry"],"_links":{"self":[{"href":"https:\/\/marinkamraterna.se\/halmstad\/wp-json\/wp\/v2\/pages\/39166","targetHints":{"allow":["GET"]}}],"collection":[{"href":"https:\/\/marinkamraterna.se\/halmstad\/wp-json\/wp\/v2\/pages"}],"about":[{"href":"https:\/\/marinkamraterna.se\/halmstad\/wp-json\/wp\/v2\/types\/page"}],"author":[{"embeddable":true,"href":"https:\/\/marinkamraterna.se\/halmstad\/wp-json\/wp\/v2\/users\/13"}],"replies":[{"embeddable":true,"href":"https:\/\/marinkamraterna.se\/halmstad\/wp-json\/wp\/v2\/comments?post=39166"}],"version-history":[{"count":3,"href":"https:\/\/marinkamraterna.se\/halmstad\/wp-json\/wp\/v2\/pages\/39166\/revisions"}],"predecessor-version":[{"id":39170,"href":"https:\/\/marinkamraterna.se\/halmstad\/wp-json\/wp\/v2\/pages\/39166\/revisions\/39170"}],"wp:attachment":[{"href":"https:\/\/marinkamraterna.se\/halmstad\/wp-json\/wp\/v2\/media?parent=39166"}],"curies":[{"name":"wp","href":"https:\/\/api.w.org\/{rel}","templated":true}]}}