{"id":35236,"date":"2021-09-13T17:40:34","date_gmt":"2021-09-13T15:40:34","guid":{"rendered":"https:\/\/andersa6.sg-host.com\/mall\/?page_id=35236"},"modified":"2023-01-17T16:18:27","modified_gmt":"2023-01-17T15:18:27","slug":"for-medlemmar","status":"publish","type":"page","link":"https:\/\/marinkamraterna.se\/haninge\/om-foreningen\/for-medlemmar\/","title":{"rendered":"F\u00f6r medlemmar"},"content":{"rendered":"<p>[et_pb_section fb_built=&#8221;1&#8243; specialty=&#8221;on&#8221; padding_top_1=&#8221;0px&#8221; padding_top_2=&#8221;0px&#8221; padding_top_bottom_link_1=&#8221;false&#8221; padding_top_bottom_link_2=&#8221;false&#8221; padding_left_right_link_1=&#8221;false&#8221; padding_left_right_link_2=&#8221;false&#8221; _builder_version=&#8221;4.16&#8243; _module_preset=&#8221;default&#8221; custom_margin=&#8221;||||false|false&#8221; custom_padding=&#8221;||||false|false&#8221; locked=&#8221;off&#8221; global_colors_info=&#8221;{}&#8221;][et_pb_column type=&#8221;3_4&#8243; specialty_columns=&#8221;3&#8243; _builder_version=&#8221;4.16&#8243; custom_padding=&#8221;|||&#8221; global_colors_info=&#8221;{}&#8221; custom_padding__hover=&#8221;|||&#8221;][et_pb_row_inner _builder_version=&#8221;4.16&#8243; _module_preset=&#8221;default&#8221; custom_padding=&#8221;0px||||false|false&#8221; global_colors_info=&#8221;{}&#8221;][et_pb_column_inner saved_specialty_column_type=&#8221;3_4&#8243; _builder_version=&#8221;4.16&#8243; _module_preset=&#8221;default&#8221; global_colors_info=&#8221;{}&#8221;][et_pb_post_title meta=&#8221;off&#8221; featured_image=&#8221;off&#8221; _builder_version=&#8221;4.16&#8243; _module_preset=&#8221;default&#8221; title_font_size=&#8221;35px&#8221; global_colors_info=&#8221;{}&#8221;][\/et_pb_post_title][\/et_pb_column_inner][\/et_pb_row_inner][et_pb_row_inner column_structure=&#8221;1_3,1_3,1_3&#8243; _builder_version=&#8221;4.16&#8243; _module_preset=&#8221;default&#8221; custom_padding=&#8221;0px||||false|false&#8221; global_colors_info=&#8221;{}&#8221;][et_pb_column_inner type=&#8221;1_3&#8243; saved_specialty_column_type=&#8221;3_4&#8243; _builder_version=&#8221;4.16&#8243; _module_preset=&#8221;default&#8221; global_colors_info=&#8221;{}&#8221;][et_pb_image src=&#8221;http:\/\/marinkamraterna.se\/haninge\/wp-content\/uploads\/sites\/9\/2021\/09\/120514-Mandagssimmarna.jpg&#8221; title_text=&#8221;M\u00e5ndagssimmarna&#8221; _builder_version=&#8221;4.16&#8243; _module_preset=&#8221;default&#8221; global_colors_info=&#8221;{}&#8221;][\/et_pb_image][\/et_pb_column_inner][et_pb_column_inner type=&#8221;1_3&#8243; _builder_version=&#8221;4.16&#8243; _module_preset=&#8221;default&#8221; global_colors_info=&#8221;{}&#8221;][et_pb_text _builder_version=&#8221;4.19.4&#8243; _module_preset=&#8221;default&#8221; global_colors_info=&#8221;{}&#8221;]<\/p>\n<p><strong>STYRKETR\u00c4NING OCH MOTIONSSIM<\/strong><\/p>\n<p><strong>Hej alla Baddare!<\/strong><\/p>\n<p>Nu badar vi tisdagar, onsdagar och torsdagar!<\/p>\n<p><strong>Fr\u00e5n och med vecka 3,<\/strong> 2023 och tillsvidare badas det tre g\u00e5nger i veckan enligt f\u00f6ljande:<\/p>\n<p><span style=\"color: #ff0000\"><strong>Tisdagar kl. 07:30 \u2013 09:00<\/strong><\/span><span>\u00a0<\/span><br \/><span style=\"color: #ff0000\"><strong>Onsdagar kl. 10:30 \u2013 12:00<\/strong><\/span><br \/><span style=\"color: #ff0000\"><strong>Torsdagar kl. 07.30 &#8211; 09.00\u00a0<\/strong><\/span><\/p>\n<p><span style=\"color: #ff0000\"><strong><\/strong><\/span><span style=\"color: #ff0000\"><\/span>Som tidigare \u00e4r \u00e4ven gym och bastu \u00f6ppet f\u00f6r oss, enligt tider ovan.<\/p>\n<p>Simma lugnt \u2013 men simma!<\/p>\n<p>H\u00e4lsningar Kent.<\/p>\n<p>Kontakta Kent Melander f\u00f6r information och inpassering till Berga. Telefon: 070-461 56 89<\/p>\n<p>&nbsp;<\/p>\n<p>[\/et_pb_text][\/et_pb_column_inner][et_pb_column_inner type=&#8221;1_3&#8243; saved_specialty_column_type=&#8221;3_4&#8243; _builder_version=&#8221;4.16&#8243; _module_preset=&#8221;default&#8221; global_colors_info=&#8221;{}&#8221;][et_pb_image src=&#8221;http:\/\/marinkamraterna.se\/haninge\/wp-content\/uploads\/sites\/9\/2021\/09\/120514-Kent-Melander.jpg&#8221; title_text=&#8221;Styrketr\u00e4nare Kent&#8221; _builder_version=&#8221;4.16&#8243; _module_preset=&#8221;default&#8221; global_colors_info=&#8221;{}&#8221;][\/et_pb_image][\/et_pb_column_inner][\/et_pb_row_inner][et_pb_row_inner column_structure=&#8221;1_2,1_2&#8243; _builder_version=&#8221;4.16&#8243; _module_preset=&#8221;default&#8221; global_colors_info=&#8221;{}&#8221;][et_pb_column_inner type=&#8221;1_2&#8243; saved_specialty_column_type=&#8221;3_4&#8243; _builder_version=&#8221;4.16&#8243; _module_preset=&#8221;default&#8221; global_colors_info=&#8221;{}&#8221;][et_pb_text _builder_version=&#8221;4.16&#8243; _module_preset=&#8221;default&#8221; global_colors_info=&#8221;{}&#8221;]<\/p>\n<p style=\"margin-top: 0cm;background: white\"><span style=\"font-size: 13.5pt;font-family: 'Arial',sans-serif;color: #333333\"><br \/><strong>VETERANKORT<\/strong><br \/>Enligt F\u00f6rsvarsmaktens definition \u00e4r alla som varit anst\u00e4llda i F\u00f6rsvarsmakten och gjort insatser internationellt eller nationellt, med eller utan vapen, veteraner. Personal som deltagit i internationella insatser kallas utlandsveteraner. B\u00e5de veteraner och utlandsveteraner \u00e4r ber\u00e4ttigade att ans\u00f6ka om veterankortet.<\/span><\/p>\n<p style=\"margin-top: 0cm;background: white\"><span style=\"font-size: 13.5pt;font-family: 'Arial',sans-serif;color: #333333\"><br \/>Du som endast gjort v\u00e4rnplikt eller GMU omfattas inte av F\u00f6rsvarsmaktens\u00a0 veteran-begrepp och kan d\u00e4rf\u00f6r inte erh\u00e5lla ett veterankort.<\/span><\/p>\n<p style=\"margin-top: 0cm;background: white;margin-bottom: 0.9rem;text-align: start\"><span style=\"font-size: 13.5pt;font-family: 'Arial',sans-serif;color: #333333\"><br \/>Genom att best\u00e4lla veterankortet ansluter du som veteran dig till ett f\u00f6rband och du kan d\u00e5 ocks\u00e5 bli inbjuden till tr\u00e4ffar, f\u00f6rel\u00e4sningar eller andra veteranaktiviteter. Du kan d\u00e4rmed ocks\u00e5 f\u00e5 information eller nyhetsbrev fr\u00e5n f\u00f6rbandet, samt de lokala ideella organisationerna.\u00a0<\/span><\/p>\n<p>[\/et_pb_text][\/et_pb_column_inner][et_pb_column_inner type=&#8221;1_2&#8243; saved_specialty_column_type=&#8221;3_4&#8243; _builder_version=&#8221;4.16&#8243; _module_preset=&#8221;default&#8221; global_colors_info=&#8221;{}&#8221;][et_pb_image src=&#8221;http:\/\/marinkamraterna.se\/haninge\/wp-content\/uploads\/sites\/9\/2021\/10\/Veteran.jpg&#8221; title_text=&#8221;Veteran&#8221; _builder_version=&#8221;4.16&#8243; _module_preset=&#8221;default&#8221; box_shadow_style=&#8221;preset1&#8243; global_colors_info=&#8221;{}&#8221;][\/et_pb_image][et_pb_text _builder_version=&#8221;4.16&#8243; _module_preset=&#8221;default&#8221; global_colors_info=&#8221;{}&#8221;]H\u00e4r kan du best\u00e4lla veterankort: <a href=\"https:\/\/veterankort.se\/ansok-om-veterankort\/\"><strong>VETERANKORT<\/strong><\/a>[\/et_pb_text][\/et_pb_column_inner][\/et_pb_row_inner][\/et_pb_column][et_pb_column type=&#8221;1_4&#8243; _builder_version=&#8221;4.16&#8243; custom_padding=&#8221;|||&#8221; global_colors_info=&#8221;{}&#8221; custom_padding__hover=&#8221;|||&#8221;][et_pb_image src=&#8221;http:\/\/marinkamraterna.se\/haninge\/wp-content\/uploads\/sites\/3\/2021\/04\/oql0evyd_n8.jpg&#8221; alt=&#8221;body of water during golden hour&#8221; title_text=&#8221;Photo by Joseph Barrientos&#8221; _builder_version=&#8221;4.16&#8243; _module_preset=&#8221;default&#8221; custom_margin=&#8221;||10px||false|false&#8221; custom_padding=&#8221;||||false|false&#8221; global_colors_info=&#8221;{}&#8221;][\/et_pb_image][et_pb_text _builder_version=&#8221;4.16&#8243; _module_preset=&#8221;default&#8221; text_font=&#8221;||on||||||&#8221; text_font_size=&#8221;14px&#8221; global_colors_info=&#8221;{}&#8221;]<\/p>\n<p>G\u00d6R SOM HAVET &#8211; <strong>V\u00c5GA!<\/strong><\/p>\n<p>[\/et_pb_text][et_pb_sidebar orientation=&#8221;right&#8221; area=&#8221;et_pb_widget_area_5&#8243; module_class=&#8221;right-menues&#8221; _builder_version=&#8221;4.10.8&#8243; _module_preset=&#8221;default&#8221; custom_margin=&#8221;||0px||false|false&#8221; global_module=&#8221;35107&#8243; saved_tabs=&#8221;all&#8221; locked=&#8221;off&#8221; global_colors_info=&#8221;{}&#8221;][\/et_pb_sidebar][et_pb_sidebar orientation=&#8221;right&#8221; _builder_version=&#8221;4.9.4&#8243; _module_preset=&#8221;default&#8221; header_font=&#8221;|600||on|||||&#8221; header_font_size=&#8221;20px&#8221; global_module=&#8221;33531&#8243; saved_tabs=&#8221;all&#8221; locked=&#8221;on&#8221; global_colors_info=&#8221;{}&#8221;][\/et_pb_sidebar][\/et_pb_column][\/et_pb_section]<\/p>\n","protected":false},"excerpt":{"rendered":"<p>STYRKETR\u00c4NING OCH MOTIONSSIM Hej alla Baddare! Nu badar vi tisdagar, onsdagar och torsdagar! Fr\u00e5n och med vecka 3, 2023 och tillsvidare badas det tre g\u00e5nger i veckan enligt f\u00f6ljande: Tisdagar kl. 07:30 \u2013 09:00\u00a0Onsdagar kl. 10:30 \u2013 12:00Torsdagar kl. 07.30 &#8211; 09.00\u00a0 Som tidigare \u00e4r \u00e4ven gym och bastu \u00f6ppet f\u00f6r oss, enligt tider ovan. [&hellip;]<\/p>\n","protected":false},"author":1,"featured_media":0,"parent":33152,"menu_order":5,"comment_status":"closed","ping_status":"closed","template":"","meta":{"_et_pb_use_builder":"on","_et_pb_old_content":"","_et_gb_content_width":"","iawp_total_views":132,"footnotes":""},"class_list":["post-35236","page","type-page","status-publish","hentry"],"_links":{"self":[{"href":"https:\/\/marinkamraterna.se\/haninge\/wp-json\/wp\/v2\/pages\/35236","targetHints":{"allow":["GET"]}}],"collection":[{"href":"https:\/\/marinkamraterna.se\/haninge\/wp-json\/wp\/v2\/pages"}],"about":[{"href":"https:\/\/marinkamraterna.se\/haninge\/wp-json\/wp\/v2\/types\/page"}],"author":[{"embeddable":true,"href":"https:\/\/marinkamraterna.se\/haninge\/wp-json\/wp\/v2\/users\/1"}],"replies":[{"embeddable":true,"href":"https:\/\/marinkamraterna.se\/haninge\/wp-json\/wp\/v2\/comments?post=35236"}],"version-history":[{"count":16,"href":"https:\/\/marinkamraterna.se\/haninge\/wp-json\/wp\/v2\/pages\/35236\/revisions"}],"predecessor-version":[{"id":37752,"href":"https:\/\/marinkamraterna.se\/haninge\/wp-json\/wp\/v2\/pages\/35236\/revisions\/37752"}],"up":[{"embeddable":true,"href":"https:\/\/marinkamraterna.se\/haninge\/wp-json\/wp\/v2\/pages\/33152"}],"wp:attachment":[{"href":"https:\/\/marinkamraterna.se\/haninge\/wp-json\/wp\/v2\/media?parent=35236"}],"curies":[{"name":"wp","href":"https:\/\/api.w.org\/{rel}","templated":true}]}}