{"id":39074,"date":"2025-08-28T11:24:48","date_gmt":"2025-08-28T09:24:48","guid":{"rendered":"https:\/\/marinkamraterna.se\/jonkoping\/?page_id=39074"},"modified":"2025-08-28T13:50:05","modified_gmt":"2025-08-28T11:50:05","slug":"oppet-styrelsemote-pa-sofiehof-250827","status":"publish","type":"page","link":"https:\/\/marinkamraterna.se\/jonkoping\/startsidan\/bilder\/oppet-styrelsemote-pa-sofiehof-250827\/","title":{"rendered":"\u00d6ppet styrelsem\u00f6te p\u00e5 Sofiehof 250827"},"content":{"rendered":"<p>[et_pb_section fb_built=&#8221;1&#8243; use_custom_gutter=&#8221;on&#8221; gutter_width=&#8221;2&#8243; specialty=&#8221;on&#8221; padding_top_1=&#8221;10px&#8221; padding_top_bottom_link_1=&#8221;false&#8221; padding_left_right_link_1=&#8221;false&#8221; _builder_version=&#8221;4.16&#8243; _module_preset=&#8221;default&#8221; custom_margin=&#8221;|10px||||&#8221; custom_padding=&#8221;||||false|false&#8221; global_colors_info=&#8221;{}&#8221;][et_pb_column type=&#8221;1_4&#8243; _builder_version=&#8221;4.16&#8243; custom_padding=&#8221;|||&#8221; global_colors_info=&#8221;{}&#8221; custom_padding__hover=&#8221;|||&#8221;][et_pb_sidebar area=&#8221;et_pb_widget_area_3&#8243; _builder_version=&#8221;4.11.3&#8243; _module_preset=&#8221;default&#8221; header_font=&#8221;|600||on|||||&#8221; body_text_color=&#8221;#0C71C3&#8243; body_font_size=&#8221;14px&#8221; custom_margin=&#8221;||||false|false&#8221; custom_padding=&#8221;||||false|false&#8221; global_module=&#8221;33600&#8243; locked=&#8221;off&#8221; global_colors_info=&#8221;{}&#8221;][\/et_pb_sidebar][\/et_pb_column][et_pb_column type=&#8221;3_4&#8243; specialty_columns=&#8221;3&#8243; _builder_version=&#8221;4.16&#8243; custom_padding=&#8221;|||&#8221; global_colors_info=&#8221;{}&#8221; custom_padding__hover=&#8221;|||&#8221;][et_pb_row_inner use_custom_gutter=&#8221;on&#8221; gutter_width=&#8221;1&#8243; make_equal=&#8221;on&#8221; _builder_version=&#8221;4.16&#8243; _module_preset=&#8221;default&#8221; custom_padding=&#8221;0px||||false|false&#8221; global_colors_info=&#8221;{}&#8221;][et_pb_column_inner saved_specialty_column_type=&#8221;3_4&#8243; _builder_version=&#8221;4.16&#8243; _module_preset=&#8221;default&#8221; global_colors_info=&#8221;{}&#8221;][et_pb_post_title meta=&#8221;off&#8221; featured_image=&#8221;off&#8221; _builder_version=&#8221;4.16&#8243; _module_preset=&#8221;default&#8221; title_font_size=&#8221;35px&#8221; global_colors_info=&#8221;{}&#8221;][\/et_pb_post_title][et_pb_text _builder_version=&#8221;4.16&#8243; _module_preset=&#8221;default&#8221; global_colors_info=&#8221;{}&#8221;][\/et_pb_text][\/et_pb_column_inner][\/et_pb_row_inner][et_pb_row_inner _builder_version=&#8221;4.27.4&#8243; _module_preset=&#8221;default&#8221; global_colors_info=&#8221;{}&#8221;][et_pb_column_inner saved_specialty_column_type=&#8221;3_4&#8243; _builder_version=&#8221;4.27.4&#8243; _module_preset=&#8221;default&#8221; global_colors_info=&#8221;{}&#8221;][et_pb_text _builder_version=&#8221;4.27.4&#8243; _module_preset=&#8221;default&#8221; global_colors_info=&#8221;{}&#8221;]<\/p>\n<p><span style=\"font-family: Times New Roman, serif\"><span style=\"font-size: medium\">Samlingen inleddes med att lunch intogs p\u00e5 Sofiehofs restaurang. P\u00e5 menyn: Pannbiff,mos,lingon och syltad gurka samt kaffe och liten kaka.<\/span><\/span><\/p>\n<p class=\"western\"><span style=\"font-family: Times New Roman, serif\"><span style=\"font-size: medium\"><span style=\"font-style: normal\"><span style=\"font-weight: normal\">V\u00e5r ordf\u00f6rande Sven Johansson h\u00e4lsade alla v\u00e4lkomna och riktade sig speciellt till den inbjudne f\u00f6redragsh\u00e5llaren <\/span><\/span><\/span><\/span><span style=\"font-family: Times New Roman, serif\"><span style=\"font-size: medium\"><span style=\"font-style: normal\"><b>Bengt-\u00c5ke \u00d6hgren,<\/b><\/span><\/span><\/span><span style=\"font-family: Times New Roman, serif\"><span style=\"font-size: medium\"><span style=\"font-style: normal\"><span style=\"font-weight: normal\">f\u00f6rel\u00e4sare,fotograf samt pr\u00e4st i Tidaholms pastorat.F\u00f6rel\u00e4sningen handlade om<\/span><\/span><\/span><\/span><span style=\"font-family: Times New Roman, serif\"><span style=\"font-size: medium\"><span style=\"font-style: normal\"><b> Arktis- en hotad sk\u00f6nhet.<\/b><\/span><\/span><\/span><\/p>\n<p class=\"western\" style=\"font-style: normal;font-weight: normal\"><span style=\"font-family: Times New Roman, serif\"><span style=\"font-size: medium\">F\u00f6redragsh\u00e5llaren har bes\u00f6kt Arktis ett 10 tal g\u00e5nger och ber\u00e4ttarsgl\u00e4dje smittade av sig p\u00e5 de samlade sj\u00f6m\u00e4nnen. Det visades otroliga vackra och dramatiska bilder p\u00e5 Valrossar,s\u00e4lar,mammutar,polarr\u00e4var isbj\u00f6rnar i autentiska milj\u00f6er p\u00e5 m\u00e4ktiga isvidder. Vackra diabilder visades p\u00e5 isbj\u00f6rnsdans med v\u00e4rmande k\u00e4rleksf\u00f6rklaringar i den iskalla atmosf\u00e4ren. Akrtisbes\u00f6karna var ombord p\u00e5 stormastade fartyg n\u00e5gra dagar och gjorde studiebes\u00f6k med gummib\u00e5tar allt i syftet att bes\u00f6karna skulle komma s\u00e5 n\u00e4ra de vackra isbj\u00f6rnarna eller valrossarna.<\/span><\/span><\/p>\n<p class=\"western\" style=\"font-style: normal;font-weight: normal\"><span style=\"font-family: Times New Roman, serif\"><span style=\"font-size: medium\">Auditoriet gav f\u00f6rel\u00e4saren kraftiga appl\u00e5der f\u00f6r ett mycket sp\u00e4nnande f\u00f6redrag. Ordf gav en flaska champagne till Bengt-\u00c5ke \u00d6hgren som tack.<\/span><\/span><\/p>\n<p class=\"western\" style=\"font-style: normal;font-weight: normal\"><a href=\"https:\/\/marinkamraterna.se\/jonkoping\/wp-content\/uploads\/sites\/17\/2025\/04\/Protokoll-fort-vid-Oppet-styrelsemote-med-Flottans-Man-Jonkoping-16-april-2025.pdf\"><\/a>Text: Leif Aljered<\/p>\n<p>Bild: Per-\u00c5ke Strands\u00e4ter<\/p>\n<p>[\/et_pb_text][\/et_pb_column_inner][\/et_pb_row_inner][et_pb_row_inner _builder_version=&#8221;4.27.4&#8243; _module_preset=&#8221;default&#8221; global_colors_info=&#8221;{}&#8221;][et_pb_column_inner saved_specialty_column_type=&#8221;3_4&#8243; _builder_version=&#8221;4.27.4&#8243; _module_preset=&#8221;default&#8221; global_colors_info=&#8221;{}&#8221;][et_pb_text _builder_version=&#8221;4.27.4&#8243; _module_preset=&#8221;default&#8221; global_colors_info=&#8221;{}&#8221;]<\/p>\n<p><a href=\"https:\/\/marinkamraterna.se\/jonkoping\/wp-content\/uploads\/sites\/17\/2025\/08\/Styrelsemmote-250827-Protokoll.pdf\">M\u00f6tesprotokoll klicka h\u00e4r<\/a><\/p>\n<p>[\/et_pb_text][\/et_pb_column_inner][\/et_pb_row_inner][et_pb_row_inner _builder_version=&#8221;4.27.4&#8243; _module_preset=&#8221;default&#8221; global_colors_info=&#8221;{}&#8221;][et_pb_column_inner saved_specialty_column_type=&#8221;3_4&#8243; _builder_version=&#8221;4.27.4&#8243; _module_preset=&#8221;default&#8221; global_colors_info=&#8221;{}&#8221;][et_pb_image src=&#8221;https:\/\/marinkamraterna.se\/jonkoping\/wp-content\/uploads\/sites\/17\/2025\/08\/IMG_0748.jpg&#8221; title_text=&#8221;IMG 0748&#8243; _builder_version=&#8221;4.27.4&#8243; _module_preset=&#8221;default&#8221; global_colors_info=&#8221;{}&#8221;][\/et_pb_image][\/et_pb_column_inner][\/et_pb_row_inner][\/et_pb_column][\/et_pb_section]<\/p>\n","protected":false},"excerpt":{"rendered":"<p>Samlingen inleddes med att lunch intogs p\u00e5 Sofiehofs restaurang. P\u00e5 menyn: Pannbiff,mos,lingon och syltad gurka samt kaffe och liten kaka. V\u00e5r ordf\u00f6rande Sven Johansson h\u00e4lsade alla v\u00e4lkomna och riktade sig speciellt till den inbjudne f\u00f6redragsh\u00e5llaren Bengt-\u00c5ke \u00d6hgren,f\u00f6rel\u00e4sare,fotograf samt pr\u00e4st i Tidaholms pastorat.F\u00f6rel\u00e4sningen handlade om Arktis- en hotad sk\u00f6nhet. F\u00f6redragsh\u00e5llaren har bes\u00f6kt Arktis ett 10 tal [&hellip;]<\/p>\n","protected":false},"author":14,"featured_media":0,"parent":35459,"menu_order":4,"comment_status":"closed","ping_status":"closed","template":"","meta":{"_et_pb_use_builder":"on","_et_pb_old_content":"\u00c5rsm\u00f6te h\u00f6lls i Domsand 2021-09-08<img src=\"http:\/\/marinkamraterna.se\/jonkoping\/wp-content\/uploads\/sites\/17\/2021\/09\/Flottans-Man-Arsmote-DBS-Hans-Rydbeck-8.9-21-1-450x600.jpg\" alt=\"\" width=\"450\" height=\"600\" class=\"alignnone size-medium wp-image-35318\" \/>\r\n\r\n<img src=\"http:\/\/marinkamraterna.se\/jonkoping\/wp-content\/uploads\/sites\/17\/2021\/09\/Flottans-Man-Arsmote-DBS-gruppbild-8.9-21-1-600x440.jpg\" alt=\"\" width=\"600\" height=\"440\" class=\"alignnone size-medium wp-image-35317\" \/>\r\n\r\n<img src=\"http:\/\/marinkamraterna.se\/jonkoping\/wp-content\/uploads\/sites\/17\/2021\/09\/Flottans-Man-Arsmote-DBS-foredragshallare-Klas-Peter-Suneson-8.9-21-1-467x600.jpg\" alt=\"\" width=\"467\" height=\"600\" class=\"alignnone size-medium wp-image-35316\" \/>\r\n\r\n<img src=\"http:\/\/marinkamraterna.se\/jonkoping\/wp-content\/uploads\/sites\/17\/2021\/09\/Flottans-Man-Arsmote-DBS-Bengt-Ake-Warnbring-8.9-21-1-1-450x600.jpg\" alt=\"\" width=\"450\" height=\"600\" class=\"alignnone size-medium wp-image-35315\" \/>\r\n\r\n<img src=\"http:\/\/marinkamraterna.se\/jonkoping\/wp-content\/uploads\/sites\/17\/2021\/09\/Flottans-Man-Arsmote-DBS-klubbmasteriet-skall-duka-upp-8.9-21-1-600x472.jpg\" alt=\"\u00c5rsm\u00f6te 2021\" width=\"600\" height=\"472\" class=\"alignnone size-medium wp-image-35314\" \/>","_et_gb_content_width":"","iawp_total_views":67,"footnotes":""},"class_list":["post-39074","page","type-page","status-publish","hentry"],"_links":{"self":[{"href":"https:\/\/marinkamraterna.se\/jonkoping\/wp-json\/wp\/v2\/pages\/39074","targetHints":{"allow":["GET"]}}],"collection":[{"href":"https:\/\/marinkamraterna.se\/jonkoping\/wp-json\/wp\/v2\/pages"}],"about":[{"href":"https:\/\/marinkamraterna.se\/jonkoping\/wp-json\/wp\/v2\/types\/page"}],"author":[{"embeddable":true,"href":"https:\/\/marinkamraterna.se\/jonkoping\/wp-json\/wp\/v2\/users\/14"}],"replies":[{"embeddable":true,"href":"https:\/\/marinkamraterna.se\/jonkoping\/wp-json\/wp\/v2\/comments?post=39074"}],"version-history":[{"count":11,"href":"https:\/\/marinkamraterna.se\/jonkoping\/wp-json\/wp\/v2\/pages\/39074\/revisions"}],"predecessor-version":[{"id":39098,"href":"https:\/\/marinkamraterna.se\/jonkoping\/wp-json\/wp\/v2\/pages\/39074\/revisions\/39098"}],"up":[{"embeddable":true,"href":"https:\/\/marinkamraterna.se\/jonkoping\/wp-json\/wp\/v2\/pages\/35459"}],"wp:attachment":[{"href":"https:\/\/marinkamraterna.se\/jonkoping\/wp-json\/wp\/v2\/media?parent=39074"}],"curies":[{"name":"wp","href":"https:\/\/api.w.org\/{rel}","templated":true}]}}