{"id":33986,"date":"2021-06-04T19:12:08","date_gmt":"2021-06-04T17:12:08","guid":{"rendered":"http:\/\/andersa6.sg-host.com\/karlshamn\/?page_id=33986"},"modified":"2025-11-13T13:02:40","modified_gmt":"2025-11-13T12:02:40","slug":"styrelse","status":"publish","type":"page","link":"https:\/\/marinkamraterna.se\/karlshamn\/om-foreningen\/styrelse\/","title":{"rendered":"Styrelse"},"content":{"rendered":"<p>[et_pb_section admin_label=&#8221;section&#8221;]<br \/>\n\t\t\t[et_pb_row admin_label=&#8221;row&#8221;]<br \/>\n\t\t\t\t[et_pb_column type=&#8221;4_4&#8243;][et_pb_text admin_label=&#8221;Text&#8221;]<\/p>\n<h1><\/h1>\n<table style=\"height: 207px;width: 625px;border-style: none\" width=\"625\">\n<tbody>\n<tr style=\"height: 23px\">\n<td style=\"width: 137.052px;height: 23px\"><strong>Namn\u00a0\u00a0\u00a0\u00a0\u00a0\u00a0\u00a0\u00a0\u00a0\u00a0\u00a0\u00a0\u00a0\u00a0\u00a0\u00a0\u00a0\u00a0\u00a0\u00a0\u00a0\u00a0<\/strong><\/td>\n<td style=\"width: 106.823px;height: 23px\"><strong>\u00a0Uppdrag\u00a0<\/strong><\/td>\n<td style=\"width: 150.156px;height: 23px\"><strong>Telefon\u00a0<\/strong><\/td>\n<td style=\"width: 207.635px;height: 23px\"><strong>E-post\u00a0<\/strong><\/td>\n<\/tr>\n<tr style=\"height: 23px\">\n<td style=\"width: 137.052px;height: 23px\">Sewe Lindberg<\/td>\n<td style=\"width: 106.823px;height: 23px\">Ordf\u00f6rande<\/td>\n<td style=\"width: 150.156px;height: 23px\">070-6256092<\/td>\n<td style=\"width: 207.635px;height: 23px\">sewe@sewe.se<\/td>\n<\/tr>\n<tr style=\"height: 23px\">\n<td style=\"width: 137.052px;height: 23px\">Bengt Mars<\/td>\n<td style=\"width: 106.823px;height: 23px\">Vice\u00a0ordf\u00f6rande<\/td>\n<td style=\"width: 150.156px;height: 23px\">070-5890363<\/td>\n<td style=\"width: 207.635px;height: 23px\"><\/td>\n<\/tr>\n<tr style=\"height: 23px\">\n<td style=\"width: 137.052px;height: 23px\">Johan Nystr\u00f6m<\/td>\n<td style=\"width: 106.823px;height: 23px\">Sekreterare<\/td>\n<td style=\"width: 150.156px;height: 23px\">070-9182250<\/td>\n<td style=\"width: 207.635px;height: 23px\">johan_nypan@hotmail.com<\/td>\n<\/tr>\n<tr style=\"height: 23px\">\n<td style=\"width: 137.052px;height: 23px\">G\u00f6ran Fridh<\/td>\n<td style=\"width: 106.823px;height: 23px\">Kass\u00f6r<\/td>\n<td style=\"width: 150.156px;height: 23px\">073-0609905<\/td>\n<td style=\"width: 207.635px;height: 23px\">g.e.fridh@gmail.com<\/td>\n<\/tr>\n<tr style=\"height: 23px\">\n<td style=\"width: 137.052px;height: 23px\">Bo Ringdahl<\/td>\n<td style=\"width: 106.823px;height: 23px\">Ledamot<\/td>\n<td style=\"width: 150.156px;height: 23px\">070-7216622<\/td>\n<td style=\"width: 207.635px;height: 23px\"><\/td>\n<\/tr>\n<tr style=\"height: 23px\">\n<td style=\"width: 137.052px;height: 23px\">Iren\u00e9 Ericson<\/td>\n<td style=\"width: 106.823px;height: 23px\">Ledamot<\/td>\n<td style=\"width: 150.156px;height: 23px\">070-3909279<\/td>\n<td style=\"width: 207.635px;height: 23px\"><\/td>\n<\/tr>\n<tr style=\"height: 23px\">\n<td style=\"width: 137.052px;height: 23px\">Britt-Marie Landgren<\/td>\n<td style=\"width: 106.823px;height: 23px\">Ledamot<\/td>\n<td style=\"width: 150.156px;height: 23px\">076-8655909<\/td>\n<td style=\"width: 207.635px;height: 23px\"><\/td>\n<\/tr>\n<tr style=\"height: 23px\">\n<td style=\"width: 137.052px;height: 23px\"><\/td>\n<td style=\"width: 106.823px;height: 23px\"><\/td>\n<\/tr>\n<\/tbody>\n<\/table>\n<p>&nbsp;[\/et_pb_text][\/et_pb_column]<br \/>\n\t\t\t[\/et_pb_row]<br \/>\n\t\t[\/et_pb_section]<\/p>\n","protected":false},"excerpt":{"rendered":"<p>Namn\u00a0\u00a0\u00a0\u00a0\u00a0\u00a0\u00a0\u00a0\u00a0\u00a0\u00a0\u00a0\u00a0\u00a0\u00a0\u00a0\u00a0\u00a0\u00a0\u00a0\u00a0\u00a0 \u00a0Uppdrag\u00a0 Telefon\u00a0 E-post\u00a0 Sewe Lindberg Ordf\u00f6rande 070-6256092 sewe@sewe.se Bengt Mars Vice\u00a0ordf\u00f6rande 070-5890363 Johan Nystr\u00f6m Sekreterare 070-9182250 johan_nypan@hotmail.com G\u00f6ran Fridh Kass\u00f6r 073-0609905 g.e.fridh@gmail.com Bo Ringdahl Ledamot 070-7216622 Iren\u00e9 Ericson Ledamot 070-3909279 Britt-Marie Landgren Ledamot 076-8655909 &nbsp;<\/p>\n","protected":false},"author":1,"featured_media":0,"parent":33152,"menu_order":3,"comment_status":"closed","ping_status":"closed","template":"","meta":{"_et_pb_use_builder":"on","_et_pb_old_content":"<h1><\/h1>\r\n<table style=\"height: 207px;width: 625px;border-style: none\" width=\"625\">\r\n<tbody>\r\n<tr style=\"height: 23px\">\r\n<td style=\"width: 137.052px;height: 23px\"><strong>Namn\u00a0\u00a0\u00a0\u00a0\u00a0\u00a0\u00a0\u00a0\u00a0\u00a0\u00a0\u00a0\u00a0\u00a0\u00a0\u00a0\u00a0\u00a0\u00a0\u00a0\u00a0\u00a0<\/strong><\/td>\r\n<td style=\"width: 106.823px;height: 23px\"><strong>\u00a0Uppdrag\u00a0<\/strong><\/td>\r\n<td style=\"width: 150.156px;height: 23px\"><strong>Telefon\u00a0<\/strong><\/td>\r\n<td style=\"width: 207.635px;height: 23px\"><strong>E-post\u00a0<\/strong><\/td>\r\n<\/tr>\r\n<tr style=\"height: 23px\">\r\n<td style=\"width: 137.052px;height: 23px\">Sewe Lindberg<\/td>\r\n<td style=\"width: 106.823px;height: 23px\">Ordf\u00f6rande<\/td>\r\n<td style=\"width: 150.156px;height: 23px\">070-6256092<\/td>\r\n<td style=\"width: 207.635px;height: 23px\">sewe@sewe.se<\/td>\r\n<\/tr>\r\n<tr style=\"height: 23px\">\r\n<td style=\"width: 137.052px;height: 23px\">Bengt Mars<\/td>\r\n<td style=\"width: 106.823px;height: 23px\">Vice\u00a0ordf\u00f6rande<\/td>\r\n<td style=\"width: 150.156px;height: 23px\">070-5890363<\/td>\r\n<td style=\"width: 207.635px;height: 23px\"><\/td>\r\n<\/tr>\r\n<tr style=\"height: 23px\">\r\n<td style=\"width: 137.052px;height: 23px\">Johan Nystr\u00f6m<\/td>\r\n<td style=\"width: 106.823px;height: 23px\">Sekreterare<\/td>\r\n<td style=\"width: 150.156px;height: 23px\">070-9182250<\/td>\r\n<td style=\"width: 207.635px;height: 23px\">johan_nypan@hotmail.com<\/td>\r\n<\/tr>\r\n<tr style=\"height: 23px\">\r\n<td style=\"width: 137.052px;height: 23px\">G\u00f6ran Fridh<\/td>\r\n<td style=\"width: 106.823px;height: 23px\">Kass\u00f6r<\/td>\r\n<td style=\"width: 150.156px;height: 23px\">073-0609905<\/td>\r\n<td style=\"width: 207.635px;height: 23px\">g.e.fridh@gmail.com<\/td>\r\n<\/tr>\r\n<tr style=\"height: 23px\">\r\n<td style=\"width: 137.052px;height: 23px\">Bo Ringdahl<\/td>\r\n<td style=\"width: 106.823px;height: 23px\">Ledamot<\/td>\r\n<td style=\"width: 150.156px;height: 23px\">070-7216622<\/td>\r\n<td style=\"width: 207.635px;height: 23px\"><\/td>\r\n<\/tr>\r\n<tr style=\"height: 23px\">\r\n<td style=\"width: 137.052px;height: 23px\">Iren\u00e9 Ericson<\/td>\r\n<td style=\"width: 106.823px;height: 23px\">Ledamot<\/td>\r\n<td style=\"width: 150.156px;height: 23px\">070-3909279<\/td>\r\n<td style=\"width: 207.635px;height: 23px\"><\/td>\r\n<\/tr>\r\n<tr style=\"height: 23px\">\r\n<td style=\"width: 137.052px;height: 23px\">Britt-Marie Landgren<\/td>\r\n<td style=\"width: 106.823px;height: 23px\">Ledamot<\/td>\r\n<td style=\"width: 150.156px;height: 23px\">076-8655909<\/td>\r\n<td style=\"width: 207.635px;height: 23px\"><\/td>\r\n<\/tr>\r\n<tr style=\"height: 23px\">\r\n<td style=\"width: 137.052px;height: 23px\"><\/td>\r\n<td style=\"width: 106.823px;height: 23px\"><\/td>\r\n<\/tr>\r\n<\/tbody>\r\n<\/table>\r\n&nbsp;","_et_gb_content_width":"","iawp_total_views":441,"footnotes":""},"class_list":["post-33986","page","type-page","status-publish","hentry"],"_links":{"self":[{"href":"https:\/\/marinkamraterna.se\/karlshamn\/wp-json\/wp\/v2\/pages\/33986","targetHints":{"allow":["GET"]}}],"collection":[{"href":"https:\/\/marinkamraterna.se\/karlshamn\/wp-json\/wp\/v2\/pages"}],"about":[{"href":"https:\/\/marinkamraterna.se\/karlshamn\/wp-json\/wp\/v2\/types\/page"}],"author":[{"embeddable":true,"href":"https:\/\/marinkamraterna.se\/karlshamn\/wp-json\/wp\/v2\/users\/1"}],"replies":[{"embeddable":true,"href":"https:\/\/marinkamraterna.se\/karlshamn\/wp-json\/wp\/v2\/comments?post=33986"}],"version-history":[{"count":23,"href":"https:\/\/marinkamraterna.se\/karlshamn\/wp-json\/wp\/v2\/pages\/33986\/revisions"}],"predecessor-version":[{"id":37416,"href":"https:\/\/marinkamraterna.se\/karlshamn\/wp-json\/wp\/v2\/pages\/33986\/revisions\/37416"}],"up":[{"embeddable":true,"href":"https:\/\/marinkamraterna.se\/karlshamn\/wp-json\/wp\/v2\/pages\/33152"}],"wp:attachment":[{"href":"https:\/\/marinkamraterna.se\/karlshamn\/wp-json\/wp\/v2\/media?parent=33986"}],"curies":[{"name":"wp","href":"https:\/\/api.w.org\/{rel}","templated":true}]}}