{"id":35335,"date":"2021-09-29T13:33:33","date_gmt":"2021-09-29T11:33:33","guid":{"rendered":"https:\/\/andersa6.sg-host.com\/karlshamn\/?page_id=35335"},"modified":"2025-02-11T17:02:19","modified_gmt":"2025-02-11T16:02:19","slug":"klubbstugan","status":"publish","type":"page","link":"https:\/\/marinkamraterna.se\/karlshamn\/startsidan\/klubbstugan\/","title":{"rendered":"Klubbstugan"},"content":{"rendered":"<p>[et_pb_section fb_built=&#8221;1&#8243; admin_label=&#8221;section&#8221; _builder_version=&#8221;4.16&#8243; global_colors_info=&#8221;{}&#8221;][et_pb_row admin_label=&#8221;row&#8221; _builder_version=&#8221;4.16&#8243; background_size=&#8221;initial&#8221; background_position=&#8221;top_left&#8221; background_repeat=&#8221;repeat&#8221; global_colors_info=&#8221;{}&#8221;][et_pb_column type=&#8221;4_4&#8243; _builder_version=&#8221;4.16&#8243; custom_padding=&#8221;|||&#8221; global_colors_info=&#8221;{}&#8221; custom_padding__hover=&#8221;|||&#8221;][et_pb_text admin_label=&#8221;Text&#8221; _builder_version=&#8221;4.16&#8243; background_size=&#8221;initial&#8221; background_position=&#8221;top_left&#8221; background_repeat=&#8221;repeat&#8221; global_colors_info=&#8221;{}&#8221;]<\/p>\n<p><strong>Uthyrning av f\u00f6reningsstugan<br \/><\/strong>Vi hyr ut v\u00e5r stuga till fester, br\u00f6llop mm , max antal personer \u00e4r 60.<br \/>(Porslin finns f\u00f6r 60 personer)<br \/>Hyresg\u00e4sten ansvarar f\u00f6r att v\u00e5ra regler efterf\u00f6ljs.<\/p>\n<p>Renovering av k\u00f6k, toaletter, hall samt stora m\u00f6teslokalen \u00e4r gjort under vintern.<br \/>Kommande projekt \u00e4r att fr\u00e4scha upp ett fungerande mindre konferensrum p\u00e5<br \/>\u00f6verv\u00e5ningen f\u00f6r uthyrning.<br \/><strong>Ansvarigt f\u00f6r uthyrning:<\/strong><br \/>Bo Ringdahl Tel 070 7216622<\/p>\n<p>[\/et_pb_text][\/et_pb_column][\/et_pb_row][\/et_pb_section]<\/p>\n","protected":false},"excerpt":{"rendered":"<p>Uthyrning av f\u00f6reningsstuganVi hyr ut v\u00e5r stuga till fester, br\u00f6llop mm , max antal personer \u00e4r 60.(Porslin finns f\u00f6r 60 personer)Hyresg\u00e4sten ansvarar f\u00f6r att v\u00e5ra regler efterf\u00f6ljs. Renovering av k\u00f6k, toaletter, hall samt stora m\u00f6teslokalen \u00e4r gjort under vintern.Kommande projekt \u00e4r att fr\u00e4scha upp ett fungerande mindre konferensrum p\u00e5\u00f6verv\u00e5ningen f\u00f6r uthyrning.Ansvarigt f\u00f6r uthyrning:Bo Ringdahl Tel [&hellip;]<\/p>\n","protected":false},"author":20,"featured_media":0,"parent":23,"menu_order":0,"comment_status":"closed","ping_status":"closed","template":"","meta":{"_et_pb_use_builder":"on","_et_pb_old_content":"<strong>Uthyrning av f\u00f6reningsstugan\r\n<\/strong>Vi hyr ut v\u00e5r stuga till fester, br\u00f6llop mm , max antal personer \u00e4r 60.\r\n(Porslin finns f\u00f6r 60 personer)\r\nHyresg\u00e4sten ansvarar f\u00f6r att v\u00e5ra regler efterf\u00f6ljs.\r\n\r\nRenovering av k\u00f6k, toaletter, hall samt stora m\u00f6teslokalen \u00e4r gjort under vintern.\r\nKommande projekt \u00e4r att fr\u00e4scha upp ett fungerande mindre konferensrum p\u00e5\r\n\u00f6verv\u00e5ningen f\u00f6r uthyrning.\r\n<strong>Ansvarigt f\u00f6r uthyrning:<\/strong>\r\nBritt-Mari Landgren tel.\u00a00768 65 59 09","_et_gb_content_width":"","iawp_total_views":3671,"footnotes":""},"class_list":["post-35335","page","type-page","status-publish","hentry"],"_links":{"self":[{"href":"https:\/\/marinkamraterna.se\/karlshamn\/wp-json\/wp\/v2\/pages\/35335","targetHints":{"allow":["GET"]}}],"collection":[{"href":"https:\/\/marinkamraterna.se\/karlshamn\/wp-json\/wp\/v2\/pages"}],"about":[{"href":"https:\/\/marinkamraterna.se\/karlshamn\/wp-json\/wp\/v2\/types\/page"}],"author":[{"embeddable":true,"href":"https:\/\/marinkamraterna.se\/karlshamn\/wp-json\/wp\/v2\/users\/20"}],"replies":[{"embeddable":true,"href":"https:\/\/marinkamraterna.se\/karlshamn\/wp-json\/wp\/v2\/comments?post=35335"}],"version-history":[{"count":5,"href":"https:\/\/marinkamraterna.se\/karlshamn\/wp-json\/wp\/v2\/pages\/35335\/revisions"}],"predecessor-version":[{"id":37398,"href":"https:\/\/marinkamraterna.se\/karlshamn\/wp-json\/wp\/v2\/pages\/35335\/revisions\/37398"}],"up":[{"embeddable":true,"href":"https:\/\/marinkamraterna.se\/karlshamn\/wp-json\/wp\/v2\/pages\/23"}],"wp:attachment":[{"href":"https:\/\/marinkamraterna.se\/karlshamn\/wp-json\/wp\/v2\/media?parent=35335"}],"curies":[{"name":"wp","href":"https:\/\/api.w.org\/{rel}","templated":true}]}}