{"id":33152,"date":"2020-12-10T17:41:01","date_gmt":"2020-12-10T16:41:01","guid":{"rendered":"https:\/\/wwps.se\/?page_id=33152"},"modified":"2023-03-29T15:40:26","modified_gmt":"2023-03-29T13:40:26","slug":"om-foreningen","status":"publish","type":"page","link":"https:\/\/marinkamraterna.se\/karlstad\/startsidan-2\/om-foreningen\/","title":{"rendered":"Om f\u00f6reningen"},"content":{"rendered":"<h3><\/h3>\n<h3><img loading=\"lazy\" decoding=\"async\" class=\"alignnone size-medium wp-image-35308\" src=\"https:\/\/marinkamraterna.se\/karlstad\/wp-content\/uploads\/sites\/18\/2021\/09\/Stig-Friberg-2-600x450.jpg\" alt=\"\" width=\"600\" height=\"450\" srcset=\"https:\/\/marinkamraterna.se\/karlstad\/wp-content\/uploads\/sites\/18\/2021\/09\/Stig-Friberg-2-600x450.jpg 600w, https:\/\/marinkamraterna.se\/karlstad\/wp-content\/uploads\/sites\/18\/2021\/09\/Stig-Friberg-2-480x360.jpg 480w\" sizes=\"(min-width: 0px) and (max-width: 480px) 480px, (min-width: 481px) 600px, 100vw\" \/><\/h3>\n<h4><strong>F\u00f6reningen startades 2006-05-16, h\u00e4r \u00e4r protokollet.<\/strong><\/h4>\n<h4>FLOTTANS M\u00c4N\u00a0\u00a0\u00a0Karlstad V\u00e4rmland<\/h4>\n<h4>Minnesanteckning fr\u00e5n m\u00f6te nr 1 2006-05-16<\/h4>\n<h4>N\u00e4rvarande: G\u00f6te Rahm,Roger Sundberg, Tom Th\u00f6rn, Stig Friberg samt Conny Isebark<\/h4>\n<h4>Syftet med m\u00f6tet var att i Karlstad starta Flottans M\u00e4n i Karlstad. Vi som var n\u00e4rvarande b\u00f6rjade med att presentera oss f\u00f6r varandra och redovisade d\u00e4rvid v\u00e5ra milit\u00e4ra och civila verksamheter. Under redovisningen fann vi m\u00e5nga anknytningar till gamla v\u00e4nner och bekanta.<\/h4>\n<h4>M\u00f6tet besl\u00f6t att ing\u00e5 medlemskap i Flottans M\u00e4ns Riksf\u00f6rbund under namn\u00a0Flottans M\u00e4n i Karlstad &#8211; V\u00e4rmland.<\/h4>\n<h4>N\u00e4rvarande var \u00f6verens om att sprida informationen om FM via mun mot mun metoden.<\/h4>\n<h4>N\u00e4sta m\u00f6te den 26 september kl 1700. Plats medelas senare.<\/h4>\n<h4>M\u00f6tet valde f\u00f6ljande interimstyrelse:<\/h4>\n<h4>G\u00f6te Rahm till ordf\u00f6rande<\/h4>\n<h4>Roger Sundberg till kass\u00f6r<\/h4>\n<h4>Stig Friberg till sekreterare<\/h4>\n<h4>Karlstad juni 2006<\/h4>\n<h4>G\u00f6te Rahm\u00a0\u00a0\u00a0\u00a0\u00a0\u00a0\u00a0\u00a0\u00a0\u00a0\u00a0\u00a0\u00a0\u00a0\u00a0\u00a0\u00a0\u00a0\u00a0\u00a0\u00a0\u00a0\u00a0\u00a0\u00a0\u00a0\u00a0\u00a0\u00a0\u00a0\u00a0\u00a0\u00a0Stig Friberg<\/h4>\n<h2><\/h2>\n<h3><strong>V\u00e5r sammarbets partner<\/strong><\/h3>\n<p><img loading=\"lazy\" decoding=\"async\" class=\"alignnone size-full wp-image-37452\" src=\"https:\/\/marinkamraterna.se\/karlstad\/wp-content\/uploads\/sites\/18\/2022\/10\/sv1pos-1.jpg\" alt=\"\" width=\"307\" height=\"317\" srcset=\"https:\/\/marinkamraterna.se\/karlstad\/wp-content\/uploads\/sites\/18\/2022\/10\/sv1pos-1.jpg 307w, https:\/\/marinkamraterna.se\/karlstad\/wp-content\/uploads\/sites\/18\/2022\/10\/sv1pos-1-291x300.jpg 291w\" sizes=\"(max-width: 307px) 100vw, 307px\" \/><\/p>\n","protected":false},"excerpt":{"rendered":"<p>F\u00f6reningen startades 2006-05-16, h\u00e4r \u00e4r protokollet. FLOTTANS M\u00c4N\u00a0\u00a0\u00a0Karlstad V\u00e4rmland Minnesanteckning fr\u00e5n m\u00f6te nr 1 2006-05-16 N\u00e4rvarande: G\u00f6te Rahm,Roger Sundberg, Tom Th\u00f6rn, Stig Friberg samt Conny Isebark Syftet med m\u00f6tet var att i Karlstad starta Flottans M\u00e4n i Karlstad. Vi som var n\u00e4rvarande b\u00f6rjade med att presentera oss f\u00f6r varandra och redovisade d\u00e4rvid v\u00e5ra milit\u00e4ra och [&hellip;]<\/p>\n","protected":false},"author":1,"featured_media":0,"parent":23,"menu_order":1,"comment_status":"closed","ping_status":"closed","template":"","meta":{"_et_pb_use_builder":"off","_et_pb_old_content":"","_et_gb_content_width":"","iawp_total_views":163,"footnotes":""},"class_list":["post-33152","page","type-page","status-publish","hentry"],"_links":{"self":[{"href":"https:\/\/marinkamraterna.se\/karlstad\/wp-json\/wp\/v2\/pages\/33152","targetHints":{"allow":["GET"]}}],"collection":[{"href":"https:\/\/marinkamraterna.se\/karlstad\/wp-json\/wp\/v2\/pages"}],"about":[{"href":"https:\/\/marinkamraterna.se\/karlstad\/wp-json\/wp\/v2\/types\/page"}],"author":[{"embeddable":true,"href":"https:\/\/marinkamraterna.se\/karlstad\/wp-json\/wp\/v2\/users\/1"}],"replies":[{"embeddable":true,"href":"https:\/\/marinkamraterna.se\/karlstad\/wp-json\/wp\/v2\/comments?post=33152"}],"version-history":[{"count":9,"href":"https:\/\/marinkamraterna.se\/karlstad\/wp-json\/wp\/v2\/pages\/33152\/revisions"}],"predecessor-version":[{"id":37586,"href":"https:\/\/marinkamraterna.se\/karlstad\/wp-json\/wp\/v2\/pages\/33152\/revisions\/37586"}],"up":[{"embeddable":true,"href":"https:\/\/marinkamraterna.se\/karlstad\/wp-json\/wp\/v2\/pages\/23"}],"wp:attachment":[{"href":"https:\/\/marinkamraterna.se\/karlstad\/wp-json\/wp\/v2\/media?parent=33152"}],"curies":[{"name":"wp","href":"https:\/\/api.w.org\/{rel}","templated":true}]}}