{"id":35443,"date":"2021-11-07T23:13:18","date_gmt":"2021-11-07T22:13:18","guid":{"rendered":"https:\/\/andersa6.sg-host.com\/lysekil\/?page_id=35443"},"modified":"2026-01-21T16:17:13","modified_gmt":"2026-01-21T15:17:13","slug":"kontakta-oss","status":"publish","type":"page","link":"https:\/\/marinkamraterna.se\/lysekil\/startsidan\/kontakta-oss\/","title":{"rendered":"Styrelse \/ Kontakta oss"},"content":{"rendered":"<p>[et_pb_section fb_built=&#8221;1&#8243; specialty=&#8221;on&#8221; padding_top_1=&#8221;0px&#8221; padding_top_2=&#8221;0px&#8221; padding_top_bottom_link_1=&#8221;false&#8221; padding_top_bottom_link_2=&#8221;false&#8221; padding_left_right_link_1=&#8221;false&#8221; padding_left_right_link_2=&#8221;false&#8221; _builder_version=&#8221;4.27.5&#8243; _module_preset=&#8221;default&#8221; custom_margin=&#8221;||||false|false&#8221; custom_padding=&#8221;||||false|false&#8221; locked=&#8221;off&#8221; global_colors_info=&#8221;{}&#8221;][et_pb_column type=&#8221;3_4&#8243; specialty_columns=&#8221;3&#8243; _builder_version=&#8221;4.16&#8243; custom_padding=&#8221;|||&#8221; global_colors_info=&#8221;{}&#8221; custom_padding__hover=&#8221;|||&#8221;][et_pb_row_inner _builder_version=&#8221;4.16&#8243; _module_preset=&#8221;default&#8221; custom_padding=&#8221;0px||||false|false&#8221; global_colors_info=&#8221;{}&#8221;][et_pb_column_inner saved_specialty_column_type=&#8221;3_4&#8243; _builder_version=&#8221;4.16&#8243; _module_preset=&#8221;default&#8221; global_colors_info=&#8221;{}&#8221;][et_pb_post_title meta=&#8221;off&#8221; featured_image=&#8221;off&#8221; _builder_version=&#8221;4.16&#8243; _module_preset=&#8221;default&#8221; title_font_size=&#8221;35px&#8221; global_colors_info=&#8221;{}&#8221;][\/et_pb_post_title][et_pb_text _builder_version=&#8221;4.16&#8243; _module_preset=&#8221;default&#8221; global_colors_info=&#8221;{}&#8221;]<\/p>\n<p>Kamratf\u00f6reningen Flottans M\u00e4n Lysekil n\u00e5s p\u00e5 E-post<span style=\"font-size: 16px\">\u00a0 <\/span><a href=\"mailto:lysekil@flottansman.se\" style=\"font-size: 16px\">lysekil@marinkamraterna.se<\/a><span style=\"font-size: 16px\">\u00a0<\/span><span style=\"font-size: 16px\">alternativt via telefon till n\u00e5gon i styrelsen.<\/span><\/p>\n<h1><\/h1>\n<p>[\/et_pb_text][et_pb_text _builder_version=&#8221;4.16&#8243; _module_preset=&#8221;default&#8221; global_colors_info=&#8221;{}&#8221;]<\/p>\n<p><strong>Ordf\u00f6rande, <\/strong><strong>Medlemsregistrator, v. Webbmaster,:<\/strong><\/p>\n<p><strong>Van Carlzon\u00a0 <\/strong>Telefon: 070-4288006.\u00a0 E-post: <a href=\"mailto:lysekil@flottansman.se\">lysekil@marinkamraterna.se<\/a><\/p>\n<p>[\/et_pb_text][et_pb_text _builder_version=&#8221;4.16&#8243; _module_preset=&#8221;default&#8221; global_colors_info=&#8221;{}&#8221;][\/et_pb_text][et_pb_text _builder_version=&#8221;4.16&#8243; _module_preset=&#8221;default&#8221; global_colors_info=&#8221;{}&#8221;]<\/p>\n<p><strong>Sekreterare, v. Ordf\u00f6rande:<\/strong><\/p>\n<p><strong>Leif Lysberg\u00a0 <\/strong>Telefon: 070-2692141.\u00a0 E-post:<span>\u00a0<\/span><a href=\"mailto:leiflysberg@hotmail.com\">leiflysberg@hotmail.com<\/a><\/p>\n<h1><\/h1>\n<p>[\/et_pb_text][et_pb_text _builder_version=&#8221;4.16&#8243; _module_preset=&#8221;default&#8221; global_colors_info=&#8221;{}&#8221;]<\/p>\n<p><strong>v. Sekreterare:<\/strong><\/p>\n<p><strong>Carl-Gustaf von Konow\u00a0 <\/strong>Telefon: 073-1510580.\u00a0 E-post:<span>\u00a0<\/span><a href=\"mailto:carl-gustaf@vindbyggarna.se\">carl-gustaf@vindbyggarna.se<\/a><\/p>\n<h1><\/h1>\n<p>[\/et_pb_text][et_pb_text _builder_version=&#8221;4.16&#8243; _module_preset=&#8221;default&#8221; global_colors_info=&#8221;{}&#8221;]<\/p>\n<p><strong>Skattm\u00e4stare\/Kass\u00f6r:<\/strong><\/p>\n<p><strong>Arne Hasselgren\u00a0\u00a0<\/strong>Telefon:<strong>\u00a0<\/strong>070-2337969.\u00a0 E-post: <a href=\"mailto:arne.k.hasselgren@telia.com\">arne.k.hasselgren@telia.com<\/a><\/p>\n<h1><\/h1>\n<p>[\/et_pb_text][et_pb_text _builder_version=&#8221;4.16&#8243; _module_preset=&#8221;default&#8221; locked=&#8221;off&#8221; global_colors_info=&#8221;{}&#8221;]<\/p>\n<p><strong>Webbmaster, v. Medlemsregistrator:<\/strong><\/p>\n<p><strong> Mattias Bergsten<\/strong>\u00a0 Telefon: 070-5352794.\u00a0 E-post: <a href=\"mailto:lysekil@flottansman.se\">lysekil@marinkamraterna.se<\/a><\/p>\n<h1><\/h1>\n<p>[\/et_pb_text][et_pb_text _builder_version=&#8221;4.16&#8243; _module_preset=&#8221;default&#8221; global_colors_info=&#8221;{}&#8221;]<\/p>\n<p><strong>Klubbm\u00e4stare:<\/strong><\/p>\n<p><strong>Ronny Olsson\u00a0\u00a0<\/strong>Hemtelefon: 0523-14901.\u00a0 Mobil: 070-6149056.\u00a0 E-post: <a href=\"mailto:olsson.ronny@telia.com\">olsson.ronny@telia.com<\/a><\/p>\n<p>[\/et_pb_text][et_pb_text _builder_version=&#8221;4.16&#8243; _module_preset=&#8221;default&#8221; global_colors_info=&#8221;{}&#8221;]<\/p>\n<p><strong>v. Klubbm\u00e4stare:<\/strong><\/p>\n<p><strong>Anders Kajrud <\/strong>Telefon: 070-7311002.\u00a0 E-post:<span> anders.kajrud@spray.se<\/span><\/p>\n<p>[\/et_pb_text][et_pb_text _builder_version=&#8221;4.16&#8243; _module_preset=&#8221;default&#8221; global_colors_info=&#8221;{}&#8221;]<\/p>\n<p><strong>Stugfogde:<\/strong><\/p>\n<p>\u00a0<strong>Jan-Otto Pettersson\u00a0\u00a0<\/strong>Telefon: 076-1156844.\u00a0 E-post:<span>\u00a0<\/span><a href=\"mailto:jan-otto.pettersson@telia.com\">jan-otto.pettersson@telia.com<\/a><\/p>\n<p>[\/et_pb_text][\/et_pb_column_inner][\/et_pb_row_inner][\/et_pb_column][et_pb_column type=&#8221;1_4&#8243; _builder_version=&#8221;4.16&#8243; custom_padding=&#8221;|||&#8221; global_colors_info=&#8221;{}&#8221; custom_padding__hover=&#8221;|||&#8221;][et_pb_sidebar orientation=&#8221;right&#8221; _builder_version=&#8221;4.9.4&#8243; _module_preset=&#8221;default&#8221; header_font=&#8221;|600||on|||||&#8221; header_font_size=&#8221;20px&#8221; global_module=&#8221;33531&#8243; saved_tabs=&#8221;all&#8221; locked=&#8221;on&#8221; global_colors_info=&#8221;{}&#8221;][\/et_pb_sidebar][\/et_pb_column][\/et_pb_section]<\/p>\n","protected":false},"excerpt":{"rendered":"<p>Kamratf\u00f6reningen Flottans M\u00e4n Lysekil n\u00e5s p\u00e5 E-post\u00a0 lysekil@marinkamraterna.se\u00a0alternativt via telefon till n\u00e5gon i styrelsen. Ordf\u00f6rande, Medlemsregistrator, v. Webbmaster,: Van Carlzon\u00a0 Telefon: 070-4288006.\u00a0 E-post: lysekil@marinkamraterna.seSekreterare, v. Ordf\u00f6rande: Leif Lysberg\u00a0 Telefon: 070-2692141.\u00a0 E-post:\u00a0leiflysberg@hotmail.com v. Sekreterare: Carl-Gustaf von Konow\u00a0 Telefon: 073-1510580.\u00a0 E-post:\u00a0carl-gustaf@vindbyggarna.se Skattm\u00e4stare\/Kass\u00f6r: Arne Hasselgren\u00a0\u00a0Telefon:\u00a0070-2337969.\u00a0 E-post: arne.k.hasselgren@telia.com Webbmaster, v. Medlemsregistrator: Mattias Bergsten\u00a0 Telefon: 070-5352794.\u00a0 E-post: lysekil@marinkamraterna.se Klubbm\u00e4stare: Ronny [&hellip;]<\/p>\n","protected":false},"author":16,"featured_media":0,"parent":23,"menu_order":0,"comment_status":"closed","ping_status":"closed","template":"","meta":{"_et_pb_use_builder":"on","_et_pb_old_content":"","_et_gb_content_width":"","iawp_total_views":507,"footnotes":""},"class_list":["post-35443","page","type-page","status-publish","hentry"],"_links":{"self":[{"href":"https:\/\/marinkamraterna.se\/lysekil\/wp-json\/wp\/v2\/pages\/35443","targetHints":{"allow":["GET"]}}],"collection":[{"href":"https:\/\/marinkamraterna.se\/lysekil\/wp-json\/wp\/v2\/pages"}],"about":[{"href":"https:\/\/marinkamraterna.se\/lysekil\/wp-json\/wp\/v2\/types\/page"}],"author":[{"embeddable":true,"href":"https:\/\/marinkamraterna.se\/lysekil\/wp-json\/wp\/v2\/users\/16"}],"replies":[{"embeddable":true,"href":"https:\/\/marinkamraterna.se\/lysekil\/wp-json\/wp\/v2\/comments?post=35443"}],"version-history":[{"count":18,"href":"https:\/\/marinkamraterna.se\/lysekil\/wp-json\/wp\/v2\/pages\/35443\/revisions"}],"predecessor-version":[{"id":38188,"href":"https:\/\/marinkamraterna.se\/lysekil\/wp-json\/wp\/v2\/pages\/35443\/revisions\/38188"}],"up":[{"embeddable":true,"href":"https:\/\/marinkamraterna.se\/lysekil\/wp-json\/wp\/v2\/pages\/23"}],"wp:attachment":[{"href":"https:\/\/marinkamraterna.se\/lysekil\/wp-json\/wp\/v2\/media?parent=35443"}],"curies":[{"name":"wp","href":"https:\/\/api.w.org\/{rel}","templated":true}]}}