{"id":35572,"date":"2021-09-27T15:07:31","date_gmt":"2021-09-27T13:07:31","guid":{"rendered":"https:\/\/andersa6.sg-host.com\/norrkoping\/?page_id=35572"},"modified":"2021-10-23T16:48:19","modified_gmt":"2021-10-23T14:48:19","slug":"historik","status":"publish","type":"page","link":"https:\/\/marinkamraterna.se\/norrkoping\/om-foreningen\/historik\/","title":{"rendered":"Historik"},"content":{"rendered":"<p>[et_pb_section fb_built=&#8221;1&#8243; specialty=&#8221;on&#8221; padding_top_bottom_link_1=&#8221;false&#8221; padding_top_bottom_link_2=&#8221;false&#8221; padding_left_right_link_1=&#8221;false&#8221; padding_left_right_link_2=&#8221;false&#8221; padding_top_1=&#8221;0px&#8221; padding_top_2=&#8221;0px&#8221; _builder_version=&#8221;4.9.3&#8243; _module_preset=&#8221;default&#8221; custom_margin=&#8221;||||false|false&#8221; custom_padding=&#8221;||||false|false&#8221; locked=&#8221;off&#8221; global_colors_info=&#8221;{}&#8221;][et_pb_column type=&#8221;3_4&#8243; specialty_columns=&#8221;3&#8243; _builder_version=&#8221;3.25&#8243; custom_padding=&#8221;|||&#8221; global_colors_info=&#8221;{}&#8221; custom_padding__hover=&#8221;|||&#8221;][et_pb_row_inner column_structure=&#8221;1_2,1_2&#8243; _builder_version=&#8221;4.9.3&#8243; _module_preset=&#8221;default&#8221; custom_padding=&#8221;0px||||false|false&#8221; global_colors_info=&#8221;{}&#8221;][et_pb_column_inner type=&#8221;1_2&#8243; saved_specialty_column_type=&#8221;3_4&#8243; _builder_version=&#8221;4.9.3&#8243; _module_preset=&#8221;default&#8221; global_colors_info=&#8221;{}&#8221;][et_pb_text _builder_version=&#8221;4.11.3&#8243; _module_preset=&#8221;default&#8221; hover_enabled=&#8221;0&#8243; sticky_enabled=&#8221;0&#8243; min_height=&#8221;44.4px&#8221;]<\/p>\n<h1 style=\"text-align: left;\">Historik<\/h1>\n<p>[\/et_pb_text][et_pb_text _builder_version=&#8221;4.11.3&#8243; _module_preset=&#8221;default&#8221; hover_enabled=&#8221;0&#8243; global_colors_info=&#8221;{}&#8221; sticky_enabled=&#8221;0&#8243;]<\/p>\n<p><strong>UPPSTARTEN\u00a0 f\u00f6r Flottans M\u00e4n i Norrk\u00f6ping<\/strong><br \/>Det b\u00f6rjade med en annons i Norrk\u00f6pings Tidningar den 11\/6 1938, d\u00e4r intresserade h\u00e4sades v\u00e4lkomna till kaf\u00e9 Bj\u00f6rkdungen den 14 juni 1938 kl. 7,30 em, med syftet att bilda en lokalf\u00f6rening till Flottans M\u00e4ns Riksf\u00f6rening. Som ett bevis f\u00f6r detta datum \u00e5terfanns v\u00e5r ordf\u00f6randeklubba med texten &#8221;Flottans M\u00e4n Norrk\u00f6ping 14\/6-38&#8243; av Rolf Karlsson, \u00d6smo p\u00e5 &#8221; Hj\u00e4rta till hj\u00e4rta&#8221; i Link\u00f6ping. Rolf \u00e5terb\u00f6rdade klubban \u00a0den 9\/6-17 till Flottans M\u00e4n Norrk\u00f6ping som g\u00e5va. ETT STORT TACK TILL ROLF KARLSSON.<\/p>\n<p><strong>Enligt en notis Norrk\u00f6pings Tidningar den 2\/3 1940<\/strong><br \/>F\u00f6reningen Flottans M\u00e4n i Norrk\u00f6ping har allm\u00e4nt m\u00f6te i Folkets Hus festsal tisdagen den 8\/3 kl.7,00 em. varvid Kapten Lindberg, FC fartyget &#8221;\u00d6rnen&#8221; h\u00e5ller f\u00f6redrag. Filmer fr\u00e5n Marinen och neutralitetsvakten visas.<\/p>\n<p>En ny f\u00f6rening bildades den 28\/5 1946 under namnet &#8221;Gamla gastarna&#8221;, best\u00e5ende av fd. \u00f6rlogsm\u00e4n i Norrk\u00f6ping. Denna f\u00f6reningen uppl\u00f6stes i b\u00f6rjan p\u00e5 sextiotalet. Efter att ha legat i tr\u00e4da i ett antal \u00e5r \u00e5teruppstod f\u00f6reningen igen under namnet &#8221; Flottans M\u00e4n \u00d6sterg\u00f6tland&#8221; h\u00f6sten 1978. Eftersom m\u00e5nga medlemmar bodde i Link\u00f6ping h\u00f6lls m\u00e5nadsm\u00f6tena v\u00e4xelvis emellan de b\u00e5da st\u00e4derna. Vid ett \u00e5rsm\u00f6te 1992, d\u00e5 antalet medlemmar var 104 st, f\u00f6rdes fr\u00e5gan om en delning av p\u00e5 tal. Detta renderade i att Flottans M\u00e4n \u00d6sterg\u00f6tland den 14 april 1994 omnamnades till Flottans M\u00e4n Norrk\u00f6ping , och Flottans M\u00e4n Link\u00f6ping bildades.<\/p>\n<p>Nu b\u00f6rjade s\u00f6kandet efter l\u00e4mpliga lokaler. Norrk\u00f6pings kommun erbj\u00f6d oss den 1 februari 1966 att hyra gamla lokaler efter gasverket. Efter iordningsst\u00e4llandet invigdes lokalerna med pompa st\u00e5t den 19 april 1997 av Flottans M\u00e4ns d\u00e5varande riksordf\u00f6rande Gunnar Bengtsson i n\u00e4rvaro av representanter ifr\u00e5n Norrk\u00f6pings kommun. Ett\u00a0 annat inslag vid invigningen var ett \u00f6rlogsbes\u00f6k ifr\u00e5n kustflottan.<\/p>\n<p>Fr\u00e5n 2012 upph\u00f6rde Link\u00f6pingsf\u00f6reningen och d\u00e4refter representeras \u00e5terigen hela l\u00e4nsregionen av Flottans M\u00e4n Norrk\u00f6ping. Januari 2016 blev f\u00f6reningen uppsagd fr\u00e5n Salt\u00e4ngsgatan 48 och hade ett \u00e5r p\u00e5 sig att s\u00f6ka nya lokaler. I november 2016 antogs erbjudandet fr\u00e5n Norrk\u00f6pings kommun , att hyra en lokal p\u00e5 cirka 100 m2, ute p\u00e5 det tidigare flygvapenomr\u00e5det Br\u00e5valla, d\u00e4r det nu har skapats en ny maritim milj\u00f6.<\/p>\n<p>&nbsp;<\/p>\n<p>[\/et_pb_text][\/et_pb_column_inner][et_pb_column_inner type=&#8221;1_2&#8243; saved_specialty_column_type=&#8221;3_4&#8243; _builder_version=&#8221;4.9.3&#8243; _module_preset=&#8221;default&#8221; global_colors_info=&#8221;{}&#8221;][et_pb_image src=&#8221;http:\/\/marinkamraterna.se\/norrkoping\/wp-content\/uploads\/sites\/10\/2021\/09\/Nkp-klubba.jpg&#8221; title_text=&#8221;Nkp klubba&#8221; _builder_version=&#8221;4.10.8&#8243; _module_preset=&#8221;default&#8221; global_colors_info=&#8221;{}&#8221;][\/et_pb_image][et_pb_image src=&#8221;http:\/\/marinkamraterna.se\/norrkoping\/wp-content\/uploads\/sites\/10\/2021\/09\/20180607_103319.jpg&#8221; title_text=&#8221;20180607_103319&#8243; _builder_version=&#8221;4.10.8&#8243; _module_preset=&#8221;default&#8221; global_colors_info=&#8221;{}&#8221;][\/et_pb_image][\/et_pb_column_inner][\/et_pb_row_inner][\/et_pb_column][et_pb_column type=&#8221;1_4&#8243; _builder_version=&#8221;3.25&#8243; custom_padding=&#8221;|||&#8221; global_colors_info=&#8221;{}&#8221; custom_padding__hover=&#8221;|||&#8221;][et_pb_sidebar orientation=&#8221;right&#8221; _builder_version=&#8221;4.9.4&#8243; _module_preset=&#8221;default&#8221; header_font=&#8221;|600||on|||||&#8221; header_font_size=&#8221;20px&#8221; global_module=&#8221;33531&#8243; saved_tabs=&#8221;all&#8221; locked=&#8221;on&#8221; global_colors_info=&#8221;{}&#8221;][\/et_pb_sidebar][\/et_pb_column][\/et_pb_section]<\/p>\n","protected":false},"excerpt":{"rendered":"<p>HistorikUPPSTARTEN\u00a0 f\u00f6r Flottans M\u00e4n i Norrk\u00f6pingDet b\u00f6rjade med en annons i Norrk\u00f6pings Tidningar den 11\/6 1938, d\u00e4r intresserade h\u00e4sades v\u00e4lkomna till kaf\u00e9 Bj\u00f6rkdungen den 14 juni 1938 kl. 7,30 em, med syftet att bilda en lokalf\u00f6rening till Flottans M\u00e4ns Riksf\u00f6rening. Som ett bevis f\u00f6r detta datum \u00e5terfanns v\u00e5r ordf\u00f6randeklubba med texten &#8221;Flottans M\u00e4n Norrk\u00f6ping 14\/6-38&#8221; [&hellip;]<\/p>\n","protected":false},"author":3,"featured_media":0,"parent":33152,"menu_order":0,"comment_status":"closed","ping_status":"closed","template":"","meta":{"_et_pb_use_builder":"on","_et_pb_old_content":"<p>[et_pb_section fb_built=\"1\" specialty=\"on\" padding_top_bottom_link_1=\"false\" padding_top_bottom_link_2=\"false\" padding_left_right_link_1=\"false\" padding_left_right_link_2=\"false\" padding_top_1=\"0px\" padding_top_2=\"0px\" _builder_version=\"4.9.3\" _module_preset=\"default\" custom_margin=\"||||false|false\" custom_padding=\"||||false|false\" locked=\"off\" global_colors_info=\"{}\"][et_pb_column type=\"3_4\" specialty_columns=\"3\" _builder_version=\"3.25\" custom_padding=\"|||\" global_colors_info=\"{}\" custom_padding__hover=\"|||\"][et_pb_row_inner _builder_version=\"4.9.3\" _module_preset=\"default\" custom_padding=\"0px||||false|false\" global_colors_info=\"{}\"][et_pb_column_inner saved_specialty_column_type=\"3_4\" _builder_version=\"4.9.3\" _module_preset=\"default\" global_colors_info=\"{}\"][et_pb_post_title meta=\"off\" featured_image=\"off\" _builder_version=\"4.9.3\" _module_preset=\"default\" title_font_size=\"35px\" global_colors_info=\"{}\"][\/et_pb_post_title][\/et_pb_column_inner][\/et_pb_row_inner][et_pb_row_inner column_structure=\"1_2,1_2\" _builder_version=\"4.9.3\" _module_preset=\"default\" custom_padding=\"0px||||false|false\" global_colors_info=\"{}\"][et_pb_column_inner type=\"1_2\" saved_specialty_column_type=\"3_4\" _builder_version=\"4.9.3\" _module_preset=\"default\" global_colors_info=\"{}\"][et_pb_text _builder_version=\"4.10.8\" _module_preset=\"default\" global_colors_info=\"{}\"]<\/p><p><strong>UPPSTARTEN\u00a0 f\u00f6r Flottans M\u00e4n i Norrk\u00f6ping<\/strong><br \/>Det b\u00f6rjade med en annons i Norrk\u00f6pings Tidningar den 11\/6 1938, d\u00e4r intresserade h\u00e4sades v\u00e4lkomna till kaf\u00e9 Bj\u00f6rkdungen den 14 juni 1938 kl. 7,30 em, med syftet att bilda en lokalf\u00f6rening till Flottans M\u00e4ns Riksf\u00f6rening. Som ett bevis f\u00f6r detta datum \u00e5terfanns v\u00e5r ordf\u00f6randeklubba med texten \"Flottans M\u00e4n Norrk\u00f6ping 14\/6-38\" av Rolf Karlsson, \u00d6smo p\u00e5 \" Hj\u00e4rta till hj\u00e4rta\" i Link\u00f6ping. Rolf \u00e5terb\u00f6rdade klubban \u00a0den 9\/6-17 till Flottans M\u00e4n Norrk\u00f6ping som g\u00e5va. ETT STORT TACK TILL ROLF KARLSSON.<\/p><p><strong>Enligt en notis Norrk\u00f6pings Tidningar den 2\/3 1940<\/strong><br \/>F\u00f6reningen Flottans M\u00e4n i Norrk\u00f6ping har allm\u00e4nt m\u00f6te i Folkets Hus festsal tisdagen den 8\/3 kl.7,00 em. varvid Kapten Lindberg, FC fartyget \"\u00d6rnen\" h\u00e5ller f\u00f6redrag. Filmer fr\u00e5n Marinen och neutralitetsvakten visas.<\/p><p>En ny f\u00f6rening bildades den 28\/5 1946 under namnet \"Gamla gastarna\", best\u00e5ende av fd. \u00f6rlogsm\u00e4n i Norrk\u00f6ping. Denna f\u00f6reningen uppl\u00f6stes i b\u00f6rjan p\u00e5 sextiotalet. Efter att ha legat i tr\u00e4da i ett antal \u00e5r \u00e5teruppstod f\u00f6reningen igen under namnet \" Flottans M\u00e4n \u00d6sterg\u00f6tland\" h\u00f6sten 1978. Eftersom m\u00e5nga medlemmar bodde i Link\u00f6ping h\u00f6lls m\u00e5nadsm\u00f6tena v\u00e4xelvis emellan de b\u00e5da st\u00e4derna. Vid ett \u00e5rsm\u00f6te 1992, d\u00e5 antalet medlemmar var 104 st, f\u00f6rdes fr\u00e5gan om en delning av p\u00e5 tal. Detta renderade i att Flottans M\u00e4n \u00d6sterg\u00f6tland den 14 april 1994 omnamnades till Flottans M\u00e4n Norrk\u00f6ping , och Flottans M\u00e4n Link\u00f6ping bildades.<\/p><p>Nu b\u00f6rjade s\u00f6kandet efter l\u00e4mpliga lokaler. Norrk\u00f6pings kommun erbj\u00f6d oss den 1 februari 1966 att hyra gamla lokaler efter gasverket. Efter iordningsst\u00e4llandet invigdes lokalerna med pompa st\u00e5t den 19 april 1997 av Flottans M\u00e4ns d\u00e5varande riksordf\u00f6rande Gunnar Bengtsson i n\u00e4rvaro av representanter ifr\u00e5n Norrk\u00f6pings kommun. Ett\u00a0 annat inslag vid invigningen var ett \u00f6rlogsbes\u00f6k ifr\u00e5n kustflottan.<\/p><p>Fr\u00e5n 2012 upph\u00f6rde Link\u00f6pingsf\u00f6reningen och d\u00e4refter representeras \u00e5terigen hela l\u00e4nsregionen av Flottans M\u00e4n Norrk\u00f6ping. Januari 2016 blev f\u00f6reningen uppsagd fr\u00e5n Salt\u00e4ngsgatan 48 och hade ett \u00e5r p\u00e5 sig att s\u00f6ka nya lokaler. I november 2016 antogs erbjudandet fr\u00e5n Norrk\u00f6pings kommun , att hyra en lokal p\u00e5 cirka 100 m2, ute p\u00e5 det tidigare flygvapenomr\u00e5det Br\u00e5valla, d\u00e4r det nu har skapats en ny maritim milj\u00f6.<\/p><p>\u00a0<\/p><p>[\/et_pb_text][\/et_pb_column_inner][et_pb_column_inner type=\"1_2\" saved_specialty_column_type=\"3_4\" _builder_version=\"4.9.3\" _module_preset=\"default\" global_colors_info=\"{}\"][et_pb_image src=\"http:\/\/marinkamraterna.se\/norrkoping\/wp-content\/uploads\/sites\/10\/2021\/09\/Nkp-klubba.jpg\" title_text=\"Nkp klubba\" _builder_version=\"4.10.8\" _module_preset=\"default\" global_colors_info=\"{}\"][\/et_pb_image][et_pb_image src=\"http:\/\/marinkamraterna.se\/norrkoping\/wp-content\/uploads\/sites\/10\/2021\/09\/20180607_103319.jpg\" title_text=\"20180607_103319\" _builder_version=\"4.10.8\" _module_preset=\"default\" global_colors_info=\"{}\"][\/et_pb_image][\/et_pb_column_inner][\/et_pb_row_inner][\/et_pb_column][et_pb_column type=\"1_4\" _builder_version=\"3.25\" custom_padding=\"|||\" global_colors_info=\"{}\" custom_padding__hover=\"|||\"][et_pb_sidebar orientation=\"right\" _builder_version=\"4.9.4\" _module_preset=\"default\" header_font=\"|600||on|||||\" header_font_size=\"20px\" global_module=\"33531\" saved_tabs=\"all\" locked=\"on\" global_colors_info=\"{}\"][\/et_pb_sidebar][\/et_pb_column][\/et_pb_section]<\/p>","_et_gb_content_width":"","iawp_total_views":241,"footnotes":""},"class_list":["post-35572","page","type-page","status-publish","hentry"],"_links":{"self":[{"href":"https:\/\/marinkamraterna.se\/norrkoping\/wp-json\/wp\/v2\/pages\/35572","targetHints":{"allow":["GET"]}}],"collection":[{"href":"https:\/\/marinkamraterna.se\/norrkoping\/wp-json\/wp\/v2\/pages"}],"about":[{"href":"https:\/\/marinkamraterna.se\/norrkoping\/wp-json\/wp\/v2\/types\/page"}],"author":[{"embeddable":true,"href":"https:\/\/marinkamraterna.se\/norrkoping\/wp-json\/wp\/v2\/users\/3"}],"replies":[{"embeddable":true,"href":"https:\/\/marinkamraterna.se\/norrkoping\/wp-json\/wp\/v2\/comments?post=35572"}],"version-history":[{"count":23,"href":"https:\/\/marinkamraterna.se\/norrkoping\/wp-json\/wp\/v2\/pages\/35572\/revisions"}],"predecessor-version":[{"id":35747,"href":"https:\/\/marinkamraterna.se\/norrkoping\/wp-json\/wp\/v2\/pages\/35572\/revisions\/35747"}],"up":[{"embeddable":true,"href":"https:\/\/marinkamraterna.se\/norrkoping\/wp-json\/wp\/v2\/pages\/33152"}],"wp:attachment":[{"href":"https:\/\/marinkamraterna.se\/norrkoping\/wp-json\/wp\/v2\/media?parent=35572"}],"curies":[{"name":"wp","href":"https:\/\/api.w.org\/{rel}","templated":true}]}}