{"id":33152,"date":"2020-12-10T17:41:01","date_gmt":"2020-12-10T16:41:01","guid":{"rendered":"https:\/\/wwps.se\/?page_id=33152"},"modified":"2026-03-27T13:35:02","modified_gmt":"2026-03-27T12:35:02","slug":"om-foreningen","status":"publish","type":"page","link":"https:\/\/marinkamraterna.se\/sodertalje\/om-foreningen\/","title":{"rendered":"Om f\u00f6reningen"},"content":{"rendered":"<p>[et_pb_section fb_built=&#8221;1&#8243; specialty=&#8221;on&#8221; padding_top_1=&#8221;0px&#8221; padding_top_2=&#8221;0px&#8221; padding_top_bottom_link_1=&#8221;false&#8221; padding_top_bottom_link_2=&#8221;false&#8221; padding_left_right_link_1=&#8221;false&#8221; padding_left_right_link_2=&#8221;false&#8221; _builder_version=&#8221;4.16&#8243; _module_preset=&#8221;default&#8221; custom_margin=&#8221;||||false|false&#8221; custom_padding=&#8221;||||false|false&#8221; locked=&#8221;off&#8221; global_colors_info=&#8221;{}&#8221;][et_pb_column type=&#8221;3_4&#8243; specialty_columns=&#8221;3&#8243; _builder_version=&#8221;4.16&#8243; custom_padding=&#8221;|||&#8221; global_colors_info=&#8221;{}&#8221; custom_padding__hover=&#8221;|||&#8221;][et_pb_row_inner _builder_version=&#8221;4.16&#8243; _module_preset=&#8221;default&#8221; custom_padding=&#8221;0px|||0px|false|false&#8221; global_colors_info=&#8221;{}&#8221;][et_pb_column_inner saved_specialty_column_type=&#8221;3_4&#8243; _builder_version=&#8221;4.16&#8243; _module_preset=&#8221;default&#8221; global_colors_info=&#8221;{}&#8221;][et_pb_text _builder_version=&#8221;4.16&#8243; _module_preset=&#8221;default&#8221; custom_padding=&#8221;||16px|||&#8221; global_colors_info=&#8221;{}&#8221;]<\/p>\n<h2><span>V\u00e4lkommen till Marinkamraterna S\u00f6dert\u00e4lje!<\/span><\/h2>\n<p>[\/et_pb_text][et_pb_text _builder_version=&#8221;4.16&#8243; _module_preset=&#8221;default&#8221; global_colors_info=&#8221;{}&#8221;]<\/p>\n<p>Marinkamraterna S\u00f6dert\u00e4lje \u00e4r en lokal kamratf\u00f6rening av Marinkamraternas Riksf\u00f6rbund. Vi bildades 1945 och leds av en styrelse med ordf\u00f6rande och sju ledam\u00f6ter.<\/p>\n<p>\u00c5r 2021 \u00e4r vi 108 medlemmar.<\/p>\n<p>Vi h\u00e5ller \u00e5rsm\u00f6te i mars m\u00e5nad varje \u00e5r. Efter \u00e5rsm\u00f6tet har vi gemensam f\u00f6rt\u00e4ring tillsammans med respektive. Information om v\u00e5r verksamhet f\u00e5r medlemmarna genom regelbundna mailutskick. Fr\u00e5n riksf\u00f6rbundet kommer tidskriften &#8221;V\u00c5R MARIN&#8221;\u00a0 som utkommer 4 g\u00e5nger \u00e5rligen.<\/p>\n<p>[\/et_pb_text][et_pb_image src=&#8221;http:\/\/marinkamraterna.se\/sodertalje\/wp-content\/uploads\/sites\/13\/2021\/09\/wmsproxy.jpg&#8221; title_text=&#8221;wmsproxy&#8221; align=&#8221;center&#8221; _builder_version=&#8221;4.16&#8243; _module_preset=&#8221;default&#8221; custom_padding=&#8221;||2px|||&#8221; global_colors_info=&#8221;{}&#8221;][\/et_pb_image][et_pb_text _builder_version=&#8221;4.16&#8243; _module_preset=&#8221;default&#8221; custom_padding=&#8221;|||0px||&#8221; global_colors_info=&#8221;{}&#8221;]<\/p>\n<p>&nbsp;<\/p>\n<p>V\u00e5r lilla \u00f6 Notholmen \u00e4r p\u00e5 8 200 m<sup>2<\/sup>. Den ligger strax norr om Skanssundet intill farleden till S\u00f6dert\u00e4lje (<strong>N 59.03. 257.; E17.40.968.\u00a0<\/strong>).\u00a0P\u00e5 \u00f6n har vi nio \u00f6vernattningsstugor med totalt 25 b\u00e4ddar som kan hyras av i f\u00f6rsta hand medlemmar f\u00f6r en l\u00e5g avgift. Till stugorna h\u00f6r ett gemensamt k\u00f6k med kyl och frys. Vi har v\u00e4l skyddade bryggor och kan ta emot ett tjugotal b\u00e5tar. Du kan koppla str\u00f6m och hamnavgiften \u00e4r l\u00e5g.<\/p>\n<h3>V\u00e5ra traditionella aktiviteter p\u00e5 Notholmen \u00e4r:<\/h3>\n<ul>\n<li>Sillfrukost, l\u00f6rdagen f\u00f6re midsommar<\/li>\n<li>Midsommarfirande och midsommardagens lekfulla femkamp<\/li>\n<li>Kr\u00e4ftskiva n\u00e4st sista l\u00f6rdagen i augusti<\/li>\n<\/ul>\n<p>\u00d6vriga aktiviteter meddelas h\u00e4r p\u00e5 hemsidan och via mail.<\/p>\n<p>Tillsammans med FM i Region Mitt har vi en femkamp d\u00e4r de olika f\u00f6reningarna turas om att st\u00e5 f\u00f6r v\u00e4rdskapet.<\/p>\n<p>\u00c4r Du intresserad att bli medlem eller \u00f6nskar ytterligare information om f\u00f6reningen kan Du kontakta v\u00e5r vice ordf\u00f6rande som \u00e4r ansvarig f\u00f6r medlemsrekrytering.<\/p>\n<p>&nbsp;<\/p>\n<p>[\/et_pb_text][\/et_pb_column_inner][\/et_pb_row_inner][\/et_pb_column][et_pb_column type=&#8221;1_4&#8243; _builder_version=&#8221;4.16&#8243; custom_padding=&#8221;|||&#8221; global_colors_info=&#8221;{}&#8221; custom_padding__hover=&#8221;|||&#8221;][et_pb_sidebar orientation=&#8221;right&#8221; area=&#8221;et_pb_widget_area_5&#8243; module_class=&#8221;right-menues&#8221; _builder_version=&#8221;4.9.11&#8243; _module_preset=&#8221;default&#8221; custom_margin=&#8221;||0px||false|false&#8221; global_module=&#8221;35107&#8243; saved_tabs=&#8221;all&#8221; locked=&#8221;off&#8221; global_colors_info=&#8221;{}&#8221;][\/et_pb_sidebar][et_pb_sidebar orientation=&#8221;right&#8221; _builder_version=&#8221;4.9.4&#8243; _module_preset=&#8221;default&#8221; header_font=&#8221;|600||on|||||&#8221; header_font_size=&#8221;20px&#8221; global_module=&#8221;33531&#8243; saved_tabs=&#8221;all&#8221; locked=&#8221;off&#8221; global_colors_info=&#8221;{}&#8221;][\/et_pb_sidebar][\/et_pb_column][\/et_pb_section]<\/p>\n","protected":false},"excerpt":{"rendered":"<p>V\u00e4lkommen till Marinkamraterna S\u00f6dert\u00e4lje!Marinkamraterna S\u00f6dert\u00e4lje \u00e4r en lokal kamratf\u00f6rening av Marinkamraternas Riksf\u00f6rbund. Vi bildades 1945 och leds av en styrelse med ordf\u00f6rande och sju ledam\u00f6ter. \u00c5r 2021 \u00e4r vi 108 medlemmar. Vi h\u00e5ller \u00e5rsm\u00f6te i mars m\u00e5nad varje \u00e5r. Efter \u00e5rsm\u00f6tet har vi gemensam f\u00f6rt\u00e4ring tillsammans med respektive. Information om v\u00e5r verksamhet f\u00e5r medlemmarna genom [&hellip;]<\/p>\n","protected":false},"author":1,"featured_media":0,"parent":0,"menu_order":1,"comment_status":"closed","ping_status":"closed","template":"","meta":{"_et_pb_use_builder":"on","_et_pb_old_content":"","_et_gb_content_width":"","iawp_total_views":189,"footnotes":""},"class_list":["post-33152","page","type-page","status-publish","hentry"],"_links":{"self":[{"href":"https:\/\/marinkamraterna.se\/sodertalje\/wp-json\/wp\/v2\/pages\/33152","targetHints":{"allow":["GET"]}}],"collection":[{"href":"https:\/\/marinkamraterna.se\/sodertalje\/wp-json\/wp\/v2\/pages"}],"about":[{"href":"https:\/\/marinkamraterna.se\/sodertalje\/wp-json\/wp\/v2\/types\/page"}],"author":[{"embeddable":true,"href":"https:\/\/marinkamraterna.se\/sodertalje\/wp-json\/wp\/v2\/users\/1"}],"replies":[{"embeddable":true,"href":"https:\/\/marinkamraterna.se\/sodertalje\/wp-json\/wp\/v2\/comments?post=33152"}],"version-history":[{"count":37,"href":"https:\/\/marinkamraterna.se\/sodertalje\/wp-json\/wp\/v2\/pages\/33152\/revisions"}],"predecessor-version":[{"id":38007,"href":"https:\/\/marinkamraterna.se\/sodertalje\/wp-json\/wp\/v2\/pages\/33152\/revisions\/38007"}],"wp:attachment":[{"href":"https:\/\/marinkamraterna.se\/sodertalje\/wp-json\/wp\/v2\/media?parent=33152"}],"curies":[{"name":"wp","href":"https:\/\/api.w.org\/{rel}","templated":true}]}}