{"id":33986,"date":"2021-06-04T19:12:08","date_gmt":"2021-06-04T17:12:08","guid":{"rendered":"http:\/\/andersa6.sg-host.com\/trelleborg\/?page_id=33986"},"modified":"2026-04-01T08:35:56","modified_gmt":"2026-04-01T06:35:56","slug":"styrelse","status":"publish","type":"page","link":"https:\/\/marinkamraterna.se\/trelleborg\/startsidan\/om-foreningen\/styrelse\/","title":{"rendered":"Styrelse"},"content":{"rendered":"<p>[et_pb_section fb_built=&#8221;1&#8243; specialty=&#8221;on&#8221; padding_top_1=&#8221;45px&#8221; padding_top_2=&#8221;45px&#8221; padding_top_bottom_link_1=&#8221;false&#8221; padding_top_bottom_link_2=&#8221;false&#8221; padding_left_right_link_1=&#8221;false&#8221; padding_left_right_link_2=&#8221;false&#8221; _builder_version=&#8221;4.16&#8243; _module_preset=&#8221;default&#8221; custom_margin=&#8221;||||false|false&#8221; custom_padding=&#8221;0px||||false|false&#8221; locked=&#8221;off&#8221; collapsed=&#8221;off&#8221; global_colors_info=&#8221;{}&#8221;][et_pb_column type=&#8221;3_4&#8243; specialty_columns=&#8221;3&#8243; _builder_version=&#8221;4.16&#8243; custom_padding=&#8221;|||&#8221; global_colors_info=&#8221;{}&#8221; custom_padding__hover=&#8221;|||&#8221;][et_pb_row_inner _builder_version=&#8221;4.16&#8243; _module_preset=&#8221;default&#8221; custom_padding=&#8221;0px||||false|false&#8221; collapsed=&#8221;off&#8221; global_colors_info=&#8221;{}&#8221;][et_pb_column_inner saved_specialty_column_type=&#8221;3_4&#8243; _builder_version=&#8221;4.16&#8243; _module_preset=&#8221;default&#8221; global_colors_info=&#8221;{}&#8221;][et_pb_text _builder_version=&#8221;4.16&#8243; _module_preset=&#8221;default&#8221; global_colors_info=&#8221;{}&#8221;]<\/p>\n<div id=\"topMenu\" class=\"container\">\n<p>&nbsp;<\/p>\n<\/div>\n<div id=\"contentRight\" class=\"grid_10\">\n<div id=\"contentContainer\">\n<h1>F\u00f6reningsfunktion\u00e4rer 2026<\/h1>\n<p>Om du vill meddela n\u00e5got till hela styrelsen kan du anv\u00e4nda v\u00e5r gemensamma<\/p>\n<p>mailadress:<a href=\"mailto:fmtrelleborg@gmail.com\"> trelleborg@marinkamraterna.se<\/a><\/p>\n<h2><span style=\"color: #0c71c3\"><\/span><\/h2>\n<h2><strong>Styrelsen<\/strong><\/h2>\n<p><strong><u>Ordf\u00f6rande<\/u><\/strong>: <strong><em>Maths Witt<\/em><\/strong>, 0734 18 86 25, <a href=\"mailto:maths.witt@saabgroup.com\">maths.witt@saabgroup.com<\/a><\/p>\n<p><strong><u>Vice ordf\u00f6rande &amp; Facebook:<\/u><\/strong> <strong><em>Katarina Grip<\/em><\/strong>, 0705 80 93 39, <a href=\"mailto:bengt.grip@oulook.com\">bengt.grip@oulook.com<\/a><\/p>\n<p><strong><u>Skattm\u00e4stare &amp; Klubbm\u00e4stare:<\/u><\/strong> <strong><em>Bengt Grip<\/em><\/strong>, 0702 10 34 85, <a href=\"mailto:bengt.grip@oulook.com\">bengt.grip@oulook.com<\/a><\/p>\n<p><strong><u>Sekreterare &amp; Medlemsansvarig:<\/u><\/strong> <strong><em>Thomas Andersson<\/em><\/strong>; 0731 00 55 41, <a href=\"mailto:thomasxandersson2014@gmail.com\" style=\"font-size: 15px\">thomasxandersson2014@gmail.com<\/a><\/p>\n<p><strong><u>Hemsida:<\/u><\/strong> <strong><em>Lars &#8221;Sigge&#8221; Sigurdh<\/em><\/strong>, 072 72 72 484, <a href=\"mailto:lars@sigurdh.nu\">lars@sigurdh.nu<\/a><\/p>\n<p><strong><u>Lokalansvarig:<\/u><\/strong> <strong><em>Bengt \u00c5kesson<\/em><\/strong>, 0735 73 94 52. <a href=\"mailto:akessonbengtarne@gmail.com\">akessonbengtarne@gmail.com<\/a><\/p>\n<p><strong><u>Flaggvaktsansvarig:<\/u><\/strong> <strong><em>Lars-Gunnar Hansson<\/em><\/strong>, 0708 13 11 57, <a href=\"mailto:lgh50@live.se\">lgh50@live.se<\/a><\/p>\n<p>&nbsp;<\/p>\n<p><strong style=\"font-size: 26px\">Revisorer<\/strong><\/p>\n<p><strong><em>Per-Erik Johansson<\/em><\/strong>, 0410 71 17 45, <a href=\"mailto:lyckopaje@gmail.com\">lyckopaje@gmail.com<\/a><\/p>\n<p><strong><em>Stephan Bladh<\/em><\/strong>, 0701 43 53 63, <a href=\"mailto:sfolia9@gmail.com\">sfolia9@gmail.com<\/a><\/p>\n<p><strong style=\"font-size: 26px\"><\/strong><\/p>\n<p><strong style=\"font-size: 26px\"><\/strong><\/p>\n<p><strong style=\"font-size: 26px\">Valberedning<\/strong><\/p>\n<p><strong><em>Bertil Burheim<\/em><\/strong>, 0410 33 46 96, <a href=\"mailto:bertil.burheim@hotmail.se\">bertil.burheim@hotmail.se<\/a><\/p>\n<p><strong><em>Robert Vernsg\u00e5rd<\/em><\/strong>, 0703 17 18 30 <a href=\"mailto:robert.vernsgard@gmail.com\">robert.vernsgard@gmail.com<\/a><\/p>\n<p>&nbsp;<\/p>\n<p>&nbsp;<\/p>\n<\/div>\n<\/div>\n<p>[\/et_pb_text][\/et_pb_column_inner][\/et_pb_row_inner][\/et_pb_column][et_pb_column type=&#8221;1_4&#8243; _builder_version=&#8221;4.16&#8243; custom_padding=&#8221;|||&#8221; global_colors_info=&#8221;{}&#8221; custom_padding__hover=&#8221;|||&#8221;][et_pb_image src=&#8221;https:\/\/marinkamraterna.se\/trelleborg\/wp-content\/uploads\/sites\/27\/2021\/11\/Trelleborgs-angoringsfyr-1.jpg&#8221; alt=&#8221;body of water during golden hour&#8221; title_text=&#8221;Trelleborgs Ang\u00f6ringsfyr 1&#8243; _builder_version=&#8221;4.16&#8243; _module_preset=&#8221;default&#8221; custom_margin=&#8221;||10px||false|false&#8221; custom_padding=&#8221;||||false|false&#8221; global_colors_info=&#8221;{}&#8221;][\/et_pb_image][et_pb_text _builder_version=&#8221;4.16&#8243; _module_preset=&#8221;default&#8221; text_font=&#8221;||on||||||&#8221; text_font_size=&#8221;14px&#8221; global_colors_info=&#8221;{}&#8221;]<\/p>\n<p>Bildtext<\/p>\n<p>[\/et_pb_text][et_pb_sidebar orientation=&#8221;right&#8221; area=&#8221;et_pb_widget_area_5&#8243; module_class=&#8221;right-menues&#8221; _builder_version=&#8221;4.9.11&#8243; _module_preset=&#8221;default&#8221; custom_margin=&#8221;||0px||false|false&#8221; global_module=&#8221;35107&#8243; saved_tabs=&#8221;all&#8221; locked=&#8221;on&#8221; global_colors_info=&#8221;{}&#8221;][\/et_pb_sidebar][et_pb_sidebar orientation=&#8221;right&#8221; admin_label=&#8221;Sidof\u00e4lt&#8221; _builder_version=&#8221;4.9.4&#8243; _module_preset=&#8221;default&#8221; header_font=&#8221;|600||on|||||&#8221; header_font_size=&#8221;20px&#8221; global_module=&#8221;33531&#8243; saved_tabs=&#8221;all&#8221; locked=&#8221;on&#8221; global_colors_info=&#8221;{}&#8221;][\/et_pb_sidebar][\/et_pb_column][\/et_pb_section]<\/p>\n","protected":false},"excerpt":{"rendered":"<p>&nbsp; F\u00f6reningsfunktion\u00e4rer 2026 Om du vill meddela n\u00e5got till hela styrelsen kan du anv\u00e4nda v\u00e5r gemensamma mailadress: trelleborg@marinkamraterna.se Styrelsen Ordf\u00f6rande: Maths Witt, 0734 18 86 25, maths.witt@saabgroup.com Vice ordf\u00f6rande &amp; Facebook: Katarina Grip, 0705 80 93 39, bengt.grip@oulook.com Skattm\u00e4stare &amp; Klubbm\u00e4stare: Bengt Grip, 0702 10 34 85, bengt.grip@oulook.com Sekreterare &amp; Medlemsansvarig: Thomas Andersson; 0731 00 [&hellip;]<\/p>\n","protected":false},"author":1,"featured_media":0,"parent":33152,"menu_order":3,"comment_status":"closed","ping_status":"closed","template":"","meta":{"_et_pb_use_builder":"on","_et_pb_old_content":"","_et_gb_content_width":"","iawp_total_views":892,"footnotes":""},"class_list":["post-33986","page","type-page","status-publish","hentry"],"_links":{"self":[{"href":"https:\/\/marinkamraterna.se\/trelleborg\/wp-json\/wp\/v2\/pages\/33986","targetHints":{"allow":["GET"]}}],"collection":[{"href":"https:\/\/marinkamraterna.se\/trelleborg\/wp-json\/wp\/v2\/pages"}],"about":[{"href":"https:\/\/marinkamraterna.se\/trelleborg\/wp-json\/wp\/v2\/types\/page"}],"author":[{"embeddable":true,"href":"https:\/\/marinkamraterna.se\/trelleborg\/wp-json\/wp\/v2\/users\/1"}],"replies":[{"embeddable":true,"href":"https:\/\/marinkamraterna.se\/trelleborg\/wp-json\/wp\/v2\/comments?post=33986"}],"version-history":[{"count":20,"href":"https:\/\/marinkamraterna.se\/trelleborg\/wp-json\/wp\/v2\/pages\/33986\/revisions"}],"predecessor-version":[{"id":42973,"href":"https:\/\/marinkamraterna.se\/trelleborg\/wp-json\/wp\/v2\/pages\/33986\/revisions\/42973"}],"up":[{"embeddable":true,"href":"https:\/\/marinkamraterna.se\/trelleborg\/wp-json\/wp\/v2\/pages\/33152"}],"wp:attachment":[{"href":"https:\/\/marinkamraterna.se\/trelleborg\/wp-json\/wp\/v2\/media?parent=33986"}],"curies":[{"name":"wp","href":"https:\/\/api.w.org\/{rel}","templated":true}]}}