{"id":33353,"date":"2021-04-05T13:38:35","date_gmt":"2021-04-05T11:38:35","guid":{"rendered":"https:\/\/andersa6.sg-host.com\/?page_id=33353"},"modified":"2026-02-11T14:56:46","modified_gmt":"2026-02-11T13:56:46","slug":"program","status":"publish","type":"page","link":"https:\/\/marinkamraterna.se\/vasteras\/program\/","title":{"rendered":"Program"},"content":{"rendered":"<p>[et_pb_section fb_built=&#8221;1&#8243; specialty=&#8221;on&#8221; padding_top_1=&#8221;0px&#8221; padding_top_2=&#8221;0px&#8221; padding_top_bottom_link_1=&#8221;false&#8221; padding_top_bottom_link_2=&#8221;false&#8221; padding_left_right_link_1=&#8221;false&#8221; padding_left_right_link_2=&#8221;false&#8221; _builder_version=&#8221;4.16&#8243; _module_preset=&#8221;default&#8221; custom_margin=&#8221;||||false|false&#8221; custom_padding=&#8221;||||false|false&#8221; locked=&#8221;off&#8221; global_colors_info=&#8221;{}&#8221;][et_pb_column type=&#8221;3_4&#8243; specialty_columns=&#8221;3&#8243; _builder_version=&#8221;4.16&#8243; custom_padding=&#8221;|||&#8221; global_colors_info=&#8221;{}&#8221; custom_padding__hover=&#8221;|||&#8221;][et_pb_row_inner _builder_version=&#8221;4.16&#8243; _module_preset=&#8221;default&#8221; custom_padding=&#8221;0px||||false|false&#8221; global_colors_info=&#8221;{}&#8221;][et_pb_column_inner saved_specialty_column_type=&#8221;3_4&#8243; _builder_version=&#8221;4.16&#8243; _module_preset=&#8221;default&#8221; global_colors_info=&#8221;{}&#8221;][et_pb_post_title meta=&#8221;off&#8221; featured_image=&#8221;off&#8221; _builder_version=&#8221;4.16&#8243; _module_preset=&#8221;default&#8221; title_font_size=&#8221;35px&#8221; global_colors_info=&#8221;{}&#8221;][\/et_pb_post_title][et_pb_text _builder_version=&#8221;4.27.5&#8243; _module_preset=&#8221;default&#8221; global_colors_info=&#8221;{}&#8221;]<\/p>\n<p><strong>F\u00f6reningen Marinkamraterna Program f\u00f6r 2026 editerad 260211<\/strong><\/p>\n<p><strong>\u00a0<\/strong><\/p>\n<p><strong>V\u00e5r Vision:<\/strong><\/p>\n<p>\u201dDet naturliga valet f\u00f6r bevarande av Marinens och Svenska F\u00f6rsvarets intressen och traditioner\u201d\u00a0<\/p>\n<p>Styrelsem\u00f6ten kommer att \u00e4ga rum andra onsdagen i m\u00e5naden kl 16.30 med start 21 jan, 18 feb, 11 mar, 8 apr, 13 maj, 10 jun, 12 aug, 9 sept, 14 okt, 11 nov och 9 dec\u00a0<\/p>\n<p>Klubbm\u00f6ten kommer att h\u00e5llas 2ggr p\u00e5 Vt och 2ggr p\u00e5 Ht. f\u00f6r f\u00f6reningsuppdatering och planering.\u00a0<\/p>\n<p>Marinlokalen kommer att vara \u00f6ppen f\u00f6r medlemmarna varannan onsdag j\u00e4mn vecka.\u00a0<\/p>\n<p>14:e jan M\u00f6te med V\u00e4ster\u00e5s stad i Marinlokalen\u00a0<\/p>\n<p>21: a jan m\u00f6te p\u00e5 Led R\u00a0<\/p>\n<p>7:e feb F\u00f6reningens \u00c5rsm\u00f6te med stadge\u00e4ndring\u00a0<\/p>\n<p>18:e feb klubbm\u00f6te\/styrelsem\u00f6te i Marinlokalen\u00a0<\/p>\n<p>2: a feb m\u00f6te stadshuset Totalf\u00f6rsvarsdagen\u00a0<\/p>\n<p>Mars, regionalt FM m\u00f6te p\u00e5 Drottning Victorias \u00d6rlogshem i Stockholm.\u00a0<\/p>\n<p>12:e mars Totalf\u00f6rsvarskv\u00e4ll Fullm\u00e4ktigesalen\u00a0<\/p>\n<p>Mars, B\u00e5tm\u00e4ssan Allt f\u00f6r sj\u00f6n (ej sanktionerat fr\u00e5n f\u00f6rening)\u00a0<\/p>\n<p>18 mars \u00e4rtsoppsmiddag kl 17.00*)\u00a0<\/p>\n<p>1:a april p\u00e5sktallrik i Marinlokalen\u00a0<\/p>\n<p>22-23 22\u201323 f\u00f6r Sveriges Milit\u00e4ra Kamratf\u00f6reningars Riksf\u00f6rbund (SMKR). \u00c5bo ordf deltar\u00a0<\/p>\n<p>11\u201313 maj, F\u00f6rbundets riks\u00e5rsm\u00f6te Marstrand\u00a0<\/p>\n<p>6:e maj KM i luftvapen kl 18.00 *). Hemma hos B\u00f6rje\u00a0<\/p>\n<p>Maj, v\u00e5raktivitet resa, m\u00e5l och datum \u00e4nnu ej best\u00e4mt\u00a0<\/p>\n<p>29 maj Veterandagen i Vasaparken i V\u00e4ster\u00e5s FM deltar i fanborg\u00a0<\/p>\n<p>30 maj Totalf\u00f6rsvarsdagen \u00e5r 2, organiserat med V\u00e4ster\u00e5s Stad f\u00f6rhoppning om bes\u00f6k av \u00f6rlogsfartyg M20, M21 2 attackb\u00e5tar. Vi siktar p\u00e5 att ca 6000 skall bes\u00f6ka detta evenemang 23 frivilliga f\u00f6reningar.\u00a0<\/p>\n<p>4:e juni Ledningsregementet, LedR:s h\u00f6gtidsdag med soldaterinran\u00a0<\/p>\n<p>6 juni Nationaldagsfirande med fanborg p\u00e5 Dj\u00e4kneberget d\u00e4refter fika i Marinlokalen*)<\/p>\n<p>&nbsp;<\/p>\n<p><strong>SOMMARUPPEH\u00c5LL<\/strong><\/p>\n<p>&nbsp;<\/p>\n<p>12 aug terminsstart med grillkv\u00e4ll i Borg\u00e5sund kl 18.00 *)\u00a0<\/p>\n<p>Aug \u00d6rlogsdagarna 2026, arrangeras p\u00e5 Sj\u00f6historiskas fartygs pir vid Vasamuseet (ej sanktionerat fr\u00e5n f\u00f6rening)\u00a0<\/p>\n<p>2:a sept Hedersmedlemmars afton hedersutn\u00e4mnanden\/ klubbafton\u00a0<\/p>\n<p>30:e augusti, Femkamp i Nyn\u00e4shamnk<\/p>\n<p>Sep, \u201dl\u00e5ngresa\u201d Flera f\u00f6rslag finns, Programasvarig\u00a0<\/p>\n<p>6:e sept EDIP (En Dag i Paradiset) veteranflottiljens dag p\u00e5 G\u00e5l\u00f6\u00a0<\/p>\n<p>17:e sept Minnesceremoni M\u00e4rsgarn \u00e5rsdag av jagarolyckan d\u00e4r 33 omkom\u00a0<\/p>\n<p>September bes\u00f6ksdag p\u00e5 LedR i Enk\u00f6ping med soldaterinran fan- och flaggvakt.\u00a0<\/p>\n<p>Oktober, regionm\u00f6te DV\u00d6H i Stockholm\u00a0<\/p>\n<p>22:a oktober SMKR-mittm\u00f6te\u00a0<\/p>\n<p>25:e nov, nya medlemmars afton, klubbm\u00f6te\u00a0<\/p>\n<p>12:e dec Julvesper i Domkyrkan med andra kamratf\u00f6reningar samt Hemv\u00e4rnet<\/p>\n<p><strong>\u00a0<\/strong><\/p>\n<p><strong>JULUPPEH\u00c5LL<\/strong><\/p>\n<p><strong><\/strong><\/p>\n<p><strong>*) An\u00e4lan till klubbm\u00e4staren beh\u00f6vs<\/strong><\/p>\n<p>[\/et_pb_text][et_pb_text _builder_version=&#8221;4.27.5&#8243; _module_preset=&#8221;default&#8221; link_option_url=&#8221;https:\/\/marinkamraterna.se\/vasteras\/program-pdf\/&#8221; link_option_url_new_window=&#8221;on&#8221; global_colors_info=&#8221;{}&#8221;]<\/p>\n<p><span style=\"color: #3366ff\">Utskriftsversion [PDF]<\/span><\/p>\n<p>[\/et_pb_text][et_pb_divider _builder_version=&#8221;4.16&#8243; _module_preset=&#8221;default&#8221; global_colors_info=&#8221;{}&#8221;][\/et_pb_divider][\/et_pb_column_inner][\/et_pb_row_inner][et_pb_row_inner column_structure=&#8221;1_3,1_3,1_3&#8243; _builder_version=&#8221;4.16&#8243; _module_preset=&#8221;default&#8221; custom_padding=&#8221;0px||||false|false&#8221; global_colors_info=&#8221;{}&#8221;][et_pb_column_inner type=&#8221;1_3&#8243; saved_specialty_column_type=&#8221;3_4&#8243; _builder_version=&#8221;4.16&#8243; _module_preset=&#8221;default&#8221; global_colors_info=&#8221;{}&#8221;][et_pb_image src=&#8221;https:\/\/marinkamraterna.se\/vasteras\/wp-content\/uploads\/sites\/14\/2021\/11\/HMS-Visby.jpg&#8221; alt=&#8221;bauble balls hang on christmas tree&#8221; title_text=&#8221;HMS Visby&#8221; _builder_version=&#8221;4.16&#8243; _module_preset=&#8221;default&#8221; global_colors_info=&#8221;{}&#8221;][\/et_pb_image][\/et_pb_column_inner][et_pb_column_inner type=&#8221;1_3&#8243; saved_specialty_column_type=&#8221;3_4&#8243; _builder_version=&#8221;4.16&#8243; _module_preset=&#8221;default&#8221; global_colors_info=&#8221;{}&#8221;][et_pb_image src=&#8221;https:\/\/marinkamraterna.se\/vasteras\/wp-content\/uploads\/sites\/14\/2021\/12\/Foren-pa-J18.jpg&#8221; alt=&#8221;red and yellow snow sled on snow covered ground&#8221; title_text=&#8221;F\u00f6ren P\u00e5 J18&#8243; _builder_version=&#8221;4.16&#8243; _module_preset=&#8221;default&#8221; global_colors_info=&#8221;{}&#8221;][\/et_pb_image][\/et_pb_column_inner][et_pb_column_inner type=&#8221;1_3&#8243; saved_specialty_column_type=&#8221;3_4&#8243; _builder_version=&#8221;4.16&#8243; _module_preset=&#8221;default&#8221; global_colors_info=&#8221;{}&#8221;][et_pb_image src=&#8221;https:\/\/marinkamraterna.se\/vasteras\/wp-content\/uploads\/sites\/14\/2021\/12\/HMS-Visborg.jpg&#8221; alt=&#8221;green pine tree with fireflies&#8221; title_text=&#8221;HMS Visborg&#8221; _builder_version=&#8221;4.16&#8243; _module_preset=&#8221;default&#8221; global_colors_info=&#8221;{}&#8221;][\/et_pb_image][\/et_pb_column_inner][\/et_pb_row_inner][\/et_pb_column][et_pb_column type=&#8221;1_4&#8243; _builder_version=&#8221;4.16&#8243; custom_padding=&#8221;|||&#8221; global_colors_info=&#8221;{}&#8221; custom_padding__hover=&#8221;|||&#8221;][et_pb_image src=&#8221;http:\/\/marinkamraterna.se\/vasteras\/wp-content\/uploads\/sites\/14\/2021\/11\/J18.jpg&#8221; alt=&#8221;body of water during golden hour&#8221; title_text=&#8221;J18&#8243; _builder_version=&#8221;4.16&#8243; _module_preset=&#8221;default&#8221; custom_margin=&#8221;||10px||false|false&#8221; custom_padding=&#8221;||||false|false&#8221; global_colors_info=&#8221;{}&#8221;][\/et_pb_image][et_pb_text _builder_version=&#8221;4.16&#8243; _module_preset=&#8221;default&#8221; global_colors_info=&#8221;{}&#8221;]<\/p>\n<p>HMS Halland J18<\/p>\n<p>[\/et_pb_text][et_pb_sidebar orientation=&#8221;right&#8221; _builder_version=&#8221;4.9.4&#8243; _module_preset=&#8221;default&#8221; header_font=&#8221;|600||on|||||&#8221; header_font_size=&#8221;20px&#8221; global_module=&#8221;33531&#8243; saved_tabs=&#8221;all&#8221; locked=&#8221;off&#8221; global_colors_info=&#8221;{}&#8221;][\/et_pb_sidebar][\/et_pb_column][\/et_pb_section]<\/p>\n","protected":false},"excerpt":{"rendered":"<p>F\u00f6reningen Marinkamraterna Program f\u00f6r 2026 editerad 260211 \u00a0 V\u00e5r Vision: \u201dDet naturliga valet f\u00f6r bevarande av Marinens och Svenska F\u00f6rsvarets intressen och traditioner\u201d\u00a0 Styrelsem\u00f6ten kommer att \u00e4ga rum andra onsdagen i m\u00e5naden kl 16.30 med start 21 jan, 18 feb, 11 mar, 8 apr, 13 maj, 10 jun, 12 aug, 9 sept, 14 okt, 11 [&hellip;]<\/p>\n","protected":false},"author":1,"featured_media":0,"parent":0,"menu_order":4,"comment_status":"closed","ping_status":"closed","template":"","meta":{"_et_pb_use_builder":"on","_et_pb_old_content":"[wpforms id=\"2000\" title=\"false\" description=\"false\"]","_et_gb_content_width":"","iawp_total_views":991,"footnotes":""},"class_list":["post-33353","page","type-page","status-publish","hentry"],"_links":{"self":[{"href":"https:\/\/marinkamraterna.se\/vasteras\/wp-json\/wp\/v2\/pages\/33353","targetHints":{"allow":["GET"]}}],"collection":[{"href":"https:\/\/marinkamraterna.se\/vasteras\/wp-json\/wp\/v2\/pages"}],"about":[{"href":"https:\/\/marinkamraterna.se\/vasteras\/wp-json\/wp\/v2\/types\/page"}],"author":[{"embeddable":true,"href":"https:\/\/marinkamraterna.se\/vasteras\/wp-json\/wp\/v2\/users\/1"}],"replies":[{"embeddable":true,"href":"https:\/\/marinkamraterna.se\/vasteras\/wp-json\/wp\/v2\/comments?post=33353"}],"version-history":[{"count":161,"href":"https:\/\/marinkamraterna.se\/vasteras\/wp-json\/wp\/v2\/pages\/33353\/revisions"}],"predecessor-version":[{"id":42248,"href":"https:\/\/marinkamraterna.se\/vasteras\/wp-json\/wp\/v2\/pages\/33353\/revisions\/42248"}],"wp:attachment":[{"href":"https:\/\/marinkamraterna.se\/vasteras\/wp-json\/wp\/v2\/media?parent=33353"}],"curies":[{"name":"wp","href":"https:\/\/api.w.org\/{rel}","templated":true}]}}

<p>[et_pb_section fb_built=&#8221;1&#8243; specialty=&#8221;on&#8221; padding_top_1=&#8221;0px&#8221; padding_top_2=&#8221;0px&#8221; padding_top_bottom_link_1=&#8221;false&#8221; padding_top_bottom_link_2=&#8221;false&#8221; padding_left_right_link_1=&#8221;false&#8221; padding_left_right_link_2=&#8221;false&#8221; _builder_version=&#8221;4.16&#8243; _module_preset=&#8221;default&#8221; custom_margin=&#8221;||||false|false&#8221; custom_padding=&#8221;||||false|false&#8221; locked=&#8221;off&#8221; global_colors_info=&#8221;{}&#8221;][et_pb_column type=&#8221;3_4&#8243; specialty_columns=&#8221;3&#8243; _builder_version=&#8221;4.16&#8243; custom_padding=&#8221;|||&#8221; global_colors_info=&#8221;{}&#8221; custom_padding__hover=&#8221;|||&#8221;][et_pb_row_inner _builder_version=&#8221;4.16&#8243; _module_preset=&#8221;default&#8221; custom_padding=&#8221;0px||||false|false&#8221; global_colors_info=&#8221;{}&#8221;][et_pb_column_inner saved_specialty_column_type=&#8221;3_4&#8243; _builder_version=&#8221;4.16&#8243; _module_preset=&#8221;default&#8221; global_colors_info=&#8221;{}&#8221;][et_pb_post_title meta=&#8221;off&#8221; featured_image=&#8221;off&#8221; _builder_version=&#8221;4.16&#8243; _module_preset=&#8221;default&#8221; title_font_size=&#8221;35px&#8221; global_colors_info=&#8221;{}&#8221;][/et_pb_post_title][et_pb_text _builder_version=&#8221;4.27.5&#8243; _module_preset=&#8221;default&#8221; global_colors_info=&#8221;{}&#8221;]</p>
<p><strong>Föreningen Marinkamraterna Program för 2026 editerad 260211</strong></p>
<p><strong> </strong></p>
<p><strong>Vår Vision:</strong></p>
<p>”Det naturliga valet för bevarande av Marinens och Svenska Försvarets intressen och traditioner” </p>
<p>Styrelsemöten kommer att äga rum andra onsdagen i månaden kl 16.30 med start 21 jan, 18 feb, 11 mar, 8 apr, 13 maj, 10 jun, 12 aug, 9 sept, 14 okt, 11 nov och 9 dec </p>
<p>Klubbmöten kommer att hållas 2ggr på Vt och 2ggr på Ht. för föreningsuppdatering och planering. </p>
<p>Marinlokalen kommer att vara öppen för medlemmarna varannan onsdag jämn vecka. </p>
<p>14:e jan Möte med Västerås stad i Marinlokalen </p>
<p>21: a jan möte på Led R </p>
<p>7:e feb Föreningens Årsmöte med stadgeändring </p>
<p>18:e feb klubbmöte/styrelsemöte i Marinlokalen </p>
<p>2: a feb möte stadshuset Totalförsvarsdagen </p>
<p>Mars, regionalt FM möte på Drottning Victorias Örlogshem i Stockholm. </p>
<p>12:e mars Totalförsvarskväll Fullmäktigesalen </p>
<p>Mars, Båtmässan Allt för sjön (ej sanktionerat från förening) </p>
<p>18 mars ärtsoppsmiddag kl 17.00*) </p>
<p>1:a april påsktallrik i Marinlokalen </p>
<p>22-23 22–23 för Sveriges Militära Kamratföreningars Riksförbund (SMKR). Åbo ordf deltar </p>
<p>11–13 maj, Förbundets riksårsmöte Marstrand </p>
<p>6:e maj KM i luftvapen kl 18.00 *). Hemma hos Börje </p>
<p>Maj, våraktivitet resa, mål och datum ännu ej bestämt </p>
<p>29 maj Veterandagen i Vasaparken i Västerås FM deltar i fanborg </p>
<p>30 maj Totalförsvarsdagen år 2, organiserat med Västerås Stad förhoppning om besök av örlogsfartyg M20, M21 2 attackbåtar. Vi siktar på att ca 6000 skall besöka detta evenemang 23 frivilliga föreningar. </p>
<p>4:e juni Ledningsregementet, LedR:s högtidsdag med soldaterinran </p>
<p>6 juni Nationaldagsfirande med fanborg på Djäkneberget därefter fika i Marinlokalen*)</p>
<p>&nbsp;</p>
<p><strong>SOMMARUPPEHÅLL</strong></p>
<p>&nbsp;</p>
<p>12 aug terminsstart med grillkväll i Borgåsund kl 18.00 *) </p>
<p>Aug Örlogsdagarna 2026, arrangeras på Sjöhistoriskas fartygs pir vid Vasamuseet (ej sanktionerat från förening) </p>
<p>2:a sept Hedersmedlemmars afton hedersutnämnanden/ klubbafton </p>
<p>30:e augusti, Femkamp i Nynäshamnk</p>
<p>Sep, ”långresa” Flera förslag finns, Programasvarig </p>
<p>6:e sept EDIP (En Dag i Paradiset) veteranflottiljens dag på Gålö </p>
<p>17:e sept Minnesceremoni Märsgarn årsdag av jagarolyckan där 33 omkom </p>
<p>September besöksdag på LedR i Enköping med soldaterinran fan- och flaggvakt. </p>
<p>Oktober, regionmöte DVÖH i Stockholm </p>
<p>22:a oktober SMKR-mittmöte </p>
<p>25:e nov, nya medlemmars afton, klubbmöte </p>
<p>12:e dec Julvesper i Domkyrkan med andra kamratföreningar samt Hemvärnet</p>
<p><strong> </strong></p>
<p><strong>JULUPPEHÅLL</strong></p>
<p><strong></strong></p>
<p><strong>*) Anälan till klubbmästaren behövs</strong></p>
<p>[/et_pb_text][et_pb_text _builder_version=&#8221;4.27.5&#8243; _module_preset=&#8221;default&#8221; link_option_url=&#8221;https://marinkamraterna.se/vasteras/program-pdf/&#8221; link_option_url_new_window=&#8221;on&#8221; global_colors_info=&#8221;{}&#8221;]</p>
<p><span style="color: #3366ff">Utskriftsversion [PDF]</span></p>
<p>[/et_pb_text][et_pb_divider _builder_version=&#8221;4.16&#8243; _module_preset=&#8221;default&#8221; global_colors_info=&#8221;{}&#8221;][/et_pb_divider][/et_pb_column_inner][/et_pb_row_inner][et_pb_row_inner column_structure=&#8221;1_3,1_3,1_3&#8243; _builder_version=&#8221;4.16&#8243; _module_preset=&#8221;default&#8221; custom_padding=&#8221;0px||||false|false&#8221; global_colors_info=&#8221;{}&#8221;][et_pb_column_inner type=&#8221;1_3&#8243; saved_specialty_column_type=&#8221;3_4&#8243; _builder_version=&#8221;4.16&#8243; _module_preset=&#8221;default&#8221; global_colors_info=&#8221;{}&#8221;][et_pb_image src=&#8221;https://marinkamraterna.se/vasteras/wp-content/uploads/sites/14/2021/11/HMS-Visby.jpg&#8221; alt=&#8221;bauble balls hang on christmas tree&#8221; title_text=&#8221;HMS Visby&#8221; _builder_version=&#8221;4.16&#8243; _module_preset=&#8221;default&#8221; global_colors_info=&#8221;{}&#8221;][/et_pb_image][/et_pb_column_inner][et_pb_column_inner type=&#8221;1_3&#8243; saved_specialty_column_type=&#8221;3_4&#8243; _builder_version=&#8221;4.16&#8243; _module_preset=&#8221;default&#8221; global_colors_info=&#8221;{}&#8221;][et_pb_image src=&#8221;https://marinkamraterna.se/vasteras/wp-content/uploads/sites/14/2021/12/Foren-pa-J18.jpg&#8221; alt=&#8221;red and yellow snow sled on snow covered ground&#8221; title_text=&#8221;Fören På J18&#8243; _builder_version=&#8221;4.16&#8243; _module_preset=&#8221;default&#8221; global_colors_info=&#8221;{}&#8221;][/et_pb_image][/et_pb_column_inner][et_pb_column_inner type=&#8221;1_3&#8243; saved_specialty_column_type=&#8221;3_4&#8243; _builder_version=&#8221;4.16&#8243; _module_preset=&#8221;default&#8221; global_colors_info=&#8221;{}&#8221;][et_pb_image src=&#8221;https://marinkamraterna.se/vasteras/wp-content/uploads/sites/14/2021/12/HMS-Visborg.jpg&#8221; alt=&#8221;green pine tree with fireflies&#8221; title_text=&#8221;HMS Visborg&#8221; _builder_version=&#8221;4.16&#8243; _module_preset=&#8221;default&#8221; global_colors_info=&#8221;{}&#8221;][/et_pb_image][/et_pb_column_inner][/et_pb_row_inner][/et_pb_column][et_pb_column type=&#8221;1_4&#8243; _builder_version=&#8221;4.16&#8243; custom_padding=&#8221;|||&#8221; global_colors_info=&#8221;{}&#8221; custom_padding__hover=&#8221;|||&#8221;][et_pb_image src=&#8221;http://marinkamraterna.se/vasteras/wp-content/uploads/sites/14/2021/11/J18.jpg&#8221; alt=&#8221;body of water during golden hour&#8221; title_text=&#8221;J18&#8243; _builder_version=&#8221;4.16&#8243; _module_preset=&#8221;default&#8221; custom_margin=&#8221;||10px||false|false&#8221; custom_padding=&#8221;||||false|false&#8221; global_colors_info=&#8221;{}&#8221;][/et_pb_image][et_pb_text _builder_version=&#8221;4.16&#8243; _module_preset=&#8221;default&#8221; global_colors_info=&#8221;{}&#8221;]</p>
<p>HMS Halland J18</p>
<p>[/et_pb_text][et_pb_sidebar orientation=&#8221;right&#8221; _builder_version=&#8221;4.9.4&#8243; _module_preset=&#8221;default&#8221; header_font=&#8221;|600||on|||||&#8221; header_font_size=&#8221;20px&#8221; global_module=&#8221;33531&#8243; saved_tabs=&#8221;all&#8221; locked=&#8221;off&#8221; global_colors_info=&#8221;{}&#8221;][/et_pb_sidebar][/et_pb_column][/et_pb_section]</p>

<p>Föreningen Marinkamraterna Program för 2026 editerad 260211   Vår Vision: ”Det naturliga valet för bevarande av Marinens och Svenska Försvarets intressen och traditioner”  Styrelsemöten kommer att äga rum andra onsdagen i månaden kl 16.30 med start 21 jan, 18 feb, 11 mar, 8 apr, 13 maj, 10 jun, 12 aug, 9 sept, 14 okt, 11 [&hellip;]</p>
