{"id":33990,"date":"2021-06-04T19:13:45","date_gmt":"2021-06-04T17:13:45","guid":{"rendered":"http:\/\/andersa6.sg-host.com\/vasteras\/?page_id=33990"},"modified":"2025-02-09T18:38:14","modified_gmt":"2025-02-09T17:38:14","slug":"stadgar","status":"publish","type":"page","link":"https:\/\/marinkamraterna.se\/vasteras\/startsidan\/om-foreningen\/stadgar\/","title":{"rendered":"Stadgar"},"content":{"rendered":"<p>[et_pb_section fb_built=&#8221;1&#8243; specialty=&#8221;on&#8221; padding_top_1=&#8221;0px&#8221; padding_top_2=&#8221;0px&#8221; padding_top_bottom_link_1=&#8221;false&#8221; padding_top_bottom_link_2=&#8221;false&#8221; padding_left_right_link_1=&#8221;false&#8221; padding_left_right_link_2=&#8221;false&#8221; _builder_version=&#8221;4.16&#8243; _module_preset=&#8221;default&#8221; custom_margin=&#8221;||||false|false&#8221; custom_padding=&#8221;||||false|false&#8221; locked=&#8221;off&#8221; global_colors_info=&#8221;{}&#8221;][et_pb_column type=&#8221;3_4&#8243; specialty_columns=&#8221;3&#8243; _builder_version=&#8221;4.16&#8243; custom_padding=&#8221;|||&#8221; global_colors_info=&#8221;{}&#8221; custom_padding__hover=&#8221;|||&#8221;][et_pb_row_inner _builder_version=&#8221;4.16&#8243; _module_preset=&#8221;default&#8221; custom_padding=&#8221;0px||||false|false&#8221; global_colors_info=&#8221;{}&#8221;][et_pb_column_inner saved_specialty_column_type=&#8221;3_4&#8243; _builder_version=&#8221;4.16&#8243; _module_preset=&#8221;default&#8221; global_colors_info=&#8221;{}&#8221;][et_pb_post_title meta=&#8221;off&#8221; featured_image=&#8221;off&#8221; _builder_version=&#8221;4.16&#8243; _module_preset=&#8221;default&#8221; title_font_size=&#8221;35px&#8221; global_colors_info=&#8221;{}&#8221;][\/et_pb_post_title][et_pb_image src=&#8221;https:\/\/marinkamraterna.se\/vasteras\/wp-content\/uploads\/sites\/14\/2021\/12\/HMS-Vasteras.png&#8221; title_text=&#8221;HMS V\u00e4ster\u00e5s&#8221; _builder_version=&#8221;4.16&#8243; _module_preset=&#8221;default&#8221; global_colors_info=&#8221;{}&#8221;][\/et_pb_image][et_pb_text _builder_version=&#8221;4.27.4&#8243; _module_preset=&#8221;default&#8221; hover_enabled=&#8221;0&#8243; global_colors_info=&#8221;{}&#8221; sticky_enabled=&#8221;0&#8243;]<\/p>\n<p><a href=\"https:\/\/marinkamraterna.se\/vasteras\/wp-content\/uploads\/sites\/14\/2025\/02\/Gallande-version-20250205.pdf\" rel=\"attachment wp-att-41521\">Utskriftversion<\/a>\u00a0<\/p>\n<p>&nbsp;<\/p>\n<p>&nbsp;<\/p>\n<p><span><strong>Stadgar f\u00f6r lokalf\u00f6reningen Flottans M\u00e4n V\u00e4ster\u00e5s.<\/strong><\/span><span>\u00a0<\/span><\/p>\n<p><span>\u00a0<\/span><\/p>\n<p><span><strong>\u00a71 Vision och \u00c4ndam\u00e5l<\/strong><\/span><br \/><span>Flottans M\u00e4n V\u00e4ster\u00e5s, <span style=\"text-decoration: line-through\">(<\/span>nedan kallad lokalf\u00f6reningen<span style=\"text-decoration: line-through\">)<\/span> med organisationsnummer 16878000-0496, \u00e4r en av flera lokalavdelningar i Sverige. F\u00f6reningen \u00e4r ansluten till Riksf\u00f6rbundet Flottans M\u00e4n.<\/span><span><\/span><\/p>\n<p><span><strong>\u00a0<\/strong><\/span><\/p>\n<p><span><strong>Visionen<\/strong><\/span><\/p>\n<p><strong>\u201dDet naturliga valet f\u00f6r bevarande av Marinens och Svenska F\u00f6rsvarets intressen<br \/>och traditioner\u201d<\/strong><\/p>\n<p><strong>\u00a0<\/strong><\/p>\n<p><strong>\u00c4ndam\u00e5l<\/strong><\/p>\n<ul>\n<li><span> <\/span><span>Att verka f\u00f6r gemenskap och sammanh\u00e5llning inom lokalf\u00f6reningen Flottans M\u00e4n V\u00e4ster\u00e5s<\/span><\/li>\n<li><span> <\/span><span>Att fr\u00e4mja kamratskapet mellan de som tj\u00e4nstg\u00f6r har tj\u00e4nstgjort<\/span><span><\/span><span>eller gjort sin v\u00e4rnplikt inom flottan och svensk f\u00f6rsvarsmakt.<\/span><span>\u00a0<\/span><\/li>\n<li><span>Att genom samh\u00e4llskontakter sprida k\u00e4nnedom om svenskt f\u00f6rsvar och Flottan\/Marinen.<\/span><span><\/span><\/li>\n<li><span>Att sprida Flottans\/Marinens och F\u00f6rsvarsmaktens uppgifter, verksamhet och utveckling inom ramen f\u00f6r totalf\u00f6rsvaret.<\/span><span><\/span><\/li>\n<li><span>Att v\u00e5rda \u00d6rlogs- och Flottans\/Marinens traditioner.<\/span><span><\/span><\/li>\n<li><span>Att genom sin f\u00f6rsvarsfr\u00e4mjande verksamhet och \u00f6ppenhet ocks\u00e5<\/span><span><\/span><span>betr\u00e4ffande medlemskap vara en ideell f\u00f6rening med allm\u00e4nnyttigt<\/span><span>\u00a0<\/span><span>\u00e4ndam\u00e5l f\u00f6r svenskt f\u00f6rsvar.<\/span><span>\u00a0<\/span><\/li>\n<li><span>Att vara religi\u00f6st och partipolitiskt obunden<\/span><\/li>\n<\/ul>\n<p><span><\/span><span><\/span><span><strong>\u00a72. Medlemskap<\/strong><\/span><\/p>\n<p><span>Medlemskap till Flottans M\u00e4n V\u00e4ster\u00e5s kan s\u00f6kas av m\u00e4n och kvinnor med intresse f\u00f6r svenskt f\u00f6rsvar, Flottans och Marinens traditioner. F\u00f6r att erh\u00e5lla medlemskap i lokalf\u00f6reningen ska intresse av svenskt f\u00f6rsvar vara grunden, inte n\u00f6dv\u00e4ndigtvis genom Flottan och Marinen milit\u00e4rt utan \u00e4ven inom den merkantila flottan. Medlemskap kan d\u00e4rut\u00f6ver s\u00f6kas av person med intresse f\u00f6r Flottan, Marinen och f\u00f6rsvaret i f\u00f6reningens \u00e4ndam\u00e5l.<\/span><span>\u00a0<\/span><\/p>\n<p><span>En anst\u00e4llning inom svenskt f\u00f6rsvar som bef\u00e4l eller gjort milit\u00e4rtj\u00e4nst inom svenskt f\u00f6rsvar ses som\u00a0 erfarenhet d\u00e5 det kan anv\u00e4ndas informativt till andra medlemmar.<\/span> <span>Medlemskap kan \u00e4ven ans\u00f6kas av icke svenska medborgare. Ans\u00f6kan godk\u00e4nns av lokalf\u00f6reningen.<\/span><\/p>\n<p><span>Styrelsen \u00e4ger r\u00e4tt att utse medlem till hedersmedlem i egen lokalf\u00f6rening alternativt att nomineringsutskottet eller medlem inkommit med nomineringsf\u00f6rslag till utskottet.<\/span><span>\u00a0<\/span><br \/><span>Medlem som ej erlagt medlemsavgift under de senaste 2 \u00e5ren eller som genom uppf\u00f6rande och eller tal skadat f\u00f6reningen eller organisationen kan av styrelsen i lokalf\u00f6reningen uteslutas ur f\u00f6reningen <\/span><span>\u00a0<\/span><\/p>\n<p><span>Lokalf\u00f6reningen uppgraderar medlemsf\u00f6rteckningen omg\u00e5ende.<\/span><span>\u00a0<\/span><br \/><span>\u00a0<\/span><\/p>\n<p><span><strong>\u00a73. \u00c5rsm\u00f6te<\/strong><\/span><span><\/span><\/p>\n<p><span>\u00c5rsm\u00f6tet \u00e4r f\u00f6reningens h\u00f6gsta beslutande organ.\u00a0<\/span><span>\u00a0<\/span><\/p>\n<p><span>\u00c5rsm\u00f6te ska h\u00e5llas senast i februari och ska av styrelsen utlysas minst<\/span><span>\u00a0<\/span><\/p>\n<p><span>3 veckor f\u00f6re m\u00f6tet.<\/span><span>\u00a0<\/span><\/p>\n<p><span>Vid \u00e5rsm\u00f6tet ska f\u00f6ljande \u00e4renden behandlas:<\/span><span>\u00a0<\/span><\/p>\n<ol>\n<li><span> Val av tv\u00e5 personer att j\u00e4mte ordf\u00f6randen justera \u00e5rsm\u00f6tesprotokollet.<\/span><span><\/span><\/li>\n<li><span> Styrelsens \u00e5rsber\u00e4ttelse.<\/span><span><\/span><\/li>\n<li><span> Revisionsber\u00e4ttelsen.<\/span><span><\/span><\/li>\n<li><span> Beslut ang\u00e5ende ansvarsfrihet.<\/span><span><\/span><\/li>\n<li><span> Val enligt \u00a711<\/span><\/li>\n<li><span> Eventuella \u00e4renden som Riksf\u00f6rbundet h\u00e4nskjutit till f\u00f6reningens <span style=\"text-decoration: line-through\">s<\/span>tyrelse.<\/span><span><\/span><\/li>\n<li><span> Motioner.<\/span><span><\/span><\/li>\n<li><span> \u00d6vriga fr\u00e5gor. ej beslutfattande<\/span><\/li>\n<\/ol>\n<p><span>\u00a0<\/span><\/p>\n<p><span>\u00a0<\/span><\/p>\n<p><span>\u00a0<\/span><\/p>\n<p><span><strong>\u00a0<\/strong><\/span><\/p>\n<p><span><strong>\u00a0<\/strong><\/span><\/p>\n<p><span><strong>\u00a74. Extra \u00e5rsm\u00f6te<\/strong><\/span><span><\/span><\/p>\n<p><span>Extra \u00e5rsm\u00f6te h\u00e5lles d\u00e5 styrelsen finner det erforderligt. Kallelse utf\u00e4rdas p\u00e5 samma s\u00e4tt som f\u00f6r \u00e5rsm\u00f6te.<\/span><span>\u00a0<\/span><span>\u00a0<\/span><\/p>\n<p>&nbsp;<\/p>\n<p><span><strong>\u00a75. Styrelse<\/strong><\/span><\/p>\n<p>Lokalf\u00f6reningens styrelse ska best\u00e5 av fyra (4) -\u00e5tta (8) medlemmar inkluderande ordf\u00f6rande, vice ordf\u00f6rande, kass\u00f6r och klubbm\u00e4stare, d\u00e4rut\u00f6ver minst 2 ledam\u00f6ter v\u00e4ljas.<\/p>\n<p><span>Styrelsens sammans\u00e4ttning beskrivs mer noggrant i stadgarna under paragraf 11.<\/span><span>\u00a0<\/span><\/p>\n<p><span>Styrelsen sammantr\u00e4der normalt \u00e5tta 2 x 4 (8) g\u00e5nger per \u00e5r p\u00e5 kallelse av<\/span><span>\u00a0<\/span><span>ordf\u00f6rande eller d\u00e5 minst fyra (4) av ledam\u00f6ter s\u00e5 p\u00e5fordrar. Styrelsen<\/span><span>\u00a0<\/span><span>\u00e4r beslutsm\u00e4ssig d\u00e5 minst fyra (4) av dess medlemmar \u00e4r n\u00e4rvarande,<\/span><span>\u00a0<\/span><span>d\u00e4ribland ordf\u00f6randen eller vice ordf\u00f6randen<\/span><span>\u00a0<\/span><\/p>\n<p><span>\u00a0<\/span><\/p>\n<p><span><strong>\u00a76. Medlemsm\u00f6ten<\/strong><\/span><span><\/span><\/p>\n<p><span>F\u00f6reningen ska kalla till fyra (4) medlemsm\u00f6ten tv\u00e5 (2) p\u00e5 v\u00e5rterminen snarast efter \u00e5rsm\u00f6tet samt ett m\u00f6te under maj\/juni. H\u00f6stm\u00f6tena ska l\u00e4ggas i augusti och november.<\/span><span>\u00a0<\/span><\/p>\n<p><span>Dagordningen ska innefatta f\u00f6reningens arbete till dagens dato samt planering f\u00f6r kommande period. <\/span><\/p>\n<p><span><br \/><\/span><strong>\u00a77. Lokalf\u00f6reningskonferens<\/strong><br \/>F\u00f6rbundsstyrelsen ordnar tv\u00e5 (2) g\u00e5nger \u00e5rligen lokalf\u00f6renings konferens. Vid dessa deltager f\u00f6rbundsstyrelsen. Lokf\u00f6reningen \u00e4ger att till dessa konferenser s\u00e4nda befullm\u00e4ktigat Ordf, eller V-Ordf, samt om s\u00e5 \u00f6nskas erforderligt, bisittare.<\/p>\n<p><span>\u00a0<\/span><\/p>\n<p><span><strong>\u00a78. R\u00f6str\u00e4tt och beslut<\/strong><\/span><\/p>\n<p><span>R\u00f6stber\u00e4ttigade \u00e4r alla f\u00f6reningens medlemmar som erlagt stadgade avgifter. R\u00f6str\u00e4tten kan ej delegeras. <\/span><span>Beslut fattas med enkel r\u00f6st\u00f6vervikt. Omr\u00f6stning sker med acklamation (JA-rop), vid lika r\u00f6stetal g\u00e4ller den mening som ordf\u00f6randen f\u00f6retr\u00e4der s\u00e5vida inte votering beg\u00e4res. Ordf\u00f6randens utslagsr\u00e4tt g\u00e4ller \u00e4ven vid styrelsem\u00f6ten<\/span><span>.<\/span><span>\u00a0<\/span><\/p>\n<p><span>\u00a0<\/span><\/p>\n<p><span><strong>\u00a79. F\u00f6rslag fr\u00e5n enskild medlem och motion\u00a0<\/strong><\/span><span><\/span><\/p>\n<p><span>Enskild medlem, som \u00f6nskar f\u00e5 \u00e4rende f\u00f6relagt till styrelsen f\u00f6r behandling vid \u00e5rsm\u00f6tet ska minst fyra (4) veckor f\u00f6re m\u00f6tet avl\u00e4mna skriftlig framst\u00e4llning till styrelsen.<\/span><span>\u00a0<\/span><\/p>\n<p><span>Motion ska vara inl\u00e4mnad senast fyra (4) veckor innan \u00e5rsm\u00f6tet. motionen ska inneh\u00e5lla till\u00e4gg, \u00e4ndring samt f\u00f6rslag till \u00e5tg\u00e4rd<\/span><span>.<\/span><\/p>\n<p><span>\u00a0<\/span><\/p>\n<p><span><strong>\u00a710. Medlemsavgift<\/strong><\/span><\/p>\n<p><span>Medlemsavgiften erl\u00e4gges s\u00e5som \u00e5rsavgift. Avgiften ska vara f\u00f6reningens kass\u00f6r tillhanda senast den sista februari.<\/span><span>\u00a0<\/span><span>\u00c5rsavgiften fastst\u00e4lls vid \u00e5rsm\u00f6tet och att g\u00e4lla fr\u00e5n beslutet i \u00e5rsm\u00f6tet.<\/span><span>\u00a0<\/span><\/p>\n<p><span>Avgiften erl\u00e4ggs som enskild medlem eller par. Som par menas make, maka eller sambopar boende p\u00e5 samma folkbokf\u00f6rd adress. Avgiften ber\u00e4knas d\u00e5 med en full avgift + f\u00f6rbundsavgift +10% (Ex 320kr+ 120kr+15kr).<\/span><span>\u00a0<\/span><\/p>\n<p>Lokalf\u00f6reningen skal utan anmaning inbetala medlemsavgifterna till<br \/>f\u00f6rbundsstyrelsen senast den 31 mars \u00e5rligen. Alla medlemsavgifter till f\u00f6rbundsstyrelsen grundar sig p\u00e5 medlemsl\u00e4get 31 december f\u00f6reg\u00e5ende \u00e5r.<\/p>\n<p><span>Medlem som erlagt sin medlemsavgift de senaste 5 \u00e5ren och som fyllt 90 \u00e5r \u00e4r<\/span><span> avgiftsbefriad och blir d\u00e4rmed hedersmedlem i f\u00f6reningen.<\/span><\/p>\n<p><span>F\u00f6reningen erl\u00e4gger hedersmedlemmens f\u00f6rbundsavgift.<\/span><span>\u00a0<\/span><\/p>\n<p><span><strong>\u00a0<\/strong><\/span><\/p>\n<p><span><strong>\u00a711. Val<\/strong><\/span><\/p>\n<p><span>Vid \u00e5rsm\u00f6te ska v\u00e4ljas:<\/span><span>\u00a0<\/span><\/p>\n<ul>\n<li><span>Ordf\u00f6rande f\u00f6r en tid av tv\u00e5 (2) \u00e5r. Kan omv\u00e4ljas.<\/span><span><\/span><\/li>\n<li><span>Vice ordf\u00f6rande f\u00f6r en tid av tv\u00e5 (2) \u00e5r. Kan omv\u00e4ljas. (Ordf\u00f6rande och vice ordf\u00f6rande f\u00e5r ej avg\u00e5 samtidigt.)<\/span><span><\/span><\/li>\n<li><span>Tre (3) ledam\u00f6ter f\u00f6r en tid av tv\u00e5 (2) \u00e5r. Kan omv\u00e4ljas. (Kass\u00f6r, Klubbm\u00e4staren)<\/span><span><\/span><\/li>\n<li><span>\u00d6vriga poster konstitueras p\u00e5 konstituerande styrelsem\u00f6te direkt efter \u00e5rsm\u00f6tet.<\/span><span><\/span><\/li>\n<\/ul>\n<p><span>\u00a0<\/span><\/p>\n<p><span>Vidare v\u00e4ljs::<\/span><span>\u00a0<\/span><\/p>\n<ul>\n<li><span>Tv\u00e5 (2) Revisorer <\/span><span>f\u00f6r en tid av tv\u00e5 (2) \u00e5r. Kan omv\u00e4ljas.<\/span><span><\/span><\/li>\n<li><span> <\/span><span>Tv\u00e5 (2) Valberedning f\u00f6r en tid av tv\u00e5 (2) \u00e5r. Kan omv\u00e4ljas.<\/span><span><\/span><\/li>\n<\/ul>\n<p>&nbsp;<\/p>\n<p><span><strong>\u00a712 Flaggvakt<\/strong><\/span><\/p>\n<p>En lokalf\u00f6rening med flaggvakt utser en person till musk\u00f6terikorpral* (hedersvakts-) som \u00e4r sammankallande i flaggvaktsgruppen<strong>. <\/strong>Enl. \u00a72.5 i instruktion f\u00f6r Flaggvakt<\/p>\n<p><span>\u00a0<\/span><\/p>\n<p><span><strong>\u00a713. \u00c4ndring av stadgar<\/strong><\/span><br \/><span>Beslut om stadge\u00e4ndring fattas vid \u00e5rsm\u00f6te och ska f\u00f6r att \u00e4ga laga kraft godk\u00e4nnas av minst 12 n\u00e4rvarande medlemmar.<\/span><\/p>\n<p>&nbsp;<\/p>\n<p><span><strong>\u00a714. Uppl\u00f6sning av f\u00f6reningen<\/strong><\/span><\/p>\n<p><span>Beslut om lokalf\u00f6reningens uppl\u00f6sning ska f\u00f6r att vara giltigt ha fattats p\u00e5<\/span><span>\u00a0<\/span><span>tv\u00e5 (2) med tv\u00e5 (2) m\u00e5naders mellanrum p\u00e5 varandra f\u00f6ljande \u00e5rsm\u00f6ten och vid<\/span><span>\u00a0<\/span><span>vart och ett av dessa ha bitr\u00e4tts av minst 15 n\u00e4rvarande medlemmar.<\/span><span>\u00a0<\/span><\/p>\n<p><span>Om fr\u00e5ga om f\u00f6reningens uppl\u00f6sning v\u00e4ckts \u00e5ligger det styrelsen, att vid<\/span><span>\u00a0<\/span><span>det f\u00f6rsta av de m\u00f6ten d\u00e4r fr\u00e5gan upptages till behandling, framl\u00e4gga<\/span><span>\u00a0<\/span><span>f\u00f6rslag till disponerande av f\u00f6reningens tillg\u00e5ngar.<\/span><span>\u00a0<\/span><\/p>\n<p><span>Har beslut om f\u00f6reningens uppl\u00f6sning fattats, ska dessa handlingar \u00f6verl\u00e4mnas till Riksf\u00f6rbundet.<\/span><\/p>\n<p><span>\u00a0<\/span><\/p>\n<p><span><strong>\u00a715. Firmatecknare<\/strong><\/span><\/p>\n<p><span>Lokalf\u00f6reningens firma tecknas av ordf\u00f6rande och kass\u00f6r var f\u00f6r sig eller i f\u00f6rening.<\/span><\/p>\n<p><span>\u00a0<\/span><\/p>\n<p><span><strong>\u00a716. Revision<\/strong><\/span><\/p>\n<p>Revisionen utser inom sig ordf\u00f6rande (sammankallande).<\/p>\n<p><span>Lokalf\u00f6reningens verksamhets- och r\u00e4kenskaps\u00e5r \u00e4r <\/span><span>kalender\u00e5rsvis<\/span><span>.<\/span><span>\u00a0<\/span><\/p>\n<p><span>Lokalf\u00f6reningens r\u00e4kenskaper ska avslutande \u00f6verl\u00e4mnas till revisorerna senast den tionde (10) januari f\u00f6r granskning. Revisorerna ska \u00f6verl\u00e4mna revisionsber\u00e4ttelse senast den trettiof\u00f6rsta (31) samma m\u00e5nad till<\/span><span>\u00a0<\/span><span>ordf\u00f6randen,<\/span><span> inneh\u00e5llande f\u00f6rslag ang\u00e5ende ansvarsfrihet.<\/span><\/p>\n<p>&nbsp;<\/p>\n<p><span><strong>\u00a0<\/strong><\/span><\/p>\n<p><span><strong>\u00a717 Valberedningen<\/strong><\/span><\/p>\n<p>Valberedning utser inom sig ordf\u00f6rande (sammankallande).<br \/>Valberedning \u00e5ligger att senast en (1) vecka f\u00f6re \u00e5rsm\u00f6te till<br \/>f\u00f6reningsstyrelsen \u00f6verl\u00e4mna f\u00f6rslag till kandidater till i $11 f\u00f6reskrivna val.<\/p>\n<p>Valberedningen <u>b\u00f6r <\/u>best\u00e5 av f.d. styrelsemedlemmar men skall vara helt skild fr\u00e5n<br \/>styrelse och \u00f6vriga ledam\u00f6ter.<span>\u00a0<\/span><\/p>\n<p><span>\u00a0<\/span><\/p>\n<p><span>\u00a0<\/span><\/p>\n<p><span>V\u00e4ster\u00e5s i <\/span><span>februari 2025<\/span><span>.<\/span><\/p>\n<p><span>\u00a0<\/span><\/p>\n<p><strong>\u00a0<\/strong><\/p>\n<p><strong>Dessa stadgar har reviderats, antagits och fastst\u00e4llts vid \u00e5rsm\u00f6tet i<br \/>lokalf\u00f6reningens klubbhus. L\u00f6rdagen den 8 februari 2025, j\u00e4mte<br \/>att tr\u00e4da i kraft fr.o.m. 9 februari 2025.<\/strong><\/p>\n<p><span>\u00a0<\/span><\/p>\n<p><a href=\"https:\/\/marinkamraterna.se\/vasteras\/wp-content\/uploads\/sites\/14\/2025\/02\/Gallande-version-20250205.pdf\" rel=\"attachment wp-att-41516\">Utskriftsversion.PDF<\/a><\/p>\n<p><span>\u00a0 \u00a0 \u00a0 \u00a0 \u00a0 \u00a0 \u00a0 \u00a0 \u00a0<\/span><\/p>\n<p>&nbsp;<\/p>\n<p>[\/et_pb_text][\/et_pb_column_inner][\/et_pb_row_inner][\/et_pb_column][et_pb_column type=&#8221;1_4&#8243; _builder_version=&#8221;4.16&#8243; custom_padding=&#8221;|||&#8221; global_colors_info=&#8221;{}&#8221; custom_padding__hover=&#8221;|||&#8221;][et_pb_image src=&#8221;http:\/\/marinkamraterna.se\/vasteras\/wp-content\/uploads\/sites\/14\/2021\/11\/Sveriges-nationaldag.jpg&#8221; alt=&#8221;body of water during golden hour&#8221; title_text=&#8221;Sveriges nationaldag&#8221; _builder_version=&#8221;4.16&#8243; _module_preset=&#8221;default&#8221; custom_margin=&#8221;||10px||false|false&#8221; custom_padding=&#8221;||||false|false&#8221; global_colors_info=&#8221;{}&#8221;][\/et_pb_image][et_pb_text _builder_version=&#8221;4.16&#8243; _module_preset=&#8221;default&#8221; text_font=&#8221;||on||||||&#8221; text_font_size=&#8221;14px&#8221; global_colors_info=&#8221;{}&#8221;]<\/p>\n<p>Sveriges nationaldag 6 juni 2019<\/p>\n<p>[\/et_pb_text][et_pb_sidebar orientation=&#8221;right&#8221; area=&#8221;et_pb_widget_area_5&#8243; module_class=&#8221;right-menues&#8221; _builder_version=&#8221;4.9.11&#8243; _module_preset=&#8221;default&#8221; custom_margin=&#8221;||0px||false|false&#8221; global_module=&#8221;35107&#8243; saved_tabs=&#8221;all&#8221; global_colors_info=&#8221;{}&#8221;][\/et_pb_sidebar][et_pb_sidebar orientation=&#8221;right&#8221; _builder_version=&#8221;4.9.4&#8243; _module_preset=&#8221;default&#8221; header_font=&#8221;|600||on|||||&#8221; header_font_size=&#8221;20px&#8221; global_module=&#8221;33531&#8243; saved_tabs=&#8221;all&#8221; locked=&#8221;off&#8221; global_colors_info=&#8221;{}&#8221;][\/et_pb_sidebar][\/et_pb_column][\/et_pb_section]<\/p>\n","protected":false},"excerpt":{"rendered":"<p>Utskriftversion\u00a0 &nbsp; &nbsp; Stadgar f\u00f6r lokalf\u00f6reningen Flottans M\u00e4n V\u00e4ster\u00e5s.\u00a0 \u00a0 \u00a71 Vision och \u00c4ndam\u00e5lFlottans M\u00e4n V\u00e4ster\u00e5s, (nedan kallad lokalf\u00f6reningen) med organisationsnummer 16878000-0496, \u00e4r en av flera lokalavdelningar i Sverige. F\u00f6reningen \u00e4r ansluten till Riksf\u00f6rbundet Flottans M\u00e4n. \u00a0 Visionen \u201dDet naturliga valet f\u00f6r bevarande av Marinens och Svenska F\u00f6rsvarets intressenoch traditioner\u201d \u00a0 \u00c4ndam\u00e5l Att verka f\u00f6r [&hellip;]<\/p>\n","protected":false},"author":1,"featured_media":0,"parent":33152,"menu_order":4,"comment_status":"closed","ping_status":"closed","template":"","meta":{"_et_pb_use_builder":"on","_et_pb_old_content":"","_et_gb_content_width":"","iawp_total_views":138,"footnotes":""},"class_list":["post-33990","page","type-page","status-publish","hentry"],"_links":{"self":[{"href":"https:\/\/marinkamraterna.se\/vasteras\/wp-json\/wp\/v2\/pages\/33990","targetHints":{"allow":["GET"]}}],"collection":[{"href":"https:\/\/marinkamraterna.se\/vasteras\/wp-json\/wp\/v2\/pages"}],"about":[{"href":"https:\/\/marinkamraterna.se\/vasteras\/wp-json\/wp\/v2\/types\/page"}],"author":[{"embeddable":true,"href":"https:\/\/marinkamraterna.se\/vasteras\/wp-json\/wp\/v2\/users\/1"}],"replies":[{"embeddable":true,"href":"https:\/\/marinkamraterna.se\/vasteras\/wp-json\/wp\/v2\/comments?post=33990"}],"version-history":[{"count":23,"href":"https:\/\/marinkamraterna.se\/vasteras\/wp-json\/wp\/v2\/pages\/33990\/revisions"}],"predecessor-version":[{"id":41523,"href":"https:\/\/marinkamraterna.se\/vasteras\/wp-json\/wp\/v2\/pages\/33990\/revisions\/41523"}],"up":[{"embeddable":true,"href":"https:\/\/marinkamraterna.se\/vasteras\/wp-json\/wp\/v2\/pages\/33152"}],"wp:attachment":[{"href":"https:\/\/marinkamraterna.se\/vasteras\/wp-json\/wp\/v2\/media?parent=33990"}],"curies":[{"name":"wp","href":"https:\/\/api.w.org\/{rel}","templated":true}]}}