{"id":40906,"date":"2023-10-07T21:42:16","date_gmt":"2023-10-07T19:42:16","guid":{"rendered":"https:\/\/marinkamraterna.se\/vasteras\/?page_id=40906"},"modified":"2023-10-07T21:42:16","modified_gmt":"2023-10-07T19:42:16","slug":"kommod","status":"publish","type":"page","link":"https:\/\/marinkamraterna.se\/vasteras\/bilder\/marinlokalen\/kommod\/","title":{"rendered":"Kommod"},"content":{"rendered":"<p><strong>Kommod fr\u00e5n kanonb\u00e5ten HM Svensksund<\/strong><\/p>\n<p>Svensksund, officiellt HM Kanonb\u00e5t Svensksund, var en kanonb\u00e5t i svenska Kungliga Flottan som sj\u00f6sattes den 30 september 1891. Fartyget medverkade i S A Andr\u00e9es polarexpedition \u00e5r 1897 som utgick fr\u00e5n Dansk\u00f6n, samt hemf\u00f6rde ocks\u00e5 stoftet efter de tre f\u00f6rolyckade uppt\u00e4cktsresandena fr\u00e5n Vit\u00f6n till Stockholm i oktober 1930.<\/p>\n<p><i><b>Svensksund<\/b><\/i>, officiellt\u00a0<b>HM Kanonb\u00e5t\u00a0<i>Svensksund<sup id=\"cite_ref-1\" class=\"reference\"><a href=\"https:\/\/sv.wikipedia.org\/wiki\/Svensksund_(1891)#cite_note-1\"><span class=\"cite-reference-link-bracket\">[<\/span>a<span class=\"cite-reference-link-bracket\">]<\/span><\/a><\/sup><\/i><\/b>, var en\u00a0<a title=\"Kanonb\u00e5t\" href=\"https:\/\/sv.wikipedia.org\/wiki\/Kanonb%C3%A5t\">kanonb\u00e5t<\/a>\u00a0i\u00a0<a title=\"Sverige\" href=\"https:\/\/sv.wikipedia.org\/wiki\/Sverige\">svenska<\/a>\u00a0<a title=\"Svenska flottan\" href=\"https:\/\/sv.wikipedia.org\/wiki\/Svenska_flottan\">Kungliga flottan<\/a>\u00a0som sj\u00f6sattes den\u00a0<a title=\"30 september\" href=\"https:\/\/sv.wikipedia.org\/wiki\/30_september\">30 september<\/a>\u00a0<a title=\"1891\" href=\"https:\/\/sv.wikipedia.org\/wiki\/1891\">1891<\/a>. Fartyget medverkade i\u00a0<a class=\"mw-redirect\" title=\"Andr\u00e9es polarexpedition\" href=\"https:\/\/sv.wikipedia.org\/wiki\/Andr%C3%A9es_polarexpedition\">Andr\u00e9es polarexpedition<\/a>\u00a0\u00e5r\u00a0<a title=\"1897\" href=\"https:\/\/sv.wikipedia.org\/wiki\/1897\">1897<\/a>, samt hemf\u00f6rde ocks\u00e5 stoftet efter de tre f\u00f6rolyckade uppt\u00e4cktsresandena till\u00a0<a title=\"Stockholm\" href=\"https:\/\/sv.wikipedia.org\/wiki\/Stockholm\">Stockholm<\/a>\u00a0i oktober\u00a0<a title=\"1930\" href=\"https:\/\/sv.wikipedia.org\/wiki\/1930\">1930<\/a>. Fartyget deltog \u00e4ven i den\u00a0<i><a class=\"mw-redirect\" title=\"Svensk-ryska gradm\u00e4tningsexpeditionen\" href=\"https:\/\/sv.wikipedia.org\/wiki\/Svensk-ryska_gradm%C3%A4tningsexpeditionen\">Svensk-ryska gradm\u00e4tningsexpeditionen<\/a><\/i>.<\/p>\n<p><i>Svensksund<\/i>\u00a0chartrades ofta ut f\u00f6r\u00a0<a title=\"Forskning\" href=\"https:\/\/sv.wikipedia.org\/wiki\/Forskning\">forskning<\/a>. Bland annat anv\u00e4nde\u00a0<a class=\"mw-redirect\" title=\"Svenska Hydrografisk-Biologiska Kommissionen\" href=\"https:\/\/sv.wikipedia.org\/wiki\/Svenska_Hydrografisk-Biologiska_Kommissionen\">Svenska Hydrografisk-Biologiska Kommissionen<\/a>\u00a0fartyget innan kommissionen\u00a0<a title=\"1905\" href=\"https:\/\/sv.wikipedia.org\/wiki\/1905\">1905<\/a>\u00a0fick ett eget fartyg.<\/p>\n<div id=\"attachment_40907\" style=\"width: 310px\" class=\"wp-caption alignnone\"><img loading=\"lazy\" decoding=\"async\" aria-describedby=\"caption-attachment-40907\" class=\"size-full wp-image-40907\" src=\"https:\/\/marinkamraterna.se\/vasteras\/wp-content\/uploads\/sites\/14\/2023\/10\/300px-HMS_Svensksund_1891.jpg\" alt=\"\" width=\"300\" height=\"135\" \/><p id=\"caption-attachment-40907\" class=\"wp-caption-text\"><em>HM Svensksund<\/em><\/p><\/div>\n<p>&nbsp;<\/p>\n<div id=\"attachment_40908\" style=\"width: 260px\" class=\"wp-caption alignnone\"><img loading=\"lazy\" decoding=\"async\" aria-describedby=\"caption-attachment-40908\" class=\"size-full wp-image-40908\" src=\"https:\/\/marinkamraterna.se\/vasteras\/wp-content\/uploads\/sites\/14\/2023\/10\/Andrees-ballonghus-pa-Danskon-1897.jpg\" alt=\"\" width=\"250\" height=\"185\" \/><p id=\"caption-attachment-40908\" class=\"wp-caption-text\"><em>Andr\u00e9es Ballonghus P\u00e5 Dansk\u00f6n<\/em><\/p><\/div>\n<p>&nbsp;<\/p>\n<div id=\"attachment_40910\" style=\"width: 160px\" class=\"wp-caption alignnone\"><img loading=\"lazy\" decoding=\"async\" aria-describedby=\"caption-attachment-40910\" class=\"size-full wp-image-40910\" src=\"https:\/\/marinkamraterna.se\/vasteras\/wp-content\/uploads\/sites\/14\/2023\/10\/Monumentet-pa-Viton-over-Andree-Strindberg-och-Fraenkel-2011.jpg\" alt=\"\" width=\"150\" height=\"100\" \/><p id=\"caption-attachment-40910\" class=\"wp-caption-text\"><em>Monument P\u00e5 Vit\u00f6n<\/em><\/p><\/div>\n<p>&nbsp;<\/p>\n<div id=\"attachment_40911\" style=\"width: 1010px\" class=\"wp-caption alignnone\"><img loading=\"lazy\" decoding=\"async\" aria-describedby=\"caption-attachment-40911\" class=\"size-full wp-image-40911\" src=\"https:\/\/marinkamraterna.se\/vasteras\/wp-content\/uploads\/sites\/14\/2023\/10\/Svensksund.jpg\" alt=\"\" width=\"1000\" height=\"710\" srcset=\"https:\/\/marinkamraterna.se\/vasteras\/wp-content\/uploads\/sites\/14\/2023\/10\/Svensksund.jpg 1000w, https:\/\/marinkamraterna.se\/vasteras\/wp-content\/uploads\/sites\/14\/2023\/10\/Svensksund-980x696.jpg 980w, https:\/\/marinkamraterna.se\/vasteras\/wp-content\/uploads\/sites\/14\/2023\/10\/Svensksund-480x341.jpg 480w\" sizes=\"(min-width: 0px) and (max-width: 480px) 480px, (min-width: 481px) and (max-width: 980px) 980px, (min-width: 981px) 1000px, 100vw\" \/><p id=\"caption-attachment-40911\" class=\"wp-caption-text\"><em>HM Svensksund<\/em><\/p><\/div>\n<p><i>Svensksund<\/i>\u00a0deltog \u00e4ven som trupptransportfartyg i den svenska\u00a0<a class=\"mw-redirect\" title=\"\u00c5landsexpeditionen 1918\" href=\"https:\/\/sv.wikipedia.org\/wiki\/%C3%85landsexpeditionen_1918\">\u00c5landsexpeditionen 1918<\/a><\/p>\n<p>Kommoden \u00e4r sk\u00e4nkt av Claes Hallenqreutz.<br \/>\nClaes b\u00f6rjade p\u00e5 Kungliga Sj\u00f6krigsskolan som reserv intendenturofficer 1967. Men<br \/>\nblev \u00f6verf\u00f6rd till kustflottan och jagaren S\u00f6dermanland. D\u00e4r tj\u00e4nstgjorde han i medelsv\u00e5r central eller i centralsiktet. Under h\u00f6sten 1967 togs Sm\u00e5land ur<br \/>\nmalp\u00e5se och skulle \u201dtrimmas\u201d in. D\u00e5 fick en kamrat och Claes tj\u00e4nstg\u00f6ra<br \/>\np\u00e5 Sm\u00e5land f\u00f6r att f\u00e5 deras ARTE-53 att fungera. Claes fick d\u00e4r erbjudande fr\u00e5n FC att utbilda sig till kryptotekniker<br \/>\nsom beh\u00f6vdes p\u00e5 S\u00f6dermanland men han tackade nej till erbjudandet.<br \/>\nI C-bes\u00e4ttningen var Claes vaktchef och tillika v\u00e4xeltelefonist.<br \/>\nClaes fortsatte sedan sin karri\u00e4r som yrkespilot.<\/p>\n<p>Claes hade p\u00e5 H\u00f6gre allm\u00e4na l\u00e4roverket en klasskamrat vars far drev en skrotfirma i<br \/>\nDjuphamnen i V\u00e4ster\u00e5s. H\u00e4r skrotades bland annat ett antal waxholmsb\u00e5tar. En dag ber\u00e4ttade klasskamraten att flottans kanonb\u00e5t Svensksund h\u00f6ll p\u00e5<br \/>\natt skrotas. H\u00e4r n\u00e5gra ord fr\u00e5n Claes.<\/p>\n<p>\u201dVi gjorde ett bes\u00f6k ombord och s\u00e5g bland annat<br \/>\ngunrummet. Men det var reserverat eller lovat till Flottans m\u00e4n i<br \/>\nV\u00e4ster\u00e5s. Jag fick f\u00f6rutom kommoden ett antal ventiler en av dom var<br \/>\n\u00f6ppningsbar. Den sitter nu i ett sommarhus p\u00e5 svenska v\u00e4stkusten. En<br \/>\nfast ventil sitter d\u00e4r ocks\u00e5. En sitter i ett hus som jag byggde i G\u00f6teborg.\u201d<\/p>\n<div id=\"attachment_40909\" style=\"width: 274px\" class=\"wp-caption alignnone\"><img loading=\"lazy\" decoding=\"async\" aria-describedby=\"caption-attachment-40909\" class=\" wp-image-40909\" src=\"https:\/\/marinkamraterna.se\/vasteras\/wp-content\/uploads\/sites\/14\/2023\/10\/Foto-pa-Claes.jpg\" alt=\"\" width=\"264\" height=\"341\" \/><p id=\"caption-attachment-40909\" class=\"wp-caption-text\"><em>Claes Hallenqreutz<\/em><\/p><\/div>\n<p>Och h\u00e4r \u00e4r en liten kuriositet:<br \/>\nF\u00f6rkortningen \u201dHMS\u201d (Hans\/Hennes Majest\u00e4ts Skepp) b\u00f6rjade inte anv\u00e4ndas av svenska flottan f\u00f6rr\u00e4n efter 1950. Tidigare anv\u00e4ndes \u201dHM\u201d (Hans Majest\u00e4ts) f\u00f6ljt av fartygstyp och namn.<\/p>\n<p>Fotnot: Andr\u00e9es polarexpedition var ett f\u00f6rs\u00f6k lett av ingenj\u00f6ren Salomon August Andr\u00e9e att 1897 resa \u00f6ver Arktis med v\u00e4tgasballongen \u00d6rnen.<\/p>\n<p>Textk\u00e4lla Wikipedia<\/p>\n<p>&nbsp;<\/p>\n<p>&nbsp;<\/p>\n","protected":false},"excerpt":{"rendered":"<p>Kommod fr\u00e5n kanonb\u00e5ten HM Svensksund Svensksund, officiellt HM Kanonb\u00e5t Svensksund, var en kanonb\u00e5t i svenska Kungliga Flottan som sj\u00f6sattes den 30 september 1891. Fartyget medverkade i S A Andr\u00e9es polarexpedition \u00e5r 1897 som utgick fr\u00e5n Dansk\u00f6n, samt hemf\u00f6rde ocks\u00e5 stoftet efter de tre f\u00f6rolyckade uppt\u00e4cktsresandena fr\u00e5n Vit\u00f6n till Stockholm i oktober 1930. Svensksund, officiellt\u00a0HM Kanonb\u00e5t\u00a0Svensksund[a], [&hellip;]<\/p>\n","protected":false},"author":9,"featured_media":0,"parent":35531,"menu_order":0,"comment_status":"closed","ping_status":"closed","template":"","meta":{"_et_pb_use_builder":"","_et_pb_old_content":"","_et_gb_content_width":"","iawp_total_views":21,"footnotes":""},"class_list":["post-40906","page","type-page","status-publish","hentry"],"_links":{"self":[{"href":"https:\/\/marinkamraterna.se\/vasteras\/wp-json\/wp\/v2\/pages\/40906","targetHints":{"allow":["GET"]}}],"collection":[{"href":"https:\/\/marinkamraterna.se\/vasteras\/wp-json\/wp\/v2\/pages"}],"about":[{"href":"https:\/\/marinkamraterna.se\/vasteras\/wp-json\/wp\/v2\/types\/page"}],"author":[{"embeddable":true,"href":"https:\/\/marinkamraterna.se\/vasteras\/wp-json\/wp\/v2\/users\/9"}],"replies":[{"embeddable":true,"href":"https:\/\/marinkamraterna.se\/vasteras\/wp-json\/wp\/v2\/comments?post=40906"}],"version-history":[{"count":2,"href":"https:\/\/marinkamraterna.se\/vasteras\/wp-json\/wp\/v2\/pages\/40906\/revisions"}],"predecessor-version":[{"id":40913,"href":"https:\/\/marinkamraterna.se\/vasteras\/wp-json\/wp\/v2\/pages\/40906\/revisions\/40913"}],"up":[{"embeddable":true,"href":"https:\/\/marinkamraterna.se\/vasteras\/wp-json\/wp\/v2\/pages\/35531"}],"wp:attachment":[{"href":"https:\/\/marinkamraterna.se\/vasteras\/wp-json\/wp\/v2\/media?parent=40906"}],"curies":[{"name":"wp","href":"https:\/\/api.w.org\/{rel}","templated":true}]}}