{"id":33152,"date":"2021-10-07T17:41:01","date_gmt":"2021-10-07T15:41:01","guid":{"rendered":"https:\/\/wwps.se\/?page_id=33152"},"modified":"2026-01-26T18:47:49","modified_gmt":"2026-01-26T17:47:49","slug":"om-foreningen","status":"publish","type":"page","link":"https:\/\/marinkamraterna.se\/vaxjo\/om-foreningen\/","title":{"rendered":"Om f\u00f6reningen"},"content":{"rendered":"<p>[et_pb_section fb_built=&#8221;1&#8243; specialty=&#8221;on&#8221; padding_top_1=&#8221;45px&#8221; padding_top_2=&#8221;45px&#8221; padding_top_bottom_link_1=&#8221;false&#8221; padding_top_bottom_link_2=&#8221;false&#8221; padding_left_right_link_1=&#8221;false&#8221; padding_left_right_link_2=&#8221;false&#8221; _builder_version=&#8221;4.16&#8243; _module_preset=&#8221;default&#8221; custom_padding=&#8221;0px||||false|false&#8221; locked=&#8221;off&#8221; global_colors_info=&#8221;{}&#8221;][et_pb_column type=&#8221;3_4&#8243; specialty_columns=&#8221;3&#8243; _builder_version=&#8221;4.16&#8243; custom_padding=&#8221;|||&#8221; global_colors_info=&#8221;{}&#8221; custom_padding__hover=&#8221;|||&#8221;][et_pb_row_inner _builder_version=&#8221;4.16&#8243; _module_preset=&#8221;default&#8221; custom_padding=&#8221;0px||||false|false&#8221; global_colors_info=&#8221;{}&#8221;][et_pb_column_inner saved_specialty_column_type=&#8221;3_4&#8243; _builder_version=&#8221;4.16&#8243; _module_preset=&#8221;default&#8221; global_colors_info=&#8221;{}&#8221;][et_pb_post_title meta=&#8221;off&#8221; featured_image=&#8221;off&#8221; _builder_version=&#8221;4.16&#8243; _module_preset=&#8221;default&#8221; title_font_size=&#8221;35px&#8221; global_colors_info=&#8221;{}&#8221;][\/et_pb_post_title][et_pb_image src=&#8221;http:\/\/marinkamraterna.se\/vaxjo\/wp-content\/uploads\/sites\/29\/2021\/10\/Marinstugan-1.jpg&#8221; title_text=&#8221;Marinstugan 1&#8243; _builder_version=&#8221;4.16&#8243; _module_preset=&#8221;default&#8221; hover_enabled=&#8221;0&#8243; global_colors_info=&#8221;{}&#8221; sticky_enabled=&#8221;0&#8243;][\/et_pb_image][et_pb_text admin_label=&#8221;Text&#8221; _builder_version=&#8221;4.27.5&#8243; _module_preset=&#8221;default&#8221; hover_enabled=&#8221;0&#8243; global_colors_info=&#8221;{}&#8221; sticky_enabled=&#8221;0&#8243;]<\/p>\n<h2>Marinkamraterna i V\u00e4xj\u00f6<\/h2>\n<p><em>Den 1 december 2025 \u00e4ndrade Riksf\u00f6reningen Flottans M\u00e4n sitt namn till Marinkamraterna. Som en f\u00f6ljd av detta bytte \u00e4ven Flottans M\u00e4n i V\u00e4xj\u00f6 sitt namn till Marinkamraterna i V\u00e4xj\u00f6 p\u00e5 sitt \u00e5rsm\u00f6te den 18 januari 2026<\/em><\/p>\n<p>P\u00e5 h\u00f6sten 1947 annonserade grundarna till V\u00e4xj\u00f6f\u00f6reningen i stadens tre dagstidningar efter medlemmar till en f\u00f6rening med namnet Flottans M\u00e4n.<br \/>Flottans M\u00e4n i V\u00e4xj\u00f6 bildades officiellt den 6 oktober 1947 och det f\u00f6rsta sammantr\u00e4det h\u00f6lls samma dag d\u00e5 det bland annat togs beslut att f\u00f6reningen skulle ansluta sig till Riksf\u00f6reningen. Vidare besl\u00f6ts att tilltalsnamnet medlemmarna emellan skulle vara &#8221;Du&#8221;.<\/p>\n<p>Efter att haft sin verksamhet i olika lokaler runt om i V\u00e4xj\u00f6 kunde f\u00f6reningen flytta in i Marinstugan p\u00e5 Telestadsgatan i V\u00e4xj\u00f6 2001. Huset var tidigare maskinm\u00e4starbostad f\u00f6r V\u00e4xj\u00f6 stads d\u00e5varande avloppsreningsverk som l\u00e5g i Biskopshagen alldeles i n\u00e4rheten.<\/p>\n<p>Marinkamraterna best\u00e5r av 24 lokalf\u00f6reningar med ca 3 000 medlemmar. Av dem finns ca 60 i V\u00e4xj\u00f6f\u00f6reningen. Vi tr\u00e4ffas regelbundet f\u00f6rsta tisdagen i m\u00e5naden utom i juni och juli. Vi avnjuter en god fika. Vi drar en och annan skr\u00f6na f\u00f6r varandra och har det allm\u00e4nt trevligt. Vi b\u00f6rjar kl 18.00 och l\u00e4mnar n\u00e4r vi tycker det \u00e4r dags.<br \/>Vi har \u00e4ven andra former av tr\u00e4ffar d\u00e4r vi \u00e4ter lite god mat som v\u00e5ra klubbm\u00e4stare har tillrett och d\u00e4r vi har m\u00f6jlighet att ta med v\u00e5ra respektive och ha det lite festligt. Vi har \u00e4ven filmkv\u00e4llar och utflykter\/studiebes\u00f6k m.m. i v\u00e5rt program.<\/p>\n<p>[\/et_pb_text][\/et_pb_column_inner][\/et_pb_row_inner][et_pb_row_inner column_structure=&#8221;1_2,1_2&#8243; _builder_version=&#8221;4.16&#8243; _module_preset=&#8221;default&#8221; custom_padding=&#8221;0px||||false|false&#8221; global_colors_info=&#8221;{}&#8221;][et_pb_column_inner type=&#8221;1_2&#8243; saved_specialty_column_type=&#8221;3_4&#8243; _builder_version=&#8221;4.16&#8243; _module_preset=&#8221;default&#8221; global_colors_info=&#8221;{}&#8221;][et_pb_button button_url=&#8221;https:\/\/goo.gl\/maps\/KQbaPcjtLpNzBJ6E7&#8243; button_text=&#8221;Hitta till oss&#8221; _builder_version=&#8221;4.16&#8243; _module_preset=&#8221;default&#8221; global_colors_info=&#8221;{}&#8221;][\/et_pb_button][et_pb_divider _builder_version=&#8221;4.16&#8243; _module_preset=&#8221;default&#8221; global_colors_info=&#8221;{}&#8221;][\/et_pb_divider][et_pb_text _builder_version=&#8221;4.16&#8243; _module_preset=&#8221;default&#8221; global_colors_info=&#8221;{}&#8221;]<\/p>\n<p><em><\/em><\/p>\n<p><em><\/em><\/p>\n<p><em>Om du vill l\u00e4sa mer om f\u00f6reningens historia kan du g\u00f6ra det h\u00e4r.<\/em><\/p>\n<p>[\/et_pb_text][\/et_pb_column_inner][et_pb_column_inner type=&#8221;1_2&#8243; saved_specialty_column_type=&#8221;3_4&#8243; _builder_version=&#8221;4.16&#8243; _module_preset=&#8221;default&#8221; global_colors_info=&#8221;{}&#8221;][et_pb_text _builder_version=&#8221;4.16&#8243; _module_preset=&#8221;default&#8221; global_colors_info=&#8221;{}&#8221;]<\/p>\n<p>[\/et_pb_text][et_pb_text _builder_version=&#8221;4.16&#8243; _module_preset=&#8221;default&#8221; global_colors_info=&#8221;{}&#8221;]<\/p>\n<p>&nbsp;<\/p>\n<p>&nbsp;<\/p>\n<p>&nbsp;<\/p>\n<p>[\/et_pb_text][et_pb_button button_url=&#8221;https:\/\/marinkamraterna.se\/vaxjo\/wp-content\/uploads\/sites\/29\/2022\/01\/Flottans-man-i-Vaxjo-historia.pdf&#8221; button_text=&#8221;L\u00e4s mer&#8221; _builder_version=&#8221;4.16&#8243; _module_preset=&#8221;default&#8221; global_colors_info=&#8221;{}&#8221;][\/et_pb_button][\/et_pb_column_inner][\/et_pb_row_inner][et_pb_row_inner column_structure=&#8221;1_2,1_2&#8243; _builder_version=&#8221;4.16&#8243; _module_preset=&#8221;default&#8221; global_colors_info=&#8221;{}&#8221;][et_pb_column_inner type=&#8221;1_2&#8243; saved_specialty_column_type=&#8221;3_4&#8243; _builder_version=&#8221;4.16&#8243; _module_preset=&#8221;default&#8221; global_colors_info=&#8221;{}&#8221;][et_pb_text _builder_version=&#8221;4.16&#8243; _module_preset=&#8221;default&#8221; global_colors_info=&#8221;{}&#8221;]<\/p>\n<p>V\u00e4xj\u00f6f\u00f6reningens ordf\u00f6randeklubba och platta \u00e4r tillverkad av svartek fr\u00e5n 70-kanonersskeppet Sm\u00e5land som byggdes i Stockholm 1679. Det deltog i slaget mot Danmark vid M\u00f8n 1710 och vid Femarn 1715. Skeppet s\u00e4nktes i nuvarande \u00f6rlogshamnen i Karlskrona 1730. Virket b\u00e4rgades 1916 i samband med uppr\u00f6jning i hamnen. Klubban och plattan \u00e4r tillverkade av f.d. mariningenj\u00f6ren Kurt Bj\u00f6rnb\u00e4ck, Karlskrona.<\/p>\n<p>[\/et_pb_text][et_pb_button _builder_version=&#8221;4.16&#8243; _module_preset=&#8221;default&#8221; global_colors_info=&#8221;{}&#8221;][\/et_pb_button][\/et_pb_column_inner][et_pb_column_inner type=&#8221;1_2&#8243; saved_specialty_column_type=&#8221;3_4&#8243; _builder_version=&#8221;4.16&#8243; _module_preset=&#8221;default&#8221; global_colors_info=&#8221;{}&#8221;][et_pb_text _builder_version=&#8221;4.16&#8243; _module_preset=&#8221;default&#8221; global_colors_info=&#8221;{}&#8221;][\/et_pb_text][et_pb_image src=&#8221;https:\/\/marinkamraterna.se\/vaxjo\/wp-content\/uploads\/sites\/29\/2021\/09\/Ordforandeklubba-FM.jpg&#8221; title_text=&#8221;Ordf\u00f6randeklubba FM&#8221; _builder_version=&#8221;4.16&#8243; _module_preset=&#8221;default&#8221; global_colors_info=&#8221;{}&#8221;][\/et_pb_image][\/et_pb_column_inner][\/et_pb_row_inner][et_pb_row_inner column_structure=&#8221;1_2,1_2&#8243; _builder_version=&#8221;4.16&#8243; _module_preset=&#8221;default&#8221; global_colors_info=&#8221;{}&#8221;][et_pb_column_inner type=&#8221;1_2&#8243; saved_specialty_column_type=&#8221;3_4&#8243; _builder_version=&#8221;4.16&#8243; _module_preset=&#8221;default&#8221; global_colors_info=&#8221;{}&#8221;][et_pb_text _builder_version=&#8221;4.27.5&#8243; _module_preset=&#8221;default&#8221; global_colors_info=&#8221;{}&#8221;]<\/p>\n<p><em>De som varit ordf\u00f6rande i Flottans M\u00e4n V\u00e4xj\u00f6avdelning sedan starten 1947<\/em><\/p>\n<p>1947-1955 \u00a0\u00a0\u00a0\u00a0 Henning Hellvi<br \/>1956-1979 \u00a0\u00a0\u00a0\u00a0 Eric Pennhag<br \/>1980-1981 \u00a0\u00a0\u00a0\u00a0 Alf Stenstr\u00f6m<br \/>1982-1985 \u00a0\u00a0\u00a0\u00a0 Stig Nilsson<br \/>1986-2000 \u00a0\u00a0\u00a0\u00a0 Nils-\u00c5ke Bergman<br \/>2001-2006 \u00a0\u00a0\u00a0\u00a0 Bengt Fransson<br \/>2007-2011 \u00a0\u00a0\u00a0\u00a0 Lennart Salomonsson<br \/>2012-2022\u00a0 \u00a0 \u00a0 Sten Svensson<br \/>2023-2025\u00a0 \u00a0 \u00a0 Ove Engkvist<\/p>\n<p><em>De som varit ordf\u00f6rande i Marinkamraternas V\u00e4xj\u00f6avdelning sedan 2026<\/em><\/p>\n<p>2026-\u00a0 \u00a0 \u00a0 \u00a0 \u00a0 \u00a0 \u00a0 \u00a0Ove Engkvist<\/p>\n<p>[\/et_pb_text][\/et_pb_column_inner][et_pb_column_inner type=&#8221;1_2&#8243; saved_specialty_column_type=&#8221;3_4&#8243; _builder_version=&#8221;4.16&#8243; _module_preset=&#8221;default&#8221; global_colors_info=&#8221;{}&#8221;][et_pb_image src=&#8221;https:\/\/marinkamraterna.se\/vaxjo\/wp-content\/uploads\/sites\/29\/2023\/01\/P1280208.jpg&#8221; title_text=&#8221;\u00c5rsm\u00f6te 2023&#8243; _builder_version=&#8221;4.19.5&#8243; _module_preset=&#8221;default&#8221; global_colors_info=&#8221;{}&#8221;][\/et_pb_image][et_pb_text _builder_version=&#8221;4.19.5&#8243; _module_preset=&#8221;default&#8221; global_colors_info=&#8221;{}&#8221;]<\/p>\n<p>V. ordf. Leif Carlsson \u00f6verl\u00e4mnar klubban till nyvalde ordf\u00f6randen Ove Engkvist<\/p>\n<p>[\/et_pb_text][\/et_pb_column_inner][\/et_pb_row_inner][\/et_pb_column][et_pb_column type=&#8221;1_4&#8243; _builder_version=&#8221;4.16&#8243; custom_padding=&#8221;|||&#8221; global_colors_info=&#8221;{}&#8221; custom_padding__hover=&#8221;|||&#8221;][et_pb_sidebar orientation=&#8221;right&#8221; area=&#8221;et_pb_widget_area_5&#8243; module_class=&#8221;right-menues&#8221; _builder_version=&#8221;4.9.11&#8243; _module_preset=&#8221;default&#8221; custom_margin=&#8221;||0px||false|false&#8221; global_module=&#8221;35107&#8243; saved_tabs=&#8221;all&#8221; locked=&#8221;on&#8221; global_colors_info=&#8221;{}&#8221;][\/et_pb_sidebar][et_pb_sidebar orientation=&#8221;right&#8221; admin_label=&#8221;Sidof\u00e4lt&#8221; _builder_version=&#8221;4.9.4&#8243; _module_preset=&#8221;default&#8221; header_font=&#8221;|600||on|||||&#8221; header_font_size=&#8221;20px&#8221; global_module=&#8221;33531&#8243; saved_tabs=&#8221;all&#8221; locked=&#8221;on&#8221; global_colors_info=&#8221;{}&#8221;][\/et_pb_sidebar][\/et_pb_column][\/et_pb_section]<\/p>\n","protected":false},"excerpt":{"rendered":"<p>Marinkamraterna i V\u00e4xj\u00f6 Den 1 december 2025 \u00e4ndrade Riksf\u00f6reningen Flottans M\u00e4n sitt namn till Marinkamraterna. Som en f\u00f6ljd av detta bytte \u00e4ven Flottans M\u00e4n i V\u00e4xj\u00f6 sitt namn till Marinkamraterna i V\u00e4xj\u00f6 p\u00e5 sitt \u00e5rsm\u00f6te den 18 januari 2026 P\u00e5 h\u00f6sten 1947 annonserade grundarna till V\u00e4xj\u00f6f\u00f6reningen i stadens tre dagstidningar efter medlemmar till en f\u00f6rening [&hellip;]<\/p>\n","protected":false},"author":1,"featured_media":0,"parent":0,"menu_order":2,"comment_status":"closed","ping_status":"closed","template":"","meta":{"_et_pb_use_builder":"on","_et_pb_old_content":"","_et_gb_content_width":"","_lmt_disableupdate":"no","_lmt_disable":"","iawp_total_views":466,"footnotes":""},"class_list":["post-33152","page","type-page","status-publish","hentry"],"_links":{"self":[{"href":"https:\/\/marinkamraterna.se\/vaxjo\/wp-json\/wp\/v2\/pages\/33152","targetHints":{"allow":["GET"]}}],"collection":[{"href":"https:\/\/marinkamraterna.se\/vaxjo\/wp-json\/wp\/v2\/pages"}],"about":[{"href":"https:\/\/marinkamraterna.se\/vaxjo\/wp-json\/wp\/v2\/types\/page"}],"author":[{"embeddable":true,"href":"https:\/\/marinkamraterna.se\/vaxjo\/wp-json\/wp\/v2\/users\/1"}],"replies":[{"embeddable":true,"href":"https:\/\/marinkamraterna.se\/vaxjo\/wp-json\/wp\/v2\/comments?post=33152"}],"version-history":[{"count":32,"href":"https:\/\/marinkamraterna.se\/vaxjo\/wp-json\/wp\/v2\/pages\/33152\/revisions"}],"predecessor-version":[{"id":40768,"href":"https:\/\/marinkamraterna.se\/vaxjo\/wp-json\/wp\/v2\/pages\/33152\/revisions\/40768"}],"wp:attachment":[{"href":"https:\/\/marinkamraterna.se\/vaxjo\/wp-json\/wp\/v2\/media?parent=33152"}],"curies":[{"name":"wp","href":"https:\/\/api.w.org\/{rel}","templated":true}]}}