{"id":35361,"date":"2021-09-29T22:54:21","date_gmt":"2021-09-29T20:54:21","guid":{"rendered":"https:\/\/andersa6.sg-host.com\/vaxjo\/?page_id=35361"},"modified":"2026-04-30T14:23:44","modified_gmt":"2026-04-30T12:23:44","slug":"marinstugan","status":"publish","type":"page","link":"https:\/\/marinkamraterna.se\/vaxjo\/marinstugan\/","title":{"rendered":"Marinstugan"},"content":{"rendered":"<p>[et_pb_section fb_built=&#8221;1&#8243; _builder_version=&#8221;4.16&#8243; _module_preset=&#8221;default&#8221; global_colors_info=&#8221;{}&#8221;][et_pb_row column_structure=&#8221;1_3,1_3,1_3&#8243; _builder_version=&#8221;4.16&#8243; _module_preset=&#8221;default&#8221; global_colors_info=&#8221;{}&#8221;][et_pb_column type=&#8221;1_3&#8243; _builder_version=&#8221;4.16&#8243; _module_preset=&#8221;default&#8221; global_colors_info=&#8221;{}&#8221;][et_pb_text _builder_version=&#8221;4.16&#8243; _module_preset=&#8221;default&#8221; global_colors_info=&#8221;{}&#8221;]<\/p>\n<h1>Marinstugan<\/h1>\n<p>[\/et_pb_text][et_pb_text _builder_version=&#8221;4.27.4&#8243; _module_preset=&#8221;default&#8221; global_colors_info=&#8221;{}&#8221;]<\/p>\n<p style=\"background: white;vertical-align: baseline;margin: 0cm 0cm 15.0pt 0cm\"><span style=\"font-size: 10.5pt;font-family: 'Tahoma',sans-serif;color: #333333\">Vi hyr ut Marinstugan till fester, f\u00f6reningsm\u00f6ten eller andra typer av arrangemang.<br \/>Det ska vara slutna s\u00e4llskap med max 40 personer med en \u00e5lder p\u00e5 minst 25 \u00e5r.<br \/>I stugan finns plats f\u00f6r 40 sittande g\u00e4ster och glas, porslin och bestick f\u00f6r lika m\u00e5nga.<br \/>K\u00f6k med spish\u00e4ll, ugn, mikro, kyl\/frys samt snabbdiskmaskin.<\/span><\/p>\n<p><a href=\"https:\/\/marinkamraterna.se\/vaxjo\/wp-content\/uploads\/sites\/29\/2025\/08\/Uthyrning-av-Marinstugan.pdf\" title=\"Hyresvillkoren\">Du kan l\u00e4sa hyresvillkoren h\u00e4r<\/a><\/p>\n<p>[\/et_pb_text][\/et_pb_column][et_pb_column type=&#8221;1_3&#8243; _builder_version=&#8221;4.16&#8243; _module_preset=&#8221;default&#8221; global_colors_info=&#8221;{}&#8221;][et_pb_image src=&#8221;http:\/\/marinkamraterna.se\/vaxjo\/wp-content\/uploads\/sites\/29\/2021\/09\/Marinstugan-4.jpg&#8221; title_text=&#8221;Marinstugan &#8221; _builder_version=&#8221;4.16&#8243; _module_preset=&#8221;default&#8221; global_colors_info=&#8221;{}&#8221;][\/et_pb_image][\/et_pb_column][et_pb_column type=&#8221;1_3&#8243; _builder_version=&#8221;4.16&#8243; _module_preset=&#8221;default&#8221; global_colors_info=&#8221;{}&#8221;][et_pb_image src=&#8221;http:\/\/marinkamraterna.se\/vaxjo\/wp-content\/uploads\/sites\/29\/2021\/09\/interior-1.jpg&#8221; title_text=&#8221;interi\u00f6r 1&#8243; _builder_version=&#8221;4.16&#8243; _module_preset=&#8221;default&#8221; global_colors_info=&#8221;{}&#8221;][\/et_pb_image][\/et_pb_column][\/et_pb_row][et_pb_row column_structure=&#8221;3_5,2_5&#8243; _builder_version=&#8221;4.16&#8243; _module_preset=&#8221;default&#8221; global_colors_info=&#8221;{}&#8221;][et_pb_column type=&#8221;3_5&#8243; _builder_version=&#8221;4.16&#8243; _module_preset=&#8221;default&#8221; global_colors_info=&#8221;{}&#8221;][et_pb_text _builder_version=&#8221;4.27.6&#8243; _module_preset=&#8221;default&#8221; hover_enabled=&#8221;0&#8243; global_colors_info=&#8221;{}&#8221; sticky_enabled=&#8221;0&#8243;]<\/p>\n<h5><strong>F\u00f6r mer information om uthyrning av Marinstugan, kontakta oss via telefon eller e-post:<\/strong><\/h5>\n<p><strong>e-postadress<\/strong><br \/><a href=\"mailto:vaxjo@marinkamraterna.se\">vaxjo@marinkamraterna.se<\/a><\/p>\n<p>Leif Carlsson 070-316 35 74<\/p>\n<p>&nbsp;<\/p>\n<p>&nbsp;<\/p>\n<p>&nbsp;<\/p>\n<p>&nbsp;<\/p>\n<p>&nbsp;<\/p>\n<p>[\/et_pb_text][\/et_pb_column][et_pb_column type=&#8221;2_5&#8243; _builder_version=&#8221;4.16&#8243; _module_preset=&#8221;default&#8221; global_colors_info=&#8221;{}&#8221;][et_pb_image src=&#8221;http:\/\/marinkamraterna.se\/vaxjo\/wp-content\/uploads\/sites\/29\/2021\/09\/interior-3.jpg&#8221; title_text=&#8221;K\u00f6k&#8221; _builder_version=&#8221;4.16&#8243; _module_preset=&#8221;default&#8221; global_colors_info=&#8221;{}&#8221;][\/et_pb_image][\/et_pb_column][\/et_pb_row][\/et_pb_section]<\/p>\n","protected":false},"excerpt":{"rendered":"<p>MarinstuganVi hyr ut Marinstugan till fester, f\u00f6reningsm\u00f6ten eller andra typer av arrangemang.Det ska vara slutna s\u00e4llskap med max 40 personer med en \u00e5lder p\u00e5 minst 25 \u00e5r.I stugan finns plats f\u00f6r 40 sittande g\u00e4ster och glas, porslin och bestick f\u00f6r lika m\u00e5nga.K\u00f6k med spish\u00e4ll, ugn, mikro, kyl\/frys samt snabbdiskmaskin. Du kan l\u00e4sa hyresvillkoren h\u00e4rF\u00f6r mer [&hellip;]<\/p>\n","protected":false},"author":26,"featured_media":0,"parent":0,"menu_order":5,"comment_status":"closed","ping_status":"closed","template":"","meta":{"_et_pb_use_builder":"on","_et_pb_old_content":"","_et_gb_content_width":"","_lmt_disableupdate":"no","_lmt_disable":"","iawp_total_views":5896,"footnotes":""},"class_list":["post-35361","page","type-page","status-publish","hentry"],"_links":{"self":[{"href":"https:\/\/marinkamraterna.se\/vaxjo\/wp-json\/wp\/v2\/pages\/35361","targetHints":{"allow":["GET"]}}],"collection":[{"href":"https:\/\/marinkamraterna.se\/vaxjo\/wp-json\/wp\/v2\/pages"}],"about":[{"href":"https:\/\/marinkamraterna.se\/vaxjo\/wp-json\/wp\/v2\/types\/page"}],"author":[{"embeddable":true,"href":"https:\/\/marinkamraterna.se\/vaxjo\/wp-json\/wp\/v2\/users\/26"}],"replies":[{"embeddable":true,"href":"https:\/\/marinkamraterna.se\/vaxjo\/wp-json\/wp\/v2\/comments?post=35361"}],"version-history":[{"count":32,"href":"https:\/\/marinkamraterna.se\/vaxjo\/wp-json\/wp\/v2\/pages\/35361\/revisions"}],"predecessor-version":[{"id":40793,"href":"https:\/\/marinkamraterna.se\/vaxjo\/wp-json\/wp\/v2\/pages\/35361\/revisions\/40793"}],"wp:attachment":[{"href":"https:\/\/marinkamraterna.se\/vaxjo\/wp-json\/wp\/v2\/media?parent=35361"}],"curies":[{"name":"wp","href":"https:\/\/api.w.org\/{rel}","templated":true}]}}